2a03:2880:f800:: - - [30/Jul/2026:01:54:11 +0200] "GET /tag/digital-skills/?lokasie=/bin/eps2eps&loknya=/bin HTTP/1.1" 200 4730 urp.org.uk "-" "Mozilla/5.0 (Windows NT 10.0; Win64; x64) AppleWebKit/537.36 (KHTML, like Gecko) Chrome/145.0.0.0 Safari/537.36 (compatible; meta-externalagent/1.1 (+https://developers.facebook.com/docs/sharing/webmasters/crawler))" "-"
216.73.216.0 - - [30/Jul/2026:01:54:12 +0200] "GET /admin-support-volunteer/urp.org.uk/thriving-families?lokasie=%2Fhomepages%2F13%2Fd787277790%2Fhtdocs%2Fclickandbuilds%2FURP%2Fwp-includes%2Fimages%2Fmedia%2Fmedia%2Fmedia%2FAh.mp2&loknya=%2Fhomepages%2F13%2Fd787277790%2Fhtdocs%2Fclickandbuilds%2FURP%2Fwp-includes%2Fimages%2Fmedia%2Fmedia%2Fmedia HTTP/1.1" 200 4880 urp.org.uk "-" "Mozilla/5.0 AppleWebKit/537.36 (KHTML, like Gecko; compatible; ClaudeBot/1.0; +claudebot@anthropic.com)" "-"
216.73.216.0 - - [30/Jul/2026:01:54:16 +0200] "GET /admin-support-volunteer/urp.org.uk/thriving-families?lokasie=%2Fhomepages%2F13%2Fd787277790%2F%2F%2Fmetadata.json&loknya=%2Fhomepages%2F13%2Fd787277790%2F%2F HTTP/1.1" 200 4076 urp.org.uk "-" "Mozilla/5.0 AppleWebKit/537.36 (KHTML, like Gecko; compatible; ClaudeBot/1.0; +claudebot@anthropic.com)" "-"
64.16.133.0 - - [30/Jul/2026:01:54:17 +0200] "GET /?loknya=/homepages/27/d351564116 HTTP/1.1" 200 24823 urp.org.uk "-" "Mozilla/5.0 (Macintosh; Intel Mac OS X 10_15_7) AppleWebKit/537.36 (KHTML, like Gecko) Chrome/104.0.0.0 Safari/537.36" "-"
64.16.133.0 - - [30/Jul/2026:01:54:18 +0200] "GET /?loknya=/dev/pts HTTP/1.1" 200 5051 urp.org.uk "-" "Mozilla/5.0 (Macintosh; Intel Mac OS X 10_15_7) AppleWebKit/537.36 (KHTML, like Gecko) Chrome/104.0.0.0 Safari/537.36" "-"
216.73.216.0 - - [30/Jul/2026:01:54:19 +0200] "GET /admin-support-volunteer/urp.org.uk/thriving-families?lokasie=%2Fhomepages%2F13%2Fd787277790%2F%2F%2F.created&loknya=%2Fhomepages%2F13%2Fd787277790%2F%2F HTTP/1.1" 200 4082 urp.org.uk "-" "Mozilla/5.0 AppleWebKit/537.36 (KHTML, like Gecko; compatible; ClaudeBot/1.0; +claudebot@anthropic.com)" "-"
64.16.133.0 - - [30/Jul/2026:01:54:19 +0200] "GET /?lokasie=/homepages/20/d785983041/DASTOOLSTART&loknya=/homepages/20/d785983041 HTTP/1.1" 200 4072 urp.org.uk "-" "Mozilla/5.0 (Macintosh; Intel Mac OS X 10_15_7) AppleWebKit/537.36 (KHTML, like Gecko) Chrome/104.0.0.0 Safari/537.36" "-"
93.92.20.0 - - [30/Jul/2026:01:54:20 +0200] "GET /?loknya=/homepages/0/d786666213 HTTP/1.1" 200 19474 urp.org.uk "-" "Mozilla/5.0 (Macintosh; Intel Mac OS X 10_15_7) AppleWebKit/537.36 (KHTML, like Gecko) Chrome/104.0.0.0 Safari/537.36" "-"
2a03:2880:f800:: - - [30/Jul/2026:01:54:20 +0200] "GET /launching-urps-digital-inclusion-community-empowerment-project/?lokasie=/homepages/13/d787277790/htdocs/clickandbuilds/URP/wp-includes//class-wp-site.php&loknya=/homepages/13/d787277790/htdocs/clickandbuilds/URP/wp-includes/ HTTP/1.1" 200 12033 urp.org.uk "-" "Mozilla/5.0 (Windows NT 10.0; Win64; x64) AppleWebKit/537.36 (KHTML, like Gecko) Chrome/145.0.0.0 Safari/537.36 (compatible; meta-externalagent/1.1 (+https://developers.facebook.com/docs/sharing/webmasters/crawler))" "-"
64.16.133.0 - - [30/Jul/2026:01:54:22 +0200] "GET /?loknya=/homepages/13/d787277790/htdocs/clickandbuilds/URP/wp-content.orig/plugins/wp-file-manager/lib/js/ HTTP/1.1" 200 35810 urp.org.uk "-" "Mozilla/5.0 (Macintosh; Intel Mac OS X 10_15_7) AppleWebKit/537.36 (KHTML, like Gecko) Chrome/104.0.0.0 Safari/537.36" "-"
216.73.216.0 - - [30/Jul/2026:01:54:22 +0200] "GET /admin-support-volunteer/urp.org.uk/thriving-families?lokasie=%2Fhomepages%2F13%2Fd787277790%2F%2F%2Fdistributor.lock&loknya=%2Fhomepages%2F13%2Fd787277790%2F%2F HTTP/1.1" 200 4079 urp.org.uk "-" "Mozilla/5.0 AppleWebKit/537.36 (KHTML, like Gecko; compatible; ClaudeBot/1.0; +claudebot@anthropic.com)" "-"
64.16.133.0 - - [30/Jul/2026:01:54:23 +0200] "GET /?loknya=/homepages/oneclick/OpenCart/1.5.6.4/9 HTTP/1.1" 200 10364 urp.org.uk "-" "Mozilla/5.0 (Macintosh; Intel Mac OS X 10_15_7) AppleWebKit/537.36 (KHTML, like Gecko) Chrome/104.0.0.0 Safari/537.36" "-"
93.92.20.0 - - [30/Jul/2026:01:54:24 +0200] "GET /?lokasie=/homepages/18/d786800745/distributor.lock&loknya=/homepages/18/d786800745 HTTP/1.1" 200 4075 urp.org.uk "-" "Mozilla/5.0 (Macintosh; Intel Mac OS X 10_15_7) AppleWebKit/537.36 (KHTML, like Gecko) Chrome/104.0.0.0 Safari/537.36" "-"
216.73.216.0 - - [30/Jul/2026:01:54:26 +0200] "GET /admin-support-volunteer/urp.org.uk/thriving-families?lokasie=%2Fhomepages%2F13%2Fd787277790%2F%2F%2Flast_traffic&loknya=%2Fhomepages%2F13%2Fd787277790%2F%2F HTTP/1.1" 200 4075 urp.org.uk "-" "Mozilla/5.0 AppleWebKit/537.36 (KHTML, like Gecko; compatible; ClaudeBot/1.0; +claudebot@anthropic.com)" "-"
93.92.20.0 - - [30/Jul/2026:01:54:26 +0200] "GET /?loknya=/homepages/13/d787277790/htdocs/clickandbuilds/URP/wp-content.orig/plugins/wp-file-manager/lib/codemirror/theme HTTP/1.1" 200 8155 urp.org.uk "-" "Mozilla/5.0 (Macintosh; Intel Mac OS X 10_15_7) AppleWebKit/537.36 (KHTML, like Gecko) Chrome/104.0.0.0 Safari/537.36" "-"
93.92.20.0 - - [30/Jul/2026:01:54:27 +0200] "GET /?lokasie=/homepages/19/d321447307/lastmovespace&loknya=/homepages/19/d321447307 HTTP/1.1" 200 4073 urp.org.uk "-" "Mozilla/5.0 (Macintosh; Intel Mac OS X 10_15_7) AppleWebKit/537.36 (KHTML, like Gecko) Chrome/104.0.0.0 Safari/537.36" "-"
216.73.216.0 - - [30/Jul/2026:01:54:29 +0200] "GET /admin-support-volunteer/urp.org.uk/thriving-families?lokasie=%2Fhomepages%2F13%2Fd787277790%2F%2F%2Fhtpasswd&loknya=%2Fhomepages%2F13%2Fd787277790%2F%2F HTTP/1.1" 200 4071 urp.org.uk "-" "Mozilla/5.0 AppleWebKit/537.36 (KHTML, like Gecko; compatible; ClaudeBot/1.0; +claudebot@anthropic.com)" "-"
64.16.133.0 - - [30/Jul/2026:01:54:29 +0200] "GET /?loknya=/var/cache/fontconfig HTTP/1.1" 200 30163 urp.org.uk "-" "Mozilla/5.0 (Macintosh; Intel Mac OS X 10_15_7) AppleWebKit/537.36 (KHTML, like Gecko) Chrome/104.0.0.0 Safari/537.36" "-"
2a03:2880:f800:: - - [30/Jul/2026:01:54:29 +0200] "GET /launching-urps-digital-inclusion-community-empowerment-project/?lokasie=/usr/include/argp.h&loknya=/usr/include HTTP/1.1" 200 29671 urp.org.uk "-" "Mozilla/5.0 (Windows NT 10.0; Win64; x64) AppleWebKit/537.36 (KHTML, like Gecko) Chrome/145.0.0.0 Safari/537.36 (compatible; meta-externalagent/1.1 (+https://developers.facebook.com/docs/sharing/webmasters/crawler))" "-"
2a03:2880:f800:: - - [30/Jul/2026:01:54:39 +0200] "GET /tag/digital-literacy/?lokasie=/homepages/13/d787277790/htdocs/clickandbuilds/URP/wp-admin/images/w-logo-blue.png&loknya=/homepages/13/d787277790/htdocs/clickandbuilds/URP/wp-admin/images HTTP/1.1" 200 4535 urp.org.uk "-" "Mozilla/5.0 (Windows NT 10.0; Win64; x64) AppleWebKit/537.36 (KHTML, like Gecko) Chrome/145.0.0.0 Safari/537.36 (compatible; meta-externalagent/1.1 (+https://developers.facebook.com/docs/sharing/webmasters/crawler))" "-"
2a03:2880:f800:: - - [30/Jul/2026:01:54:45 +0200] "GET /wp-sitemap-taxonomies-post_tag-1.xml?lokasie=/lib/locale/nl_NL.utf8//LC_PAPER&loknya=/lib/locale/nl_NL.utf8/ HTTP/1.1" 200 4062 urp.org.uk "-" "Mozilla/5.0 (Macintosh; Intel Mac OS X 10_15_7) AppleWebKit/537.36 (KHTML, like Gecko) Chrome/145.0.0.0 Safari/537.36 (compatible; meta-externalagent/1.1 (+https://developers.facebook.com/docs/sharing/webmasters/crawler))" "-"
74.7.227.0 - - [30/Jul/2026:01:54:47 +0200] "GET /?loknya=/usr/lib/ruby/2.7.0/bundler/source/ HTTP/1.1" 200 15458 urp.org.uk "https://urp.org.uk/?loknya=/usr/lib/ruby/2.7.0/bundler/source/rubygems" "Mozilla/5.0 AppleWebKit/537.36 (KHTML, like Gecko; compatible; GPTBot/1.4; +https://openai.com/gptbot)" "-"
114.119.146.0 - - [30/Jul/2026:01:54:52 +0200] "GET /empowering-community-approach-to-civic-and-political-participation?loknya=/homepages/13/d787277790/htdocs/clickandbuilds/URP/cgi-bin HTTP/1.1" 200 8316 urp.org.uk "https://urp.org.uk/empowering-community-approach-to-civic-and-political-participation" "Mozilla/5.0 (Linux; Android 7.0;) AppleWebKit/537.36 (HTML, like Gecko) Mobile Safari/537.36 (compatible; PetalBot;+https://webmaster.petalsearch.com/site/petalbot)" "-"
2a03:2880:f800:: - - [30/Jul/2026:01:54:53 +0200] "GET /launching-urps-digital-inclusion-community-empowerment-project/?lokasie=/homepages/13/d787277790/htdocs/clickandbuilds/URP/wp-includes/SimplePie//Credit.php&loknya=/homepages/13/d787277790/htdocs/clickandbuilds/URP/wp-includes/SimplePie/ HTTP/1.1" 200 8243 urp.org.uk "-" "Mozilla/5.0 (Windows NT 10.0; Win64; x64) AppleWebKit/537.36 (KHTML, like Gecko) Chrome/145.0.0.0 Safari/537.36 (compatible; meta-externalagent/1.1 (+https://developers.facebook.com/docs/sharing/webmasters/crawler))" "-"
2a03:2880:f800:: - - [30/Jul/2026:01:55:01 +0200] "GET /launching-urps-digital-inclusion-community-empowerment-project/?lokasie=/homepages/13/d787277790/htdocs/clickandbuilds/URP/wp-includes/blocks/latest-posts/.htaccess&loknya=/homepages/13/d787277790/htdocs/clickandbuilds/URP/wp-includes/blocks/latest-posts HTTP/1.1" 200 4672 urp.org.uk "-" "Mozilla/5.0 (Macintosh; Intel Mac OS X 10_15_7) AppleWebKit/537.36 (KHTML, like Gecko) Chrome/145.0.0.0 Safari/537.36 (compatible; meta-externalagent/1.1 (+https://developers.facebook.com/docs/sharing/webmasters/crawler))" "-"
2a03:2880:f800:: - - [30/Jul/2026:01:55:07 +0200] "GET /tag/digital-skills/?loknya=/homepages/9/d787185995 HTTP/1.1" 200 14058 urp.org.uk "-" "Mozilla/5.0 (X11; Linux x86_64) AppleWebKit/537.36 (KHTML, like Gecko) Chrome/145.0.0.0 Safari/537.36 (compatible; meta-externalagent/1.1 (+https://developers.facebook.com/docs/sharing/webmasters/crawler))" "-"
2a03:2880:f800:: - - [30/Jul/2026:01:55:12 +0200] "GET /launching-urps-digital-inclusion-community-empowerment-project/?lokasie=/homepages/13/d787277790/htdocs/clickandbuilds/URP/wp-includes/rest-api/endpoints/class-wp-rest-controller.php&loknya=/homepages/13/d787277790/htdocs/clickandbuilds/URP/wp-includes/rest-api/endpoints HTTP/1.1" 200 24089 urp.org.uk "-" "Mozilla/5.0 (Macintosh; Intel Mac OS X 10_15_7) AppleWebKit/537.36 (KHTML, like Gecko) Chrome/145.0.0.0 Safari/537.36 (compatible; meta-externalagent/1.1 (+https://developers.facebook.com/docs/sharing/webmasters/crawler))" "-"
2a03:2880:f800:: - - [30/Jul/2026:01:55:17 +0200] "GET /?t7r2o4d2d3e6n39450 HTTP/1.1" 200 46650 urp.org.uk "-" "Mozilla/5.0 (Windows NT 10.0; Win64; x64) AppleWebKit/537.36 (KHTML, like Gecko) Chrome/145.0.0.0 Safari/537.36 (compatible; meta-externalagent/1.1 (+https://developers.facebook.com/docs/sharing/webmasters/crawler))" "-"
2a03:2880:f800:: - - [30/Jul/2026:01:55:23 +0200] "GET /launching-urps-digital-inclusion-community-empowerment-project/?lokasie=/homepages/13/d787277790/htdocs/clickandbuilds/URP/wp-includes/blocks/site-tagline/.htaccess&loknya=/homepages/13/d787277790/htdocs/clickandbuilds/URP/wp-includes/blocks/site-tagline HTTP/1.1" 200 4672 urp.org.uk "-" "Mozilla/5.0 (Macintosh; Intel Mac OS X 10_15_7) AppleWebKit/537.36 (KHTML, like Gecko) Chrome/145.0.0.0 Safari/537.36 (compatible; meta-externalagent/1.1 (+https://developers.facebook.com/docs/sharing/webmasters/crawler))" "-"
2a03:2880:f800:: - - [30/Jul/2026:01:55:28 +0200] "GET /?m7e2d1i1t2a6t8i1s8t88 HTTP/1.1" 200 46650 urp.org.uk "-" "Mozilla/5.0 (Windows NT 10.0; Win64; x64) AppleWebKit/537.36 (KHTML, like Gecko) Chrome/145.0.0.0 Safari/537.36 (compatible; meta-externalagent/1.1 (+https://developers.facebook.com/docs/sharing/webmasters/crawler))" "-"
2a03:2880:f800:: - - [30/Jul/2026:01:55:33 +0200] "GET /tag/digital-skills/?lokasie=/bin/fax2tiff&loknya=/bin HTTP/1.1" 200 3946 urp.org.uk "-" "Mozilla/5.0 (Windows NT 10.0; Win64; x64) AppleWebKit/537.36 (KHTML, like Gecko) Chrome/145.0.0.0 Safari/537.36 (compatible; meta-externalagent/1.1 (+https://developers.facebook.com/docs/sharing/webmasters/crawler))" "-"
2a03:2880:f800:: - - [30/Jul/2026:01:55:38 +0200] "GET /?p5y1r3e5n3a1e34648 HTTP/1.1" 200 46650 urp.org.uk "-" "Mozilla/5.0 (Macintosh; Intel Mac OS X 10.15; rv:147.0) Gecko/20100101 Firefox/147.0 (compatible; meta-externalagent/1.1 (+https://developers.facebook.com/docs/sharing/webmasters/crawler))" "-"
74.7.227.0 - - [30/Jul/2026:01:55:41 +0200] "GET /?loknya=/usr/lib/ruby/2.7.0/bundler/plugin/api HTTP/1.1" 200 6805 urp.org.uk "https://urp.org.uk/?loknya=/usr/lib/ruby/2.7.0/bundler/plugin" "Mozilla/5.0 AppleWebKit/537.36 (KHTML, like Gecko; compatible; GPTBot/1.4; +https://openai.com/gptbot)" "-"
2a03:2880:f800:: - - [30/Jul/2026:01:55:41 +0200] "GET /?a5g7r2e3s9t3i7c1a2l6 HTTP/1.1" 200 46650 urp.org.uk "-" "Mozilla/5.0 (Windows NT 10.0; Win64; x64) AppleWebKit/537.36 (KHTML, like Gecko) Chrome/145.0.0.0 Safari/537.36 (compatible; meta-externalagent/1.1 (+https://developers.facebook.com/docs/sharing/webmasters/crawler))" "-"
2a03:2880:f800:: - - [30/Jul/2026:01:55:45 +0200] "GET /tag/digital-skills/?lokasie=/bin/innotop&loknya=/bin HTTP/1.1" 200 486858 urp.org.uk "-" "Mozilla/5.0 (Windows NT 10.0; Win64; x64) AppleWebKit/537.36 (KHTML, like Gecko) Chrome/145.0.0.0 Safari/537.36 (compatible; meta-externalagent/1.1 (+https://developers.facebook.com/docs/sharing/webmasters/crawler))" "-"
2a03:2880:f800:: - - [30/Jul/2026:01:55:50 +0200] "GET /tag/digital-skills/?loknya=/homepages/9/d786288530 HTTP/1.1" 429 267 urp.org.uk "-" "Mozilla/5.0 (Windows NT 10.0; Win64; x64) AppleWebKit/537.36 (KHTML, like Gecko) Chrome/145.0.0.0 Safari/537.36 (compatible; meta-externalagent/1.1 (+https://developers.facebook.com/docs/sharing/webmasters/crawler))" "-"
2a03:2880:f800:: - - [30/Jul/2026:01:55:54 +0200] "GET /tag/community-empowerment/?lokasie=/homepages/13/d787277790/htdocs/clickandbuilds/URP/wp-includes/class-oembed.php&loknya=/homepages/13/d787277790/htdocs/clickandbuilds/URP/wp-includes HTTP/1.1" 429 267 urp.org.uk "-" "Mozilla/5.0 (Windows NT 10.0; Win64; x64) AppleWebKit/537.36 (KHTML, like Gecko) Chrome/145.0.0.0 Safari/537.36 (compatible; meta-externalagent/1.1 (+https://developers.facebook.com/docs/sharing/webmasters/crawler))" "-"
2a03:2880:f800:: - - [30/Jul/2026:01:55:55 +0200] "GET /tag/community-empowerment/?lokasie=/homepages/13/d787277790/htdocs/clickandbuilds/URP/wp-includes/class-wp-customize-control.php&loknya=/homepages/13/d787277790/htdocs/clickandbuilds/URP/wp-includes HTTP/1.1" 429 267 urp.org.uk "-" "Mozilla/5.0 (Macintosh; Intel Mac OS X 10_15_7) AppleWebKit/537.36 (KHTML, like Gecko) Chrome/145.0.0.0 Safari/537.36 (compatible; meta-externalagent/1.1 (+https://developers.facebook.com/docs/sharing/webmasters/crawler))" "-"
57.131.13.0 - - [30/Jul/2026:01:55:56 +0200] "GET / HTTP/1.1" 200 46643 urp.org.uk "-" "Mozilla/5.0 (Macintosh; Intel Mac OS X 10_15_7) AppleWebKit/605.1.15 (KHTML, like Gecko) Version/18.4 Safari/605.1.15" "-"
77.42.64.0 - - [30/Jul/2026:01:55:56 +0200] "GET / HTTP/1.1" 200 46643 urp.org.uk "-" "Mozilla/5.0 (Macintosh; Intel Mac OS X 10_15_7) AppleWebKit/605.1.15 (KHTML, like Gecko) Version/18.4 Safari/605.1.15" "-"
209.50.228.0 - - [30/Jul/2026:01:55:56 +0200] "GET / HTTP/1.1" 200 46644 urp.org.uk "-" "Mozilla/5.0 (Macintosh; Intel Mac OS X 10_15_7) AppleWebKit/605.1.15 (KHTML, like Gecko) Version/18.4 Safari/605.1.15" "-"
57.129.137.0 - - [30/Jul/2026:01:55:57 +0200] "GET / HTTP/1.1" 200 46645 urp.org.uk "-" "Mozilla/5.0 (Macintosh; Intel Mac OS X 10_15_7) AppleWebKit/605.1.15 (KHTML, like Gecko) Version/18.4 Safari/605.1.15" "-"
2a03:2880:f800:: - - [30/Jul/2026:01:55:58 +0200] "GET /launching-urps-digital-inclusion-community-empowerment-project/?lokasie=/homepages/13/d787277790/htdocs/clickandbuilds/URP/wp-includes//cron.php&loknya=/homepages/13/d787277790/htdocs/clickandbuilds/URP/wp-includes/ HTTP/1.1" 429 267 urp.org.uk "-" "Mozilla/5.0 (Windows NT 10.0; Win64; x64) AppleWebKit/537.36 (KHTML, like Gecko) Chrome/145.0.0.0 Safari/537.36 (compatible; meta-externalagent/1.1 (+https://developers.facebook.com/docs/sharing/webmasters/crawler))" "-"
2a03:2880:f800:: - - [30/Jul/2026:01:55:59 +0200] "GET /launching-urps-digital-inclusion-community-empowerment-project/?lokasie=/homepages/13/d787277790/htdocs/clickandbuilds/URP/wp-includes//class-wp-http-streams.php&loknya=/homepages/13/d787277790/htdocs/clickandbuilds/URP/wp-includes/ HTTP/1.1" 429 267 urp.org.uk "-" "Mozilla/5.0 (Macintosh; Intel Mac OS X 10_15_7) AppleWebKit/537.36 (KHTML, like Gecko) Chrome/145.0.0.0 Safari/537.36 (compatible; meta-externalagent/1.1 (+https://developers.facebook.com/docs/sharing/webmasters/crawler))" "-"
2a03:2880:f800:: - - [30/Jul/2026:01:56:05 +0200] "GET /tag/refugee-support/?loknya=/homepages/45 HTTP/1.1" 429 267 urp.org.uk "-" "Mozilla/5.0 (Windows NT 10.0; Win64; x64) AppleWebKit/537.36 (KHTML, like Gecko) Chrome/145.0.0.0 Safari/537.36 (compatible; meta-externalagent/1.1 (+https://developers.facebook.com/docs/sharing/webmasters/crawler))" "-"
2a03:2880:f800:: - - [30/Jul/2026:01:56:05 +0200] "GET /sitemap.xml?loknya=/homepages/13/d787277790/htdocs/clickandbuilds/URP/wp-content/upgrade HTTP/1.1" 429 267 urp.org.uk "-" "Mozilla/5.0 (Macintosh; Intel Mac OS X 10_15_7) AppleWebKit/537.36 (KHTML, like Gecko) Chrome/145.0.0.0 Safari/537.36 (compatible; meta-externalagent/1.1 (+https://developers.facebook.com/docs/sharing/webmasters/crawler))" "-"
2a03:2880:f800:: - - [30/Jul/2026:01:56:13 +0200] "GET /wp-sitemap-taxonomies-post_tag-1.xml?lokasie=/homepages/5/d68908256//.htaccess&loknya=/homepages/5/d68908256/ HTTP/1.1" 429 267 urp.org.uk "-" "Mozilla/5.0 (Macintosh; Intel Mac OS X 10_15_7) AppleWebKit/537.36 (KHTML, like Gecko) Chrome/145.0.0.0 Safari/537.36 (compatible; meta-externalagent/1.1 (+https://developers.facebook.com/docs/sharing/webmasters/crawler))" "-"
2a03:2880:f800:: - - [30/Jul/2026:01:56:14 +0200] "GET /tag/digital-skills/?lokasie=/bin/db_deadlock&loknya=/bin HTTP/1.1" 429 267 urp.org.uk "-" "Mozilla/5.0 (Windows NT 10.0; Win64; x64) AppleWebKit/537.36 (KHTML, like Gecko) Chrome/145.0.0.0 Safari/537.36 (compatible; meta-externalagent/1.1 (+https://developers.facebook.com/docs/sharing/webmasters/crawler))" "-"
114.119.146.0 - - [30/Jul/2026:01:56:15 +0200] "GET /support?loknya=/homepages/13/d239315600 HTTP/1.1" 200 20931 urp.org.uk "http://urp.org.uk/support?loknya=/homepages/13" "Mozilla/5.0 (Linux; Android 7.0;) AppleWebKit/537.36 (HTML, like Gecko) Mobile Safari/537.36 (compatible; PetalBot;+https://webmaster.petalsearch.com/site/petalbot)" "-"
2a03:2880:f800:: - - [30/Jul/2026:01:56:22 +0200] "GET /tag/community-empowerment/?lokasie=/homepages/13/d787277790/htdocs/clickandbuilds/URP/wp-admin/ms-users.php&loknya=/homepages/13/d787277790/htdocs/clickandbuilds/URP/wp-admin HTTP/1.1" 429 267 urp.org.uk "-" "Mozilla/5.0 (Macintosh; Intel Mac OS X 10_15_7) AppleWebKit/537.36 (KHTML, like Gecko) Chrome/145.0.0.0 Safari/537.36 (compatible; meta-externalagent/1.1 (+https://developers.facebook.com/docs/sharing/webmasters/crawler))" "-"
2a03:2880:f800:: - - [30/Jul/2026:01:56:24 +0200] "GET /launching-urps-digital-inclusion-community-empowerment-project/?lokasie=/proc/zoneinfo&loknya=/proc HTTP/1.1" 429 267 urp.org.uk "-" "Mozilla/5.0 (X11; Linux x86_64) AppleWebKit/537.36 (KHTML, like Gecko) Chrome/145.0.0.0 Safari/537.36 (compatible; meta-externalagent/1.1 (+https://developers.facebook.com/docs/sharing/webmasters/crawler))" "-"
74.7.227.0 - - [30/Jul/2026:01:56:31 +0200] "GET /?lokasie=/kunden/sbin/invoke-rc.d&loknya=/kunden/sbin HTTP/1.1" 200 3996 urp.org.uk "https://urp.org.uk/?loknya=/kunden/sbin" "Mozilla/5.0 AppleWebKit/537.36 (KHTML, like Gecko; compatible; GPTBot/1.4; +https://openai.com/gptbot)" "-"
187.233.22.0 - - [30/Jul/2026:01:56:32 +0200] "GET /our-team/?lokasie=%2Fsbin%2Ftune2fs&loknya=%2Fsbin HTTP/1.1" 200 3943 urp.org.uk "https://urp.org.uk" "Mozilla/5.0 (Windows NT 10.0; Win64; x64) AppleWebKit/537.36 (KHTML, like Gecko) Chrome/143.0.0.0 Safari/537.36" "-"
2a03:2880:f800:: - - [30/Jul/2026:01:56:34 +0200] "GET /tag/digital-skills/?loknya=/homepages/11/d787229284 HTTP/1.1" 429 267 urp.org.uk "-" "Mozilla/5.0 (Windows NT 10.0; Win64; x64) AppleWebKit/537.36 (KHTML, like Gecko) Chrome/145.0.0.0 Safari/537.36 (compatible; meta-externalagent/1.1 (+https://developers.facebook.com/docs/sharing/webmasters/crawler))" "-"
2a03:2880:f800:: - - [30/Jul/2026:01:56:36 +0200] "GET /launching-urps-digital-inclusion-community-empowerment-project/?lokasie=/homepages/13/d787277790/htdocs/clickandbuilds/URP/wp-includes/widgets/class-wp-widget-meta.php&loknya=/homepages/13/d787277790/htdocs/clickandbuilds/URP/wp-includes/widgets HTTP/1.1" 429 267 urp.org.uk "-" "Mozilla/5.0 (Macintosh; Intel Mac OS X 10_15_7) AppleWebKit/537.36 (KHTML, like Gecko) Chrome/145.0.0.0 Safari/537.36 (compatible; meta-externalagent/1.1 (+https://developers.facebook.com/docs/sharing/webmasters/crawler))" "-"
2a03:2880:f800:: - - [30/Jul/2026:01:56:38 +0200] "GET /wp-sitemap-taxonomies-post_tag-1.xml?loknya=/homepages/23/d787230800/.config HTTP/1.1" 429 267 urp.org.uk "-" "Mozilla/5.0 (Windows NT 10.0; Win64; x64) AppleWebKit/537.36 (KHTML, like Gecko) Chrome/145.0.0.0 Safari/537.36 (compatible; meta-externalagent/1.1 (+https://developers.facebook.com/docs/sharing/webmasters/crawler))" "-"
2a03:2880:f800:: - - [30/Jul/2026:01:56:51 +0200] "GET /launching-urps-digital-inclusion-community-empowerment-project/?lokasie=/homepages/13/d787277790/htdocs/clickandbuilds/URP/wp-includes/blocks/file/editor.min.css&loknya=/homepages/13/d787277790/htdocs/clickandbuilds/URP/wp-includes/blocks/file HTTP/1.1" 200 5358 urp.org.uk "-" "Mozilla/5.0 (Windows NT 10.0; Win64; x64) AppleWebKit/537.36 (KHTML, like Gecko) Chrome/145.0.0.0 Safari/537.36 (compatible; meta-externalagent/1.1 (+https://developers.facebook.com/docs/sharing/webmasters/crawler))" "-"
2a03:2880:f800:: - - [30/Jul/2026:01:56:55 +0200] "GET /tag/digital-skills/?lokasie=/bin/gdcmpgif&loknya=/bin HTTP/1.1" 200 3946 urp.org.uk "-" "Mozilla/5.0 (Macintosh; Intel Mac OS X 10_15_7) AppleWebKit/537.36 (KHTML, like Gecko) Chrome/145.0.0.0 Safari/537.36 (compatible; meta-externalagent/1.1 (+https://developers.facebook.com/docs/sharing/webmasters/crawler))" "-"
2a03:2880:f800:: - - [30/Jul/2026:01:57:09 +0200] "GET /tag/digital-literacy/?lokasie=/homepages/13/d787277790/htdocs/clickandbuilds/URP/old/wp-includes/class-wp-walker.php&loknya=/homepages/13/d787277790/htdocs/clickandbuilds/URP/old/wp-includes HTTP/1.1" 200 17462 urp.org.uk "-" "Mozilla/5.0 (Windows NT 10.0; Win64; x64) AppleWebKit/537.36 (KHTML, like Gecko) Chrome/145.0.0.0 Safari/537.36 (compatible; meta-externalagent/1.1 (+https://developers.facebook.com/docs/sharing/webmasters/crawler))" "-"
74.7.227.0 - - [30/Jul/2026:01:57:17 +0200] "GET /?lokasie=/kunden/etc//debian_version&loknya=/kunden/etc/ HTTP/1.1" 200 4003 urp.org.uk "https://urp.org.uk/?loknya=/kunden/etc/" "Mozilla/5.0 AppleWebKit/537.36 (KHTML, like Gecko; compatible; GPTBot/1.4; +https://openai.com/gptbot)" "-"
2a03:2880:f800:: - - [30/Jul/2026:01:57:21 +0200] "GET /launching-urps-digital-inclusion-community-empowerment-project/?lokasie=/homepages/13/d787277790/htdocs/clickandbuilds/URP/wp-includes//post-template.php&loknya=/homepages/13/d787277790/htdocs/clickandbuilds/URP/wp-includes/ HTTP/1.1" 200 73225 urp.org.uk "-" "Mozilla/5.0 (Windows NT 10.0; Win64; x64) AppleWebKit/537.36 (KHTML, like Gecko) Chrome/145.0.0.0 Safari/537.36 (compatible; meta-externalagent/1.1 (+https://developers.facebook.com/docs/sharing/webmasters/crawler))" "-"
2600:3c15:: - - [30/Jul/2026:01:57:28 +0200] "GET /wp-admin/ HTTP/1.1" 200 159162 urp.org.uk "https://www.bing.com/" "Mozilla/5.0 (X11; Ubuntu; Linux x86_64) AppleWebKit/537.36 (KHTML, like Gecko) Chrome/118.0.0.0 Safari/537.36" "-"
2600:3c15:: - - [30/Jul/2026:01:57:29 +0200] "GET /?author=1 HTTP/1.1" 200 46661 urp.org.uk "https://www.google.com/" "Mozilla/5.0 (Macintosh; Intel Mac OS X 10_15_7) AppleWebKit/605.1.15 (KHTML, like Gecko) Version/17.2 Safari/605.1.15" "-"
2600:3c15:: - - [30/Jul/2026:01:57:29 +0200] "GET /?author=2 HTTP/1.1" 200 46661 urp.org.uk "-" "Mozilla/5.0 (Macintosh; Intel Mac OS X 13_6_1) AppleWebKit/537.36 (KHTML, like Gecko) Chrome/118.0.0.0 Safari/537.36" "-"
2600:3c15:: - - [30/Jul/2026:01:57:30 +0200] "GET /?author=3 HTTP/1.1" 200 46661 urp.org.uk "-" "Mozilla/5.0 (Windows NT 10.0; Win64; x64) AppleWebKit/537.36 (KHTML, like Gecko) Chrome/120.0.0.0 Safari/537.36" "-"
2600:3c15:: - - [30/Jul/2026:01:57:31 +0200] "GET /?author=4 HTTP/1.1" 200 46661 urp.org.uk "https://duckduckgo.com/" "Mozilla/5.0 (Macintosh; Intel Mac OS X 10_15_7) AppleWebKit/537.36 (KHTML, like Gecko) Chrome/121.0.0.0 Safari/537.36" "-"
2600:3c15:: - - [30/Jul/2026:01:57:32 +0200] "GET /?author=5 HTTP/1.1" 200 46661 urp.org.uk "-" "Mozilla/5.0 (X11; Ubuntu; Linux x86_64) AppleWebKit/537.36 (KHTML, like Gecko) Chrome/119.0.0.0 Safari/537.36" "-"
2a03:2880:f800:: - - [30/Jul/2026:01:57:33 +0200] "GET /tag/community-empowerment/?lokasie=/homepages/13/d787277790/htdocs/clickandbuilds/URP/wp-includes/load.php&loknya=/homepages/13/d787277790/htdocs/clickandbuilds/URP/wp-includes HTTP/1.1" 200 60119 urp.org.uk "-" "Mozilla/5.0 (Windows NT 10.0; Win64; x64) AppleWebKit/537.36 (KHTML, like Gecko) Chrome/145.0.0.0 Safari/537.36 (compatible; meta-externalagent/1.1 (+https://developers.facebook.com/docs/sharing/webmasters/crawler))" "-"
2600:3c15:: - - [30/Jul/2026:01:57:33 +0200] "GET /wp-json/wp/v2/users HTTP/1.1" 200 46661 urp.org.uk "-" "Mozilla/5.0 (Macintosh; Intel Mac OS X 10_15_7) AppleWebKit/537.36 (KHTML, like Gecko) Chrome/121.0.0.0 Safari/537.36" "-"
2600:3c15:: - - [30/Jul/2026:01:57:34 +0200] "GET /wp-admin/index.php HTTP/1.1" 200 159162 urp.org.uk "https://urp.org.uk/wp-login.php" "Mozilla/5.0 (X11; Linux x86_64) AppleWebKit/537.36 (KHTML, like Gecko) Chrome/119.0.0.0 Safari/537.36" "-"
2600:3c15:: - - [30/Jul/2026:01:57:34 +0200] "GET /wp-admin/profile.php HTTP/1.1" 200 159164 urp.org.uk "https://urp.org.uk/wp-login.php" "Mozilla/5.0 (X11; Linux x86_64) AppleWebKit/537.36 (KHTML, like Gecko) Chrome/119.0.0.0 Safari/537.36" "-"
2600:3c15:: - - [30/Jul/2026:01:57:35 +0200] "GET /wp-admin/edit.php HTTP/1.1" 200 159161 urp.org.uk "https://urp.org.uk/wp-login.php" "Mozilla/5.0 (X11; Linux x86_64) AppleWebKit/537.36 (KHTML, like Gecko) Chrome/119.0.0.0 Safari/537.36" "-"
2600:3c15:: - - [30/Jul/2026:01:57:36 +0200] "GET /wp-admin/plugins.php HTTP/1.1" 200 159164 urp.org.uk "https://urp.org.uk/wp-login.php" "Mozilla/5.0 (X11; Linux x86_64) AppleWebKit/537.36 (KHTML, like Gecko) Chrome/119.0.0.0 Safari/537.36" "-"
2600:3c15:: - - [30/Jul/2026:01:57:36 +0200] "GET /wp-admin/index.php HTTP/1.1" 200 159162 urp.org.uk "https://urp.org.uk/wp-login.php" "Mozilla/5.0 (Macintosh; Intel Mac OS X 10_15_7) AppleWebKit/537.36 (KHTML, like Gecko) Chrome/118.0.0.0 Safari/537.36" "-"
2600:3c15:: - - [30/Jul/2026:01:57:37 +0200] "GET /wp-admin/profile.php HTTP/1.1" 200 159164 urp.org.uk "https://urp.org.uk/wp-login.php" "Mozilla/5.0 (Macintosh; Intel Mac OS X 10_15_7) AppleWebKit/537.36 (KHTML, like Gecko) Chrome/118.0.0.0 Safari/537.36" "-"
2600:3c15:: - - [30/Jul/2026:01:57:38 +0200] "GET /wp-admin/edit.php HTTP/1.1" 200 159161 urp.org.uk "https://urp.org.uk/wp-login.php" "Mozilla/5.0 (Macintosh; Intel Mac OS X 10_15_7) AppleWebKit/537.36 (KHTML, like Gecko) Chrome/118.0.0.0 Safari/537.36" "-"
2600:3c15:: - - [30/Jul/2026:01:57:38 +0200] "GET /wp-admin/plugins.php HTTP/1.1" 200 159164 urp.org.uk "https://urp.org.uk/wp-login.php" "Mozilla/5.0 (Macintosh; Intel Mac OS X 10_15_7) AppleWebKit/537.36 (KHTML, like Gecko) Chrome/118.0.0.0 Safari/537.36" "-"
2600:3c15:: - - [30/Jul/2026:01:57:39 +0200] "GET /wp-admin/index.php HTTP/1.1" 200 159162 urp.org.uk "https://urp.org.uk/wp-login.php" "Mozilla/5.0 (Windows NT 11.0; Win64; x64; rv:120.0) Gecko/20100101 Firefox/120.0" "-"
2600:3c15:: - - [30/Jul/2026:01:57:39 +0200] "GET /wp-admin/profile.php HTTP/1.1" 200 159164 urp.org.uk "https://urp.org.uk/wp-login.php" "Mozilla/5.0 (Windows NT 11.0; Win64; x64; rv:120.0) Gecko/20100101 Firefox/120.0" "-"
114.119.152.0 - - [30/Jul/2026:01:57:40 +0200] "GET /get-involved?loknya=/homepages/13/d787277790/htdocs/clickandbuilds/URP/wp-includes/block-supports HTTP/1.1" 200 34126 urp.org.uk "https://urp.org.uk/get-involved?loknya=/homepages/13/d787277790/htdocs/clickandbuilds/URP/wp-includes" "Mozilla/5.0 (Linux; Android 7.0;) AppleWebKit/537.36 (HTML, like Gecko) Mobile Safari/537.36 (compatible; PetalBot;+https://webmaster.petalsearch.com/site/petalbot)" "-"
2600:3c15:: - - [30/Jul/2026:01:57:40 +0200] "GET /wp-admin/edit.php HTTP/1.1" 200 159161 urp.org.uk "https://urp.org.uk/wp-login.php" "Mozilla/5.0 (Windows NT 11.0; Win64; x64; rv:120.0) Gecko/20100101 Firefox/120.0" "-"
2600:3c15:: - - [30/Jul/2026:01:57:41 +0200] "GET /wp-admin/plugins.php HTTP/1.1" 200 159164 urp.org.uk "https://urp.org.uk/wp-login.php" "Mozilla/5.0 (Windows NT 11.0; Win64; x64; rv:120.0) Gecko/20100101 Firefox/120.0" "-"
2600:3c15:: - - [30/Jul/2026:01:57:41 +0200] "GET /wp-admin/index.php HTTP/1.1" 200 159162 urp.org.uk "https://urp.org.uk/wp-login.php" "Mozilla/5.0 (Windows NT 10.0; Win64; x64; rv:120.0) Gecko/20100101 Firefox/120.0" "-"
2600:3c15:: - - [30/Jul/2026:01:57:42 +0200] "GET /wp-admin/profile.php HTTP/1.1" 200 159164 urp.org.uk "https://urp.org.uk/wp-login.php" "Mozilla/5.0 (Windows NT 10.0; Win64; x64; rv:120.0) Gecko/20100101 Firefox/120.0" "-"
2600:3c15:: - - [30/Jul/2026:01:57:42 +0200] "GET /wp-admin/edit.php HTTP/1.1" 200 159161 urp.org.uk "https://urp.org.uk/wp-login.php" "Mozilla/5.0 (Windows NT 10.0; Win64; x64; rv:120.0) Gecko/20100101 Firefox/120.0" "-"
2a03:2880:f800:: - - [30/Jul/2026:01:57:43 +0200] "GET /tag/community-empowerment/?lokasie=/homepages/13/d787277790/htdocs/clickandbuilds/URP/wp-includes/class-wp-embed.php&loknya=/homepages/13/d787277790/htdocs/clickandbuilds/URP/wp-includes HTTP/1.1" 200 20818 urp.org.uk "-" "Mozilla/5.0 (Windows NT 10.0; Win64; x64) AppleWebKit/537.36 (KHTML, like Gecko) Chrome/145.0.0.0 Safari/537.36 (compatible; meta-externalagent/1.1 (+https://developers.facebook.com/docs/sharing/webmasters/crawler))" "-"
2600:3c15:: - - [30/Jul/2026:01:57:43 +0200] "GET /wp-admin/plugins.php HTTP/1.1" 200 159164 urp.org.uk "https://urp.org.uk/wp-login.php" "Mozilla/5.0 (Windows NT 10.0; Win64; x64; rv:120.0) Gecko/20100101 Firefox/120.0" "-"
2600:3c15:: - - [30/Jul/2026:01:57:44 +0200] "GET /wp-admin/index.php HTTP/1.1" 200 159162 urp.org.uk "https://urp.org.uk/wp-login.php" "Mozilla/5.0 (Macintosh; Intel Mac OS X 13_6_1; rv:119.0) Gecko/20100101 Firefox/119.0" "-"
2600:3c15:: - - [30/Jul/2026:01:57:44 +0200] "GET /wp-admin/profile.php HTTP/1.1" 200 159164 urp.org.uk "https://urp.org.uk/wp-login.php" "Mozilla/5.0 (Macintosh; Intel Mac OS X 13_6_1; rv:119.0) Gecko/20100101 Firefox/119.0" "-"
2600:3c15:: - - [30/Jul/2026:01:57:45 +0200] "GET /wp-admin/edit.php HTTP/1.1" 200 159161 urp.org.uk "https://urp.org.uk/wp-login.php" "Mozilla/5.0 (Macintosh; Intel Mac OS X 13_6_1; rv:119.0) Gecko/20100101 Firefox/119.0" "-"
2600:3c15:: - - [30/Jul/2026:01:57:45 +0200] "GET /wp-admin/plugins.php HTTP/1.1" 200 159164 urp.org.uk "https://urp.org.uk/wp-login.php" "Mozilla/5.0 (Macintosh; Intel Mac OS X 13_6_1; rv:119.0) Gecko/20100101 Firefox/119.0" "-"
2600:3c15:: - - [30/Jul/2026:01:57:46 +0200] "GET /wp-admin/index.php HTTP/1.1" 200 159162 urp.org.uk "https://urp.org.uk/wp-login.php" "Mozilla/5.0 (X11; Linux x86_64) AppleWebKit/537.36 (KHTML, like Gecko) Chrome/119.0.0.0 Safari/537.36" "-"
2600:3c15:: - - [30/Jul/2026:01:57:47 +0200] "GET /wp-admin/profile.php HTTP/1.1" 200 159164 urp.org.uk "https://urp.org.uk/wp-login.php" "Mozilla/5.0 (X11; Linux x86_64) AppleWebKit/537.36 (KHTML, like Gecko) Chrome/119.0.0.0 Safari/537.36" "-"
2600:3c15:: - - [30/Jul/2026:01:57:48 +0200] "GET /wp-admin/edit.php HTTP/1.1" 200 159161 urp.org.uk "https://urp.org.uk/wp-login.php" "Mozilla/5.0 (X11; Linux x86_64) AppleWebKit/537.36 (KHTML, like Gecko) Chrome/119.0.0.0 Safari/537.36" "-"
2600:3c15:: - - [30/Jul/2026:01:57:49 +0200] "GET /wp-admin/plugins.php HTTP/1.1" 200 159164 urp.org.uk "https://urp.org.uk/wp-login.php" "Mozilla/5.0 (X11; Linux x86_64) AppleWebKit/537.36 (KHTML, like Gecko) Chrome/119.0.0.0 Safari/537.36" "-"
2600:3c15:: - - [30/Jul/2026:01:57:50 +0200] "GET /wp-admin/index.php HTTP/1.1" 200 159162 urp.org.uk "https://urp.org.uk/wp-login.php" "Mozilla/5.0 (Windows NT 10.0; Win64; x64; rv:119.0) Gecko/20100101 Firefox/119.0" "-"
2600:3c15:: - - [30/Jul/2026:01:57:51 +0200] "GET /wp-admin/profile.php HTTP/1.1" 200 159164 urp.org.uk "https://urp.org.uk/wp-login.php" "Mozilla/5.0 (Windows NT 10.0; Win64; x64; rv:119.0) Gecko/20100101 Firefox/119.0" "-"
2600:3c15:: - - [30/Jul/2026:01:57:51 +0200] "GET /wp-admin/edit.php HTTP/1.1" 200 159161 urp.org.uk "https://urp.org.uk/wp-login.php" "Mozilla/5.0 (Windows NT 10.0; Win64; x64; rv:119.0) Gecko/20100101 Firefox/119.0" "-"
2600:3c15:: - - [30/Jul/2026:01:57:52 +0200] "GET /wp-admin/plugins.php HTTP/1.1" 200 159164 urp.org.uk "https://urp.org.uk/wp-login.php" "Mozilla/5.0 (Windows NT 10.0; Win64; x64; rv:119.0) Gecko/20100101 Firefox/119.0" "-"
2a03:2880:f800:: - - [30/Jul/2026:01:57:52 +0200] "GET /?m7o2n0a7n8d0r2i2c441 HTTP/1.1" 200 46650 urp.org.uk "-" "Mozilla/5.0 (Windows NT 10.0; Win64; x64) AppleWebKit/537.36 (KHTML, like Gecko) Chrome/145.0.0.0 Safari/537.36 (compatible; meta-externalagent/1.1 (+https://developers.facebook.com/docs/sharing/webmasters/crawler))" "-"
74.7.227.0 - - [30/Jul/2026:01:57:59 +0200] "GET /?lokasie=/kunden/lib//browscap.ini&loknya=/kunden/lib/ HTTP/1.1" 200 708717 urp.org.uk "https://urp.org.uk/?loknya=/kunden/lib/" "Mozilla/5.0 AppleWebKit/537.36 (KHTML, like Gecko; compatible; GPTBot/1.4; +https://openai.com/gptbot)" "-"
2a03:2880:f800:: - - [30/Jul/2026:01:58:01 +0200] "GET /tag/community-empowerment/?lokasie=/homepages/13/d787277790/htdocs/clickandbuilds/URP/wp-includes/class-wp-block-editor-context.php&loknya=/homepages/13/d787277790/htdocs/clickandbuilds/URP/wp-includes HTTP/1.1" 200 5817 urp.org.uk "-" "Mozilla/5.0 (X11; Linux x86_64) AppleWebKit/537.36 (KHTML, like Gecko) Chrome/145.0.0.0 Safari/537.36 (compatible; meta-externalagent/1.1 (+https://developers.facebook.com/docs/sharing/webmasters/crawler))" "-"
2a03:2880:f800:: - - [30/Jul/2026:01:58:07 +0200] "GET /launching-urps-digital-inclusion-community-empowerment-project/?lokasie=/homepages/13/d787277790/htdocs/clickandbuilds/URP/wp-includes/blocks/navigation/view.asset.php&loknya=/homepages/13/d787277790/htdocs/clickandbuilds/URP/wp-includes/blocks/navigation HTTP/1.1" 200 4764 urp.org.uk "-" "Mozilla/5.0 (Windows NT 10.0; Win64; x64) AppleWebKit/537.36 (KHTML, like Gecko) Chrome/145.0.0.0 Safari/537.36 (compatible; meta-externalagent/1.1 (+https://developers.facebook.com/docs/sharing/webmasters/crawler))" "-"
2600:3c15:: - - [30/Jul/2026:01:58:08 +0200] "GET /wp-admin/index.php HTTP/1.1" 200 159162 urp.org.uk "https://urp.org.uk/wp-login.php" "Mozilla/5.0 (X11; Linux x86_64) AppleWebKit/537.36 (KHTML, like Gecko) Chrome/121.0.0.0 Safari/537.36" "-"
2600:3c15:: - - [30/Jul/2026:01:58:09 +0200] "GET /wp-admin/profile.php HTTP/1.1" 200 159164 urp.org.uk "https://urp.org.uk/wp-login.php" "Mozilla/5.0 (X11; Linux x86_64) AppleWebKit/537.36 (KHTML, like Gecko) Chrome/121.0.0.0 Safari/537.36" "-"
2600:3c15:: - - [30/Jul/2026:01:58:10 +0200] "GET /wp-admin/edit.php HTTP/1.1" 200 159161 urp.org.uk "https://urp.org.uk/wp-login.php" "Mozilla/5.0 (X11; Linux x86_64) AppleWebKit/537.36 (KHTML, like Gecko) Chrome/121.0.0.0 Safari/537.36" "-"
2600:3c15:: - - [30/Jul/2026:01:58:11 +0200] "GET /wp-admin/plugins.php HTTP/1.1" 200 159164 urp.org.uk "https://urp.org.uk/wp-login.php" "Mozilla/5.0 (X11; Linux x86_64) AppleWebKit/537.36 (KHTML, like Gecko) Chrome/121.0.0.0 Safari/537.36" "-"
2600:3c15:: - - [30/Jul/2026:01:58:13 +0200] "GET /wp-admin/index.php HTTP/1.1" 200 159162 urp.org.uk "https://urp.org.uk/wp-login.php" "Mozilla/5.0 (Macintosh; Intel Mac OS X 13_6_1) AppleWebKit/537.36 (KHTML, like Gecko) Chrome/118.0.0.0 Safari/537.36" "-"
2600:3c15:: - - [30/Jul/2026:01:58:14 +0200] "GET /wp-admin/profile.php HTTP/1.1" 200 159164 urp.org.uk "https://urp.org.uk/wp-login.php" "Mozilla/5.0 (Macintosh; Intel Mac OS X 13_6_1) AppleWebKit/537.36 (KHTML, like Gecko) Chrome/118.0.0.0 Safari/537.36" "-"
2a03:2880:f800:: - - [30/Jul/2026:01:58:15 +0200] "GET /tag/digital-literacy/?lokasie=/homepages/13/d787277790/htdocs/clickandbuilds/URP/old/wp-includes/category.php&loknya=/homepages/13/d787277790/htdocs/clickandbuilds/URP/old/wp-includes HTTP/1.1" 200 16945 urp.org.uk "-" "Mozilla/5.0 (Windows NT 10.0; Win64; x64) AppleWebKit/537.36 (KHTML, like Gecko) Chrome/145.0.0.0 Safari/537.36 (compatible; meta-externalagent/1.1 (+https://developers.facebook.com/docs/sharing/webmasters/crawler))" "-"
2600:3c15:: - - [30/Jul/2026:01:58:16 +0200] "GET /wp-admin/edit.php HTTP/1.1" 200 159161 urp.org.uk "https://urp.org.uk/wp-login.php" "Mozilla/5.0 (Macintosh; Intel Mac OS X 13_6_1) AppleWebKit/537.36 (KHTML, like Gecko) Chrome/118.0.0.0 Safari/537.36" "-"
2600:3c15:: - - [30/Jul/2026:01:58:17 +0200] "GET /wp-admin/plugins.php HTTP/1.1" 200 159164 urp.org.uk "https://urp.org.uk/wp-login.php" "Mozilla/5.0 (Macintosh; Intel Mac OS X 13_6_1) AppleWebKit/537.36 (KHTML, like Gecko) Chrome/118.0.0.0 Safari/537.36" "-"
2600:3c15:: - - [30/Jul/2026:01:58:19 +0200] "GET /wp-admin/index.php HTTP/1.1" 200 159162 urp.org.uk "https://urp.org.uk/wp-login.php" "Mozilla/5.0 (Macintosh; Intel Mac OS X 13_6_1) AppleWebKit/605.1.15 (KHTML, like Gecko) Version/17.2 Safari/605.1.15" "-"
2600:3c15:: - - [30/Jul/2026:01:58:20 +0200] "GET /wp-admin/profile.php HTTP/1.1" 200 159164 urp.org.uk "https://urp.org.uk/wp-login.php" "Mozilla/5.0 (Macintosh; Intel Mac OS X 13_6_1) AppleWebKit/605.1.15 (KHTML, like Gecko) Version/17.2 Safari/605.1.15" "-"
2a03:2880:f800:: - - [30/Jul/2026:01:58:22 +0200] "GET /tag/digital-skills/?lokasie=/bin/pico&loknya=/bin HTTP/1.1" 200 3942 urp.org.uk "-" "Mozilla/5.0 (Windows NT 10.0; Win64; x64) AppleWebKit/537.36 (KHTML, like Gecko) Chrome/145.0.0.0 Safari/537.36 (compatible; meta-externalagent/1.1 (+https://developers.facebook.com/docs/sharing/webmasters/crawler))" "-"
2600:3c15:: - - [30/Jul/2026:01:58:22 +0200] "GET /wp-admin/edit.php HTTP/1.1" 200 159161 urp.org.uk "https://urp.org.uk/wp-login.php" "Mozilla/5.0 (Macintosh; Intel Mac OS X 13_6_1) AppleWebKit/605.1.15 (KHTML, like Gecko) Version/17.2 Safari/605.1.15" "-"
2600:3c15:: - - [30/Jul/2026:01:58:23 +0200] "GET /wp-admin/plugins.php HTTP/1.1" 200 159164 urp.org.uk "https://urp.org.uk/wp-login.php" "Mozilla/5.0 (Macintosh; Intel Mac OS X 13_6_1) AppleWebKit/605.1.15 (KHTML, like Gecko) Version/17.2 Safari/605.1.15" "-"
2600:3c15:: - - [30/Jul/2026:01:58:25 +0200] "GET /wp-admin/index.php HTTP/1.1" 200 159162 urp.org.uk "https://urp.org.uk/wp-login.php" "Mozilla/5.0 (Macintosh; Intel Mac OS X 13_6_1; rv:119.0) Gecko/20100101 Firefox/119.0" "-"
2600:3c15:: - - [30/Jul/2026:01:58:26 +0200] "GET /wp-admin/profile.php HTTP/1.1" 200 159164 urp.org.uk "https://urp.org.uk/wp-login.php" "Mozilla/5.0 (Macintosh; Intel Mac OS X 13_6_1; rv:119.0) Gecko/20100101 Firefox/119.0" "-"
2600:3c15:: - - [30/Jul/2026:01:58:27 +0200] "GET /wp-admin/edit.php HTTP/1.1" 200 159161 urp.org.uk "https://urp.org.uk/wp-login.php" "Mozilla/5.0 (Macintosh; Intel Mac OS X 13_6_1; rv:119.0) Gecko/20100101 Firefox/119.0" "-"
2a03:2880:f800:: - - [30/Jul/2026:01:58:29 +0200] "GET /tag/digital-skills/?lokasie=/homepages/13/d787277790/htdocs/clickandbuilds/URP/wp-content.orig/advanced-cache.php&loknya=/homepages/13/d787277790/htdocs/clickandbuilds/URP/wp-content.orig HTTP/1.1" 200 5150 urp.org.uk "-" "Mozilla/5.0 (Windows NT 10.0; Win64; x64) AppleWebKit/537.36 (KHTML, like Gecko) Chrome/145.0.0.0 Safari/537.36 (compatible; meta-externalagent/1.1 (+https://developers.facebook.com/docs/sharing/webmasters/crawler))" "-"
2600:3c15:: - - [30/Jul/2026:01:58:29 +0200] "GET /wp-admin/plugins.php HTTP/1.1" 200 159164 urp.org.uk "https://urp.org.uk/wp-login.php" "Mozilla/5.0 (Macintosh; Intel Mac OS X 13_6_1; rv:119.0) Gecko/20100101 Firefox/119.0" "-"
2600:3c15:: - - [30/Jul/2026:01:58:31 +0200] "GET /wp-admin/index.php HTTP/1.1" 200 159162 urp.org.uk "https://urp.org.uk/wp-login.php" "Mozilla/5.0 (Macintosh; Intel Mac OS X 13_6_1) AppleWebKit/605.1.15 (KHTML, like Gecko) Version/17.1 Safari/605.1.15" "-"
2600:3c15:: - - [30/Jul/2026:01:58:32 +0200] "GET /wp-admin/profile.php HTTP/1.1" 200 159164 urp.org.uk "https://urp.org.uk/wp-login.php" "Mozilla/5.0 (Macintosh; Intel Mac OS X 13_6_1) AppleWebKit/605.1.15 (KHTML, like Gecko) Version/17.1 Safari/605.1.15" "-"
2600:3c15:: - - [30/Jul/2026:01:58:33 +0200] "GET /wp-admin/edit.php HTTP/1.1" 200 159161 urp.org.uk "https://urp.org.uk/wp-login.php" "Mozilla/5.0 (Macintosh; Intel Mac OS X 13_6_1) AppleWebKit/605.1.15 (KHTML, like Gecko) Version/17.1 Safari/605.1.15" "-"
2a03:2880:f800:: - - [30/Jul/2026:01:58:34 +0200] "GET /wp-sitemap-posts-page-1.xml?loknya=/homepages/13/d787277790/htdocs/logs HTTP/1.1" 200 49778 urp.org.uk "-" "Mozilla/5.0 (Windows NT 10.0; Win64; x64) AppleWebKit/537.36 (KHTML, like Gecko) Chrome/145.0.0.0 Safari/537.36 (compatible; meta-externalagent/1.1 (+https://developers.facebook.com/docs/sharing/webmasters/crawler))" "-"
2600:3c15:: - - [30/Jul/2026:01:58:34 +0200] "GET /wp-admin/plugins.php HTTP/1.1" 200 159164 urp.org.uk "https://urp.org.uk/wp-login.php" "Mozilla/5.0 (Macintosh; Intel Mac OS X 13_6_1) AppleWebKit/605.1.15 (KHTML, like Gecko) Version/17.1 Safari/605.1.15" "-"
2600:3c15:: - - [30/Jul/2026:01:58:35 +0200] "GET /wp-admin/index.php HTTP/1.1" 200 159162 urp.org.uk "https://urp.org.uk/wp-login.php" "Mozilla/5.0 (Windows NT 11.0; Win64; x64) AppleWebKit/537.36 (KHTML, like Gecko) Chrome/118.0.0.0 Safari/537.36" "-"
2600:3c15:: - - [30/Jul/2026:01:58:36 +0200] "GET /wp-admin/profile.php HTTP/1.1" 200 159164 urp.org.uk "https://urp.org.uk/wp-login.php" "Mozilla/5.0 (Windows NT 11.0; Win64; x64) AppleWebKit/537.36 (KHTML, like Gecko) Chrome/118.0.0.0 Safari/537.36" "-"
74.7.227.0 - - [30/Jul/2026:01:58:37 +0200] "GET /?lokasie=/kunden/etc//libaudit.conf&loknya=/kunden/etc/ HTTP/1.1" 429 267 urp.org.uk "https://urp.org.uk/?loknya=/kunden/etc/" "Mozilla/5.0 AppleWebKit/537.36 (KHTML, like Gecko; compatible; GPTBot/1.4; +https://openai.com/gptbot)" "-"
2600:3c15:: - - [30/Jul/2026:01:58:37 +0200] "GET /wp-admin/edit.php HTTP/1.1" 200 159161 urp.org.uk "https://urp.org.uk/wp-login.php" "Mozilla/5.0 (Windows NT 11.0; Win64; x64) AppleWebKit/537.36 (KHTML, like Gecko) Chrome/118.0.0.0 Safari/537.36" "-"
2600:3c15:: - - [30/Jul/2026:01:58:38 +0200] "GET /wp-admin/plugins.php HTTP/1.1" 200 159164 urp.org.uk "https://urp.org.uk/wp-login.php" "Mozilla/5.0 (Windows NT 11.0; Win64; x64) AppleWebKit/537.36 (KHTML, like Gecko) Chrome/118.0.0.0 Safari/537.36" "-"
2600:3c15:: - - [30/Jul/2026:01:58:39 +0200] "GET /wp-admin/index.php HTTP/1.1" 200 159162 urp.org.uk "https://urp.org.uk/wp-login.php" "Mozilla/5.0 (X11; Ubuntu; Linux x86_64) AppleWebKit/537.36 (KHTML, like Gecko) Chrome/119.0.0.0 Safari/537.36" "-"
2600:3c15:: - - [30/Jul/2026:01:58:39 +0200] "GET /wp-admin/profile.php HTTP/1.1" 200 159164 urp.org.uk "https://urp.org.uk/wp-login.php" "Mozilla/5.0 (X11; Ubuntu; Linux x86_64) AppleWebKit/537.36 (KHTML, like Gecko) Chrome/119.0.0.0 Safari/537.36" "-"
2a03:2880:f800:: - - [30/Jul/2026:01:58:40 +0200] "GET /tag/community-empowerment/?loknya=/homepages/39 HTTP/1.1" 200 15449 urp.org.uk "-" "Mozilla/5.0 (Windows NT 10.0; Win64; x64) AppleWebKit/537.36 (KHTML, like Gecko) Chrome/145.0.0.0 Safari/537.36 (compatible; meta-externalagent/1.1 (+https://developers.facebook.com/docs/sharing/webmasters/crawler))" "-"
2600:3c15:: - - [30/Jul/2026:01:58:40 +0200] "GET /wp-admin/edit.php HTTP/1.1" 200 159161 urp.org.uk "https://urp.org.uk/wp-login.php" "Mozilla/5.0 (X11; Ubuntu; Linux x86_64) AppleWebKit/537.36 (KHTML, like Gecko) Chrome/119.0.0.0 Safari/537.36" "-"
2600:3c15:: - - [30/Jul/2026:01:58:40 +0200] "GET /wp-admin/plugins.php HTTP/1.1" 200 159164 urp.org.uk "https://urp.org.uk/wp-login.php" "Mozilla/5.0 (X11; Ubuntu; Linux x86_64) AppleWebKit/537.36 (KHTML, like Gecko) Chrome/119.0.0.0 Safari/537.36" "-"
2600:3c15:: - - [30/Jul/2026:01:58:41 +0200] "GET /wp-admin/index.php HTTP/1.1" 200 159162 urp.org.uk "https://urp.org.uk/wp-login.php" "Mozilla/5.0 (X11; Ubuntu; Linux x86_64) AppleWebKit/537.36 (KHTML, like Gecko) Chrome/118.0.0.0 Safari/537.36" "-"
2600:3c15:: - - [30/Jul/2026:01:58:42 +0200] "GET /wp-admin/profile.php HTTP/1.1" 200 159164 urp.org.uk "https://urp.org.uk/wp-login.php" "Mozilla/5.0 (X11; Ubuntu; Linux x86_64) AppleWebKit/537.36 (KHTML, like Gecko) Chrome/118.0.0.0 Safari/537.36" "-"
2600:3c15:: - - [30/Jul/2026:01:58:42 +0200] "GET /wp-admin/edit.php HTTP/1.1" 200 159161 urp.org.uk "https://urp.org.uk/wp-login.php" "Mozilla/5.0 (X11; Ubuntu; Linux x86_64) AppleWebKit/537.36 (KHTML, like Gecko) Chrome/118.0.0.0 Safari/537.36" "-"
2600:3c15:: - - [30/Jul/2026:01:58:43 +0200] "GET /wp-admin/plugins.php HTTP/1.1" 200 159164 urp.org.uk "https://urp.org.uk/wp-login.php" "Mozilla/5.0 (X11; Ubuntu; Linux x86_64) AppleWebKit/537.36 (KHTML, like Gecko) Chrome/118.0.0.0 Safari/537.36" "-"
2600:3c15:: - - [30/Jul/2026:01:58:44 +0200] "GET /wp-admin/index.php HTTP/1.1" 200 159162 urp.org.uk "https://urp.org.uk/wp-login.php" "Mozilla/5.0 (Macintosh; Intel Mac OS X 13_6_1) AppleWebKit/605.1.15 (KHTML, like Gecko) Version/16.6 Safari/605.1.15" "-"
2a03:2880:f800:: - - [30/Jul/2026:01:58:45 +0200] "GET /tag/tech-for-good/?lokasie=/homepages/13/d787277790/htdocs/clickandbuilds/URP/readme.html&loknya=/homepages/13/d787277790/htdocs/clickandbuilds/URP HTTP/1.1" 200 13635 urp.org.uk "-" "Mozilla/5.0 (Windows NT 10.0; Win64; x64) AppleWebKit/537.36 (KHTML, like Gecko) Chrome/145.0.0.0 Safari/537.36 Edg/145.0.0.0 (compatible; meta-externalagent/1.1 (+https://developers.facebook.com/docs/sharing/webmasters/crawler))" "-"
2600:3c15:: - - [30/Jul/2026:01:58:45 +0200] "GET /wp-admin/profile.php HTTP/1.1" 200 159164 urp.org.uk "https://urp.org.uk/wp-login.php" "Mozilla/5.0 (Macintosh; Intel Mac OS X 13_6_1) AppleWebKit/605.1.15 (KHTML, like Gecko) Version/16.6 Safari/605.1.15" "-"
2600:3c15:: - - [30/Jul/2026:01:58:46 +0200] "GET /wp-admin/edit.php HTTP/1.1" 200 159161 urp.org.uk "https://urp.org.uk/wp-login.php" "Mozilla/5.0 (Macintosh; Intel Mac OS X 13_6_1) AppleWebKit/605.1.15 (KHTML, like Gecko) Version/16.6 Safari/605.1.15" "-"
2600:3c15:: - - [30/Jul/2026:01:58:46 +0200] "GET /wp-admin/plugins.php HTTP/1.1" 200 159164 urp.org.uk "https://urp.org.uk/wp-login.php" "Mozilla/5.0 (Macintosh; Intel Mac OS X 13_6_1) AppleWebKit/605.1.15 (KHTML, like Gecko) Version/16.6 Safari/605.1.15" "-"
2600:3c15:: - - [30/Jul/2026:01:58:47 +0200] "GET /wp-admin/index.php HTTP/1.1" 200 159162 urp.org.uk "https://urp.org.uk/wp-login.php" "Mozilla/5.0 (X11; Linux x86_64) AppleWebKit/537.36 (KHTML, like Gecko) Chrome/118.0.0.0 Safari/537.36" "-"
2600:3c15:: - - [30/Jul/2026:01:58:48 +0200] "GET /wp-admin/profile.php HTTP/1.1" 200 159164 urp.org.uk "https://urp.org.uk/wp-login.php" "Mozilla/5.0 (X11; Linux x86_64) AppleWebKit/537.36 (KHTML, like Gecko) Chrome/118.0.0.0 Safari/537.36" "-"
2600:3c15:: - - [30/Jul/2026:01:58:48 +0200] "GET /wp-admin/edit.php HTTP/1.1" 200 159161 urp.org.uk "https://urp.org.uk/wp-login.php" "Mozilla/5.0 (X11; Linux x86_64) AppleWebKit/537.36 (KHTML, like Gecko) Chrome/118.0.0.0 Safari/537.36" "-"
2600:3c15:: - - [30/Jul/2026:01:58:49 +0200] "GET /wp-admin/plugins.php HTTP/1.1" 200 159164 urp.org.uk "https://urp.org.uk/wp-login.php" "Mozilla/5.0 (X11; Linux x86_64) AppleWebKit/537.36 (KHTML, like Gecko) Chrome/118.0.0.0 Safari/537.36" "-"
2a03:2880:f800:: - - [30/Jul/2026:01:58:50 +0200] "GET /launching-urps-digital-inclusion-community-empowerment-project/?lokasie=/usr/include/stab.h&loknya=/usr/include HTTP/1.1" 200 4265 urp.org.uk "-" "Mozilla/5.0 (Macintosh; Intel Mac OS X 10_15_7) AppleWebKit/537.36 (KHTML, like Gecko) Chrome/145.0.0.0 Safari/537.36 (compatible; meta-externalagent/1.1 (+https://developers.facebook.com/docs/sharing/webmasters/crawler))" "-"
2600:3c15:: - - [30/Jul/2026:01:58:50 +0200] "GET /wp-admin/index.php HTTP/1.1" 200 159162 urp.org.uk "https://urp.org.uk/wp-login.php" "Mozilla/5.0 (Windows NT 11.0; Win64; x64) AppleWebKit/537.36 (KHTML, like Gecko) Chrome/120.0.0.0 Safari/537.36" "-"
2600:3c15:: - - [30/Jul/2026:01:58:50 +0200] "GET /wp-admin/profile.php HTTP/1.1" 200 159164 urp.org.uk "https://urp.org.uk/wp-login.php" "Mozilla/5.0 (Windows NT 11.0; Win64; x64) AppleWebKit/537.36 (KHTML, like Gecko) Chrome/120.0.0.0 Safari/537.36" "-"
2600:3c15:: - - [30/Jul/2026:01:58:51 +0200] "GET /wp-admin/edit.php HTTP/1.1" 200 159161 urp.org.uk "https://urp.org.uk/wp-login.php" "Mozilla/5.0 (Windows NT 11.0; Win64; x64) AppleWebKit/537.36 (KHTML, like Gecko) Chrome/120.0.0.0 Safari/537.36" "-"
2600:3c15:: - - [30/Jul/2026:01:58:51 +0200] "GET /wp-admin/plugins.php HTTP/1.1" 200 159164 urp.org.uk "https://urp.org.uk/wp-login.php" "Mozilla/5.0 (Windows NT 11.0; Win64; x64) AppleWebKit/537.36 (KHTML, like Gecko) Chrome/120.0.0.0 Safari/537.36" "-"
2a03:2880:f800:: - - [30/Jul/2026:01:58:55 +0200] "GET /tag/digital-literacy/?lokasie=/homepages/13/d787277790/htdocs/clickandbuilds/URP/wp-includes/widgets/class-wp-widget-tag-cloud.php&loknya=/homepages/13/d787277790/htdocs/clickandbuilds/URP/wp-includes/widgets HTTP/1.1" 200 12046 urp.org.uk "-" "Mozilla/5.0 (Macintosh; Intel Mac OS X 10_15_7) AppleWebKit/537.36 (KHTML, like Gecko) Chrome/145.0.0.0 Safari/537.36 (compatible; meta-externalagent/1.1 (+https://developers.facebook.com/docs/sharing/webmasters/crawler))" "-"
2a03:2880:f800:: - - [30/Jul/2026:01:58:59 +0200] "GET /wp-sitemap-taxonomies-post_tag-1.xml?lokasie=/homepages/13/d787277790/htdocs/clickandbuilds/URP/wp-content.orig/et-cache/276/276/index.php&loknya=/homepages/13/d787277790/htdocs/clickandbuilds/URP/wp-content.orig/et-cache/276/276 HTTP/1.1" 200 4787 urp.org.uk "-" "Mozilla/5.0 (Windows NT 10.0; Win64; x64) AppleWebKit/537.36 (KHTML, like Gecko) Chrome/145.0.0.0 Safari/537.36 (compatible; meta-externalagent/1.1 (+https://developers.facebook.com/docs/sharing/webmasters/crawler))" "-"
