216.73.216.0 - - [30/Jul/2026:02:19:30 +0200] "GET /admin-support-volunteer/urp.org.uk/thriving-families?lokasie=%2Fhomepages%2F13%2Fd787277790%2Fhtdocs%2Fclickandbuilds%2FURP_INFECTED%2Fwp-includes%2Fblocks%2Ftable%2Ftheme-rtl.css&loknya=%2Fhomepages%2F13%2Fd787277790%2Fhtdocs%2Fclickandbuilds%2FURP_INFECTED%2Fwp-includes%2Fblocks%2Ftable HTTP/1.1" 200 4948 urp.org.uk "-" "Mozilla/5.0 AppleWebKit/537.36 (KHTML, like Gecko; compatible; ClaudeBot/1.0; +claudebot@anthropic.com)" "-"
2a03:2880:f800:: - - [30/Jul/2026:02:19:32 +0200] "GET /launching-urps-digital-inclusion-community-empowerment-project/?lokasie=/homepages/13/d787277790/htdocs/clickandbuilds/URP/new/wp-content/et-cache/274/et-core-unified-274-17182698505755.min.css&loknya=/homepages/13/d787277790/htdocs/clickandbuilds/URP/new/wp-content/et-cache/274 HTTP/1.1" 200 14733 urp.org.uk "-" "Mozilla/5.0 (Windows NT 10.0; Win64; x64) AppleWebKit/537.36 (KHTML, like Gecko) Chrome/145.0.0.0 Safari/537.36 (compatible; meta-externalagent/1.1 (+https://developers.facebook.com/docs/sharing/webmasters/crawler))" "-"
216.73.216.0 - - [30/Jul/2026:02:19:33 +0200] "GET /admin-support-volunteer/urp.org.uk/thriving-families?lokasie=%2Fhomepages%2F13%2Fd787277790%2Fhtdocs%2Fclickandbuilds%2FURP_INFECTED%2Fwp-includes%2Fblocks%2Ftable%2Feditor-rtl.css&loknya=%2Fhomepages%2F13%2Fd787277790%2Fhtdocs%2Fclickandbuilds%2FURP_INFECTED%2Fwp-includes%2Fblocks%2Ftable HTTP/1.1" 200 6342 urp.org.uk "-" "Mozilla/5.0 AppleWebKit/537.36 (KHTML, like Gecko; compatible; ClaudeBot/1.0; +claudebot@anthropic.com)" "-"
95.236.17.0 - - [30/Jul/2026:02:19:36 +0200] "GET /our-team/?lokasie=%2Fbin%2Fcol&loknya=%2Fbin HTTP/1.1" 200 3935 urp.org.uk "https://urp.org.uk" "Mozilla/5.0 (Windows NT 10.0; Win64; x64) AppleWebKit/537.36 (KHTML, like Gecko) Chrome/144.0.0.0 Safari/537.36 Edg/144.0.0.0" "-"
216.73.216.0 - - [30/Jul/2026:02:19:36 +0200] "GET /admin-support-volunteer/urp.org.uk/thriving-families?lokasie=%2Fhomepages%2F13%2Fd787277790%2Fhtdocs%2Fclickandbuilds%2FURP_INFECTED%2Fwp-includes%2Fblocks%2Fseparator%2Ftheme.css&loknya=%2Fhomepages%2F13%2Fd787277790%2Fhtdocs%2Fclickandbuilds%2FURP_INFECTED%2Fwp-includes%2Fblocks%2Fseparator HTTP/1.1" 200 5196 urp.org.uk "-" "Mozilla/5.0 AppleWebKit/537.36 (KHTML, like Gecko; compatible; ClaudeBot/1.0; +claudebot@anthropic.com)" "-"
2a03:2880:f800:: - - [30/Jul/2026:02:19:39 +0200] "GET /launching-urps-digital-inclusion-community-empowerment-project/?lokasie=/homepages/13/d787277790/htdocs/clickandbuilds/URP/wp-includes/js/admin-bar.min.js&loknya=/homepages/13/d787277790/htdocs/clickandbuilds/URP/wp-includes/js HTTP/1.1" 200 9391 urp.org.uk "-" "Mozilla/5.0 (Windows NT 10.0; Win64; x64) AppleWebKit/537.36 (KHTML, like Gecko) Chrome/145.0.0.0 Safari/537.36 (compatible; meta-externalagent/1.1 (+https://developers.facebook.com/docs/sharing/webmasters/crawler))" "-"
216.73.216.0 - - [30/Jul/2026:02:19:42 +0200] "GET /admin-support-volunteer/urp.org.uk/thriving-families?lokasie=%2Fhomepages%2F13%2Fd787277790%2Fhtdocs%2Fclickandbuilds%2FURP_INFECTED%2Fwp-includes%2Fblocks%2F%2Flatest-comments.php&loknya=%2Fhomepages%2F13%2Fd787277790%2Fhtdocs%2Fclickandbuilds%2FURP_INFECTED%2Fwp-includes%2Fblocks%2F HTTP/1.1" 200 9873 urp.org.uk "-" "Mozilla/5.0 AppleWebKit/537.36 (KHTML, like Gecko; compatible; ClaudeBot/1.0; +claudebot@anthropic.com)" "-"
2a03:2880:f800:: - - [30/Jul/2026:02:19:45 +0200] "GET /tag/community-empowerment/?lokasie=/homepages/13/d787277790/htdocs/clickandbuilds/URP/wp-admin/edit.php&loknya=/homepages/13/d787277790/htdocs/clickandbuilds/URP/wp-admin HTTP/1.1" 200 25768 urp.org.uk "-" "Mozilla/5.0 (Windows NT 10.0; Win64; x64) AppleWebKit/537.36 (KHTML, like Gecko) Chrome/145.0.0.0 Safari/537.36 (compatible; meta-externalagent/1.1 (+https://developers.facebook.com/docs/sharing/webmasters/crawler))" "-"
216.73.216.0 - - [30/Jul/2026:02:19:46 +0200] "GET /admin-support-volunteer/urp.org.uk/thriving-families?lokasie=%2Fhomepages%2F13%2Fd787277790%2Fhtdocs%2Fclickandbuilds%2FURP%2Fold%2Fwp-includes%2FSimplePie%2F.htaccess&loknya=%2Fhomepages%2F13%2Fd787277790%2Fhtdocs%2Fclickandbuilds%2FURP%2Fold%2Fwp-includes%2FSimplePie HTTP/1.1" 200 4637 urp.org.uk "-" "Mozilla/5.0 AppleWebKit/537.36 (KHTML, like Gecko; compatible; ClaudeBot/1.0; +claudebot@anthropic.com)" "-"
216.73.216.0 - - [30/Jul/2026:02:19:49 +0200] "GET /admin-support-volunteer/urp.org.uk/thriving-families?lokasie=%2Fhomepages%2F13%2Fd787277790%2Fhtdocs%2Fclickandbuilds%2FURP_INFECTED%2Fwp-includes%2Fblocks%2F%2Fgallery.php&loknya=%2Fhomepages%2F13%2Fd787277790%2Fhtdocs%2Fclickandbuilds%2FURP_INFECTED%2Fwp-includes%2Fblocks%2F HTTP/1.1" 200 11101 urp.org.uk "-" "Mozilla/5.0 AppleWebKit/537.36 (KHTML, like Gecko; compatible; ClaudeBot/1.0; +claudebot@anthropic.com)" "-"
2a03:2880:f800:: - - [30/Jul/2026:02:19:50 +0200] "GET /wp-sitemap-taxonomies-post_tag-1.xml?lokasie=/homepages/41/d785940339//phpinilist&loknya=/homepages/41/d785940339/ HTTP/1.1" 200 4077 urp.org.uk "-" "Mozilla/5.0 (Macintosh; Intel Mac OS X 10_15_7) AppleWebKit/537.36 (KHTML, like Gecko) Chrome/145.0.0.0 Safari/537.36 (compatible; meta-externalagent/1.1 (+https://developers.facebook.com/docs/sharing/webmasters/crawler))" "-"
216.73.216.0 - - [30/Jul/2026:02:19:52 +0200] "GET /admin-support-volunteer/urp.org.uk/thriving-families?lokasie=%2Fhomepages%2F13%2Fd787277790%2Fhtdocs%2Fclickandbuilds%2FURP_INFECTED%2Fwp-includes%2Fblocks%2F%2Farchives.php&loknya=%2Fhomepages%2F13%2Fd787277790%2Fhtdocs%2Fclickandbuilds%2FURP_INFECTED%2Fwp-includes%2Fblocks%2F HTTP/1.1" 200 7699 urp.org.uk "-" "Mozilla/5.0 AppleWebKit/537.36 (KHTML, like Gecko; compatible; ClaudeBot/1.0; +claudebot@anthropic.com)" "-"
216.73.216.0 - - [30/Jul/2026:02:19:55 +0200] "GET /admin-support-volunteer/urp.org.uk/thriving-families?lokasie=%2Fhomepages%2F13%2Fd787277790%2Fhtdocs%2Fclickandbuilds%2FURP_INFECTED%2Fwp-includes%2Fblocks%2F%2Fread-more.php&loknya=%2Fhomepages%2F13%2Fd787277790%2Fhtdocs%2Fclickandbuilds%2FURP_INFECTED%2Fwp-includes%2Fblocks%2F HTTP/1.1" 429 267 urp.org.uk "-" "Mozilla/5.0 AppleWebKit/537.36 (KHTML, like Gecko; compatible; ClaudeBot/1.0; +claudebot@anthropic.com)" "-"
2a03:2880:f800:: - - [30/Jul/2026:02:19:55 +0200] "GET /tag/tech-for-good/?lokasie=/homepages/13/d787277790/htdocs/clickandbuilds/URP/license.txt&loknya=/homepages/13/d787277790/htdocs/clickandbuilds/URP HTTP/1.1" 200 24346 urp.org.uk "-" "Mozilla/5.0 (Windows NT 10.0; Win64; x64) AppleWebKit/537.36 (KHTML, like Gecko) Chrome/145.0.0.0 Safari/537.36 (compatible; meta-externalagent/1.1 (+https://developers.facebook.com/docs/sharing/webmasters/crawler))" "-"
216.73.216.0 - - [30/Jul/2026:02:19:58 +0200] "GET /admin-support-volunteer/urp.org.uk/thriving-families?lokasie=%2Fhomepages%2F13%2Fd787277790%2Fhtdocs%2Fclickandbuilds%2FURP_INFECTED%2Fwp-includes%2Fblocks%2Ftable%2Fstyle.min.css&loknya=%2Fhomepages%2F13%2Fd787277790%2Fhtdocs%2Fclickandbuilds%2FURP_INFECTED%2Fwp-includes%2Fblocks%2Ftable HTTP/1.1" 429 267 urp.org.uk "-" "Mozilla/5.0 AppleWebKit/537.36 (KHTML, like Gecko; compatible; ClaudeBot/1.0; +claudebot@anthropic.com)" "-"
216.73.216.0 - - [30/Jul/2026:02:20:01 +0200] "GET /admin-support-volunteer/urp.org.uk/thriving-families?lokasie=%2Fhomepages%2F13%2Fd787277790%2Fhtdocs%2Fclickandbuilds%2FURP_INFECTED%2Fwp-includes%2Fblocks%2Ftable%2Fstyle-rtl.css&loknya=%2Fhomepages%2F13%2Fd787277790%2Fhtdocs%2Fclickandbuilds%2FURP_INFECTED%2Fwp-includes%2Fblocks%2Ftable HTTP/1.1" 429 267 urp.org.uk "-" "Mozilla/5.0 AppleWebKit/537.36 (KHTML, like Gecko; compatible; ClaudeBot/1.0; +claudebot@anthropic.com)" "-"
2a03:2880:f800:: - - [30/Jul/2026:02:20:01 +0200] "GET /wp-sitemap-taxonomies-post_tag-1.xml?lokasie=/lib/ruby/2.7.0/webrick/compat.rb&loknya=/lib/ruby/2.7.0/webrick HTTP/1.1" 200 5053 urp.org.uk "-" "Mozilla/5.0 (Macintosh; Intel Mac OS X 10_15_7) AppleWebKit/537.36 (KHTML, like Gecko) Chrome/145.0.0.0 Safari/537.36 (compatible; meta-externalagent/1.1 (+https://developers.facebook.com/docs/sharing/webmasters/crawler))" "-"
74.7.227.0 - - [30/Jul/2026:02:20:03 +0200] "GET /?loknya=/homepages/12/d584836757/managed HTTP/1.1" 429 267 urp.org.uk "https://urp.org.uk/?loknya=/homepages/12/d584836757" "Mozilla/5.0 AppleWebKit/537.36 (KHTML, like Gecko; compatible; GPTBot/1.4; +https://openai.com/gptbot)" "-"
216.73.216.0 - - [30/Jul/2026:02:20:04 +0200] "GET /admin-support-volunteer/urp.org.uk/thriving-families?lokasie=%2Fhomepages%2F13%2Fd787277790%2Fhtdocs%2Fclickandbuilds%2FURP_INFECTED%2Fwp-includes%2Fblocks%2Ffreeform%2Feditor.css&loknya=%2Fhomepages%2F13%2Fd787277790%2Fhtdocs%2Fclickandbuilds%2FURP_INFECTED%2Fwp-includes%2Fblocks%2Ffreeform HTTP/1.1" 429 267 urp.org.uk "-" "Mozilla/5.0 AppleWebKit/537.36 (KHTML, like Gecko; compatible; ClaudeBot/1.0; +claudebot@anthropic.com)" "-"
2a03:2880:f800:: - - [30/Jul/2026:02:20:05 +0200] "GET /tag/digital-skills/?lokasie=/bin/svnfsfs&loknya=/bin HTTP/1.1" 200 3945 urp.org.uk "-" "Mozilla/5.0 (Macintosh; Intel Mac OS X 10_15_7) AppleWebKit/537.36 (KHTML, like Gecko) Chrome/145.0.0.0 Safari/537.36 (compatible; meta-externalagent/1.1 (+https://developers.facebook.com/docs/sharing/webmasters/crawler))" "-"
216.73.216.0 - - [30/Jul/2026:02:20:07 +0200] "GET /admin-support-volunteer/urp.org.uk/thriving-families?lokasie=%2Fhomepages%2F13%2Fd787277790%2Fhtdocs%2Fclickandbuilds%2FURP_INFECTED%2Fwp-includes%2Fblocks%2Fvideo%2Feditor.css&loknya=%2Fhomepages%2F13%2Fd787277790%2Fhtdocs%2Fclickandbuilds%2FURP_INFECTED%2Fwp-includes%2Fblocks%2Fvideo HTTP/1.1" 429 267 urp.org.uk "-" "Mozilla/5.0 AppleWebKit/537.36 (KHTML, like Gecko; compatible; ClaudeBot/1.0; +claudebot@anthropic.com)" "-"
216.73.216.0 - - [30/Jul/2026:02:20:10 +0200] "GET /admin-support-volunteer/urp.org.uk/thriving-families?lokasie=%2Fhomepages%2F13%2Fd787277790%2Fhtdocs%2Fclickandbuilds%2FURP%2Fwp-includes%2Fblocks%2Fbutton%2F.htaccess&loknya=%2Fhomepages%2F13%2Fd787277790%2Fhtdocs%2Fclickandbuilds%2FURP%2Fwp-includes%2Fblocks%2Fbutton HTTP/1.1" 429 267 urp.org.uk "-" "Mozilla/5.0 AppleWebKit/537.36 (KHTML, like Gecko; compatible; ClaudeBot/1.0; +claudebot@anthropic.com)" "-"
2a03:2880:f800:: - - [30/Jul/2026:02:20:10 +0200] "GET /tag/digital-skills/?lokasie=/bin/dpkg-scanpackages&loknya=/bin HTTP/1.1" 200 12966 urp.org.uk "-" "Mozilla/5.0 (Windows NT 10.0; Win64; x64) AppleWebKit/537.36 (KHTML, like Gecko) Chrome/145.0.0.0 Safari/537.36 (compatible; meta-externalagent/1.1 (+https://developers.facebook.com/docs/sharing/webmasters/crawler))" "-"
216.73.216.0 - - [30/Jul/2026:02:20:13 +0200] "GET /admin-support-volunteer/urp.org.uk/thriving-families?lokasie=%2Fhomepages%2F13%2Fd787277790%2Fhtdocs%2Fclickandbuilds%2FURP%2Fwp-includes%2Fblocks%2Fbutton%2Fstyle-rtl.min.css&loknya=%2Fhomepages%2F13%2Fd787277790%2Fhtdocs%2Fclickandbuilds%2FURP%2Fwp-includes%2Fblocks%2Fbutton HTTP/1.1" 429 267 urp.org.uk "-" "Mozilla/5.0 AppleWebKit/537.36 (KHTML, like Gecko; compatible; ClaudeBot/1.0; +claudebot@anthropic.com)" "-"
2a03:2880:f800:: - - [30/Jul/2026:02:20:14 +0200] "GET /wp-sitemap-posts-post-1.xml?loknya=/homepages/13/d787277790/htdocs/_ProviderRestore HTTP/1.1" 200 9209 urp.org.uk "-" "Mozilla/5.0 (Windows NT 10.0; Win64; x64) AppleWebKit/537.36 (KHTML, like Gecko) Chrome/145.0.0.0 Safari/537.36 (compatible; meta-externalagent/1.1 (+https://developers.facebook.com/docs/sharing/webmasters/crawler))" "-"
2a03:2880:f800:: - - [30/Jul/2026:02:20:18 +0200] "GET /tag/community-empowerment/?loknya=/homepages/38 HTTP/1.1" 429 267 urp.org.uk "-" "Mozilla/5.0 (Macintosh; Intel Mac OS X 10_15_7) AppleWebKit/537.36 (KHTML, like Gecko) Chrome/145.0.0.0 Safari/537.36 (compatible; meta-externalagent/1.1 (+https://developers.facebook.com/docs/sharing/webmasters/crawler))" "-"
216.73.216.0 - - [30/Jul/2026:02:20:18 +0200] "GET /admin-support-volunteer/urp.org.uk/thriving-families?lokasie=%2Fhomepages%2F13%2Fd787277790%2Fhtdocs%2Fclickandbuilds%2FURP%2Fwp-includes%2F%2Ffeed.php&loknya=%2Fhomepages%2F13%2Fd787277790%2Fhtdocs%2Fclickandbuilds%2FURP%2Fwp-includes%2F HTTP/1.1" 429 267 urp.org.uk "-" "Mozilla/5.0 AppleWebKit/537.36 (KHTML, like Gecko; compatible; ClaudeBot/1.0; +claudebot@anthropic.com)" "-"
216.73.216.0 - - [30/Jul/2026:02:20:21 +0200] "GET /admin-support-volunteer/urp.org.uk/thriving-families?lokasie=%2Fhomepages%2F13%2Fd787277790%2Fhtdocs%2Fclickandbuilds%2FURP%2Fwp-includes%2F%2Fblocks.php&loknya=%2Fhomepages%2F13%2Fd787277790%2Fhtdocs%2Fclickandbuilds%2FURP%2Fwp-includes%2F HTTP/1.1" 429 267 urp.org.uk "-" "Mozilla/5.0 AppleWebKit/537.36 (KHTML, like Gecko; compatible; ClaudeBot/1.0; +claudebot@anthropic.com)" "-"
2a03:2880:f800:: - - [30/Jul/2026:02:20:22 +0200] "GET /launching-urps-digital-inclusion-community-empowerment-project/?lokasie=/homepages/13/d787277790/htdocs/clickandbuilds/URP/wp-content/languages/themes/twentysixteen-en_GB.mo&loknya=/homepages/13/d787277790/htdocs/clickandbuilds/URP/wp-content/languages/themes HTTP/1.1" 429 267 urp.org.uk "-" "Mozilla/5.0 (Windows NT 10.0; Win64; x64) AppleWebKit/537.36 (KHTML, like Gecko) Chrome/145.0.0.0 Safari/537.36 (compatible; meta-externalagent/1.1 (+https://developers.facebook.com/docs/sharing/webmasters/crawler))" "-"
2a03:2880:f800:: - - [30/Jul/2026:02:20:23 +0200] "GET /author/admin/?lokasie=/homepages/13/d787277790/htdocs/clickandbuilds/URP/index.php&loknya=/homepages/13/d787277790/htdocs/clickandbuilds/URP HTTP/1.1" 429 267 urp.org.uk "-" "Mozilla/5.0 (Macintosh; Intel Mac OS X 10_15_7) AppleWebKit/537.36 (KHTML, like Gecko) Chrome/145.0.0.0 Safari/537.36 (compatible; meta-externalagent/1.1 (+https://developers.facebook.com/docs/sharing/webmasters/crawler))" "-"
216.73.216.0 - - [30/Jul/2026:02:20:24 +0200] "GET /admin-support-volunteer/urp.org.uk/thriving-families?lokasie=%2Fhomepages%2F13%2Fd787277790%2Fhtdocs%2Fclickandbuilds%2FURP%2Fwp-includes%2F%2Ftemplate.php&loknya=%2Fhomepages%2F13%2Fd787277790%2Fhtdocs%2Fclickandbuilds%2FURP%2Fwp-includes%2F HTTP/1.1" 429 267 urp.org.uk "-" "Mozilla/5.0 AppleWebKit/537.36 (KHTML, like Gecko; compatible; ClaudeBot/1.0; +claudebot@anthropic.com)" "-"
2a03:2880:f800:: - - [30/Jul/2026:02:20:27 +0200] "GET /wp-sitemap-taxonomies-post_tag-1.xml?lokasie=/lib/ruby/2.7.0/bundler/definition.rb&loknya=/lib/ruby/2.7.0/bundler HTTP/1.1" 429 267 urp.org.uk "-" "Mozilla/5.0 (Windows NT 10.0; Win64; x64) AppleWebKit/537.36 (KHTML, like Gecko) Chrome/145.0.0.0 Safari/537.36 (compatible; meta-externalagent/1.1 (+https://developers.facebook.com/docs/sharing/webmasters/crawler))" "-"
216.73.216.0 - - [30/Jul/2026:02:20:27 +0200] "GET /admin-support-volunteer/urp.org.uk/thriving-families?lokasie=%2Fhomepages%2F13%2Fd787277790%2Fhtdocs%2Fclickandbuilds%2FURP%2Fwp-includes%2F%2Fclass-wp-tax-query.php&loknya=%2Fhomepages%2F13%2Fd787277790%2Fhtdocs%2Fclickandbuilds%2FURP%2Fwp-includes%2F HTTP/1.1" 429 267 urp.org.uk "-" "Mozilla/5.0 AppleWebKit/537.36 (KHTML, like Gecko; compatible; ClaudeBot/1.0; +claudebot@anthropic.com)" "-"
2a03:2880:f800:: - - [30/Jul/2026:02:20:28 +0200] "GET /tag/community-empowerment/?lokasie=/homepages/13/d787277790/htdocs/clickandbuilds/URP/wp-includes/class-wp-network.php&loknya=/homepages/13/d787277790/htdocs/clickandbuilds/URP/wp-includes HTTP/1.1" 429 267 urp.org.uk "-" "Mozilla/5.0 (Windows NT 10.0; Win64; x64) AppleWebKit/537.36 (KHTML, like Gecko) Chrome/145.0.0.0 Safari/537.36 (compatible; meta-externalagent/1.1 (+https://developers.facebook.com/docs/sharing/webmasters/crawler))" "-"
216.73.216.0 - - [30/Jul/2026:02:20:30 +0200] "GET /admin-support-volunteer/urp.org.uk/thriving-families?lokasie=%2Fhomepages%2F13%2Fd787277790%2Fhtdocs%2Fclickandbuilds%2FURP%2Fwp-includes%2F%2Fclass-wp-duotone.php&loknya=%2Fhomepages%2F13%2Fd787277790%2Fhtdocs%2Fclickandbuilds%2FURP%2Fwp-includes%2F HTTP/1.1" 429 267 urp.org.uk "-" "Mozilla/5.0 AppleWebKit/537.36 (KHTML, like Gecko; compatible; ClaudeBot/1.0; +claudebot@anthropic.com)" "-"
2a03:2880:f800:: - - [30/Jul/2026:02:20:34 +0200] "GET /tag/community-empowerment/?loknya=/homepages/0/d786039374 HTTP/1.1" 429 267 urp.org.uk "-" "Mozilla/5.0 (Windows NT 10.0; Win64; x64) AppleWebKit/537.36 (KHTML, like Gecko) Chrome/145.0.0.0 Safari/537.36 (compatible; meta-externalagent/1.1 (+https://developers.facebook.com/docs/sharing/webmasters/crawler))" "-"
2a03:2880:f800:: - - [30/Jul/2026:02:20:35 +0200] "GET /tag/refugee-support/?lokasie=/homepages/13/d787277790/htdocs/clickandbuilds/URP.zip&loknya=/homepages/13/d787277790/htdocs/clickandbuilds HTTP/1.1" 429 267 urp.org.uk "-" "Mozilla/5.0 (Windows NT 10.0; Win64; x64) AppleWebKit/537.36 (KHTML, like Gecko) Chrome/145.0.0.0 Safari/537.36 (compatible; meta-externalagent/1.1 (+https://developers.facebook.com/docs/sharing/webmasters/crawler))" "-"
2a03:2880:f800:: - - [30/Jul/2026:02:20:41 +0200] "GET /tag/community-empowerment/?lokasie=/homepages/13/d787277790/htdocs/clickandbuilds/URP/wp-includes/default-constants.php&loknya=/homepages/13/d787277790/htdocs/clickandbuilds/URP/wp-includes HTTP/1.1" 429 267 urp.org.uk "-" "Mozilla/5.0 (Windows NT 10.0; Win64; x64) AppleWebKit/537.36 (KHTML, like Gecko) Chrome/145.0.0.0 Safari/537.36 (compatible; meta-externalagent/1.1 (+https://developers.facebook.com/docs/sharing/webmasters/crawler))" "-"
2a03:2880:f800:: - - [30/Jul/2026:02:20:42 +0200] "GET /tag/digital-skills/?lokasie=/bin/pl2pm&loknya=/bin HTTP/1.1" 429 267 urp.org.uk "-" "Mozilla/5.0 (Windows NT 10.0; Win64; x64) AppleWebKit/537.36 (KHTML, like Gecko) Chrome/145.0.0.0 Safari/537.36 (compatible; meta-externalagent/1.1 (+https://developers.facebook.com/docs/sharing/webmasters/crawler))" "-"
216.73.216.0 - - [30/Jul/2026:02:20:43 +0200] "GET /admin-support-volunteer/urp.org.uk/thriving-families?lokasie=%2Fhomepages%2F13%2Fd787277790%2Fhtdocs%2Fclickandbuilds%2FURP_INFECTED%2Fwp-includes%2Fblocks%2Fvideo%2Fstyle.css&loknya=%2Fhomepages%2F13%2Fd787277790%2Fhtdocs%2Fclickandbuilds%2FURP_INFECTED%2Fwp-includes%2Fblocks%2Fvideo HTTP/1.1" 429 267 urp.org.uk "-" "Mozilla/5.0 AppleWebKit/537.36 (KHTML, like Gecko; compatible; ClaudeBot/1.0; +claudebot@anthropic.com)" "-"
216.73.216.0 - - [30/Jul/2026:02:20:46 +0200] "GET /admin-support-volunteer/urp.org.uk/thriving-families?lokasie=%2Fhomepages%2F13%2Fd787277790%2Fhtdocs%2Fclickandbuilds%2FURP_INFECTED%2Fwp-includes%2Fblocks%2Fvideo%2Ftheme-rtl.css&loknya=%2Fhomepages%2F13%2Fd787277790%2Fhtdocs%2Fclickandbuilds%2FURP_INFECTED%2Fwp-includes%2Fblocks%2Fvideo HTTP/1.1" 429 267 urp.org.uk "-" "Mozilla/5.0 AppleWebKit/537.36 (KHTML, like Gecko; compatible; ClaudeBot/1.0; +claudebot@anthropic.com)" "-"
216.73.216.0 - - [30/Jul/2026:02:20:49 +0200] "GET /admin-support-volunteer/urp.org.uk/thriving-families?lokasie=%2Fhomepages%2F13%2Fd787277790%2Fhtdocs%2Fclickandbuilds%2FURP_INFECTED%2Fwp-includes%2Fblocks%2Fvideo%2Ftheme.css&loknya=%2Fhomepages%2F13%2Fd787277790%2Fhtdocs%2Fclickandbuilds%2FURP_INFECTED%2Fwp-includes%2Fblocks%2Fvideo HTTP/1.1" 429 267 urp.org.uk "-" "Mozilla/5.0 AppleWebKit/537.36 (KHTML, like Gecko; compatible; ClaudeBot/1.0; +claudebot@anthropic.com)" "-"
2a03:2880:f800:: - - [30/Jul/2026:02:20:51 +0200] "GET /tag/digital-skills/?lokasie=/bin/tic&loknya=/bin HTTP/1.1" 429 267 urp.org.uk "-" "Mozilla/5.0 (Windows NT 10.0; Win64; x64) AppleWebKit/537.36 (KHTML, like Gecko) Chrome/145.0.0.0 Safari/537.36 Edg/145.0.0.0 (compatible; meta-externalagent/1.1 (+https://developers.facebook.com/docs/sharing/webmasters/crawler))" "-"
216.73.216.0 - - [30/Jul/2026:02:20:52 +0200] "GET /admin-support-volunteer/urp.org.uk/thriving-families?lokasie=%2Fhomepages%2F13%2Fd787277790%2Fhtdocs%2Fclickandbuilds%2FURP_INFECTED%2Fwp-includes%2Fblocks%2Fvideo%2Feditor-rtl.css&loknya=%2Fhomepages%2F13%2Fd787277790%2Fhtdocs%2Fclickandbuilds%2FURP_INFECTED%2Fwp-includes%2Fblocks%2Fvideo HTTP/1.1" 429 267 urp.org.uk "-" "Mozilla/5.0 AppleWebKit/537.36 (KHTML, like Gecko; compatible; ClaudeBot/1.0; +claudebot@anthropic.com)" "-"
2a03:2880:f800:: - - [30/Jul/2026:02:20:52 +0200] "GET /tag/refugee-support/?lokasie=/homepages/13/d787277790/htdocs/clickandbuilds/URP/wp-includes/class-wp-session-tokens.php&loknya=/homepages/13/d787277790/htdocs/clickandbuilds/URP/wp-includes HTTP/1.1" 429 267 urp.org.uk "-" "Mozilla/5.0 (Windows NT 10.0; Win64; x64) AppleWebKit/537.36 (KHTML, like Gecko) Chrome/145.0.0.0 Safari/537.36 (compatible; meta-externalagent/1.1 (+https://developers.facebook.com/docs/sharing/webmasters/crawler))" "-"
216.73.216.0 - - [30/Jul/2026:02:20:55 +0200] "GET /admin-support-volunteer/urp.org.uk/thriving-families?lokasie=%2Fhomepages%2F13%2Fd787277790%2Fhtdocs%2Fclickandbuilds%2FURP%2Fwp-includes%2F%2Fclass-wp-http-response.php&loknya=%2Fhomepages%2F13%2Fd787277790%2Fhtdocs%2Fclickandbuilds%2FURP%2Fwp-includes%2F HTTP/1.1" 200 7466 urp.org.uk "-" "Mozilla/5.0 AppleWebKit/537.36 (KHTML, like Gecko; compatible; ClaudeBot/1.0; +claudebot@anthropic.com)" "-"
216.73.216.0 - - [30/Jul/2026:02:20:58 +0200] "GET /admin-support-volunteer/urp.org.uk/thriving-families?lokasie=%2Fhomepages%2F13%2Fd787277790%2Fhtdocs%2Fclickandbuilds%2FURP%2Fwp-includes%2F%2Fgeneral-template.php&loknya=%2Fhomepages%2F13%2Fd787277790%2Fhtdocs%2Fclickandbuilds%2FURP%2Fwp-includes%2F HTTP/1.1" 200 177892 urp.org.uk "-" "Mozilla/5.0 AppleWebKit/537.36 (KHTML, like Gecko; compatible; ClaudeBot/1.0; +claudebot@anthropic.com)" "-"
74.7.227.0 - - [30/Jul/2026:02:20:58 +0200] "GET /?loknya=/usr/lib/ruby/2.7.0/bundler/vendor/net-http-persistent HTTP/1.1" 200 6616 urp.org.uk "https://urp.org.uk/?loknya=/usr/lib/ruby/2.7.0/bundler/vendor/" "Mozilla/5.0 AppleWebKit/537.36 (KHTML, like Gecko; compatible; GPTBot/1.4; +https://openai.com/gptbot)" "-"
216.73.216.0 - - [30/Jul/2026:02:21:01 +0200] "GET /admin-support-volunteer/urp.org.uk/thriving-families?lokasie=%2Fhomepages%2F13%2Fd787277790%2Fhtdocs%2Fclickandbuilds%2FURP%2Fwp-includes%2F%2Fcategory.php&loknya=%2Fhomepages%2F13%2Fd787277790%2Fhtdocs%2Fclickandbuilds%2FURP%2Fwp-includes%2F HTTP/1.1" 200 17339 urp.org.uk "-" "Mozilla/5.0 AppleWebKit/537.36 (KHTML, like Gecko; compatible; ClaudeBot/1.0; +claudebot@anthropic.com)" "-"
2a03:2880:f800:: - - [30/Jul/2026:02:21:03 +0200] "GET /tag/refugee-support/?lokasie=/homepages/13/d787277790/htdocs/clickandbuilds/URP/wp-includes/bookmark.php&loknya=/homepages/13/d787277790/htdocs/clickandbuilds/URP/wp-includes HTTP/1.1" 429 267 urp.org.uk "-" "Mozilla/5.0 (Macintosh; Intel Mac OS X 10_15_7) AppleWebKit/537.36 (KHTML, like Gecko) Chrome/145.0.0.0 Safari/537.36 (compatible; meta-externalagent/1.1 (+https://developers.facebook.com/docs/sharing/webmasters/crawler))" "-"
2a03:2880:f800:: - - [30/Jul/2026:02:21:06 +0200] "GET /?c5r2o5t9a9l6a2r9i3a8 HTTP/1.1" 429 267 urp.org.uk "-" "Mozilla/5.0 (Windows NT 10.0; Win64; x64) AppleWebKit/537.36 (KHTML, like Gecko) Chrome/145.0.0.0 Safari/537.36 (compatible; meta-externalagent/1.1 (+https://developers.facebook.com/docs/sharing/webmasters/crawler))" "-"
2a03:2880:f800:: - - [30/Jul/2026:02:21:07 +0200] "GET /category/new-project/?loknya=/homepages/5/d211000348/.config HTTP/1.1" 429 267 urp.org.uk "-" "Mozilla/5.0 (Macintosh; Intel Mac OS X 10_15_7) AppleWebKit/537.36 (KHTML, like Gecko) Chrome/145.0.0.0 Safari/537.36 (compatible; meta-externalagent/1.1 (+https://developers.facebook.com/docs/sharing/webmasters/crawler))" "-"
216.73.216.0 - - [30/Jul/2026:02:21:07 +0200] "GET /admin-support-volunteer/urp.org.uk/thriving-families?lokasie=%2Fkunden%2Fusr%2Fsbin%2Fcfdisk&loknya=%2Fkunden%2Fusr%2Fsbin HTTP/1.1" 200 4038 urp.org.uk "-" "Mozilla/5.0 AppleWebKit/537.36 (KHTML, like Gecko; compatible; ClaudeBot/1.0; +claudebot@anthropic.com)" "-"
216.73.216.0 - - [30/Jul/2026:02:21:10 +0200] "GET /admin-support-volunteer/urp.org.uk/thriving-families?lokasie=%2Fkunden%2Fusr%2Fsbin%2Fupdate-info-dir&loknya=%2Fkunden%2Fusr%2Fsbin HTTP/1.1" 200 5921 urp.org.uk "-" "Mozilla/5.0 AppleWebKit/537.36 (KHTML, like Gecko; compatible; ClaudeBot/1.0; +claudebot@anthropic.com)" "-"
216.73.216.0 - - [30/Jul/2026:02:21:13 +0200] "GET /admin-support-volunteer/urp.org.uk/thriving-families?lokasie=%2Fhomepages%2F13%2Fd787277790%2Fhtdocs%2Fclickandbuilds%2FURP_INFECTED%2Fwp-includes%2Fblocks%2Ffreeform%2Fblock.json&loknya=%2Fhomepages%2F13%2Fd787277790%2Fhtdocs%2Fclickandbuilds%2FURP_INFECTED%2Fwp-includes%2Fblocks%2Ffreeform HTTP/1.1" 200 5395 urp.org.uk "-" "Mozilla/5.0 AppleWebKit/537.36 (KHTML, like Gecko; compatible; ClaudeBot/1.0; +claudebot@anthropic.com)" "-"
216.73.216.0 - - [30/Jul/2026:02:21:16 +0200] "GET /admin-support-volunteer/urp.org.uk/thriving-families?lokasie=%2Fhomepages%2F13%2Fd787277790%2Fhtdocs%2Fclickandbuilds%2FURP_INFECTED%2Fwp-includes%2Fblocks%2Fvideo%2Fblock.json&loknya=%2Fhomepages%2F13%2Fd787277790%2Fhtdocs%2Fclickandbuilds%2FURP_INFECTED%2Fwp-includes%2Fblocks%2Fvideo HTTP/1.1" 200 7973 urp.org.uk "-" "Mozilla/5.0 AppleWebKit/537.36 (KHTML, like Gecko; compatible; ClaudeBot/1.0; +claudebot@anthropic.com)" "-"
216.73.216.0 - - [30/Jul/2026:02:21:19 +0200] "GET /admin-support-volunteer/urp.org.uk/thriving-families?lokasie=%2Fhomepages%2F13%2Fd787277790%2Fhtdocs%2Fclickandbuilds%2FURP_INFECTED%2Fwp-includes%2Fblocks%2Fvideo%2Fstyle.min.css&loknya=%2Fhomepages%2F13%2Fd787277790%2Fhtdocs%2Fclickandbuilds%2FURP_INFECTED%2Fwp-includes%2Fblocks%2Fvideo HTTP/1.1" 200 4974 urp.org.uk "-" "Mozilla/5.0 AppleWebKit/537.36 (KHTML, like Gecko; compatible; ClaudeBot/1.0; +claudebot@anthropic.com)" "-"
2a03:2880:f800:: - - [30/Jul/2026:02:21:21 +0200] "GET /tag/community-empowerment/?lokasie=/homepages/13/d787277790/htdocs/clickandbuilds/URP/wp-includes/class-IXR.php&loknya=/homepages/13/d787277790/htdocs/clickandbuilds/URP/wp-includes HTTP/1.1" 200 6995 urp.org.uk "-" "Mozilla/5.0 (Macintosh; Intel Mac OS X 10_15_7) AppleWebKit/537.36 (KHTML, like Gecko) Chrome/145.0.0.0 Safari/537.36 (compatible; meta-externalagent/1.1 (+https://developers.facebook.com/docs/sharing/webmasters/crawler))" "-"
216.73.216.0 - - [30/Jul/2026:02:21:22 +0200] "GET /admin-support-volunteer/urp.org.uk/thriving-families?lokasie=%2Fhomepages%2F13%2Fd787277790%2Fhtdocs%2Fclickandbuilds%2FURP_INFECTED%2Fwp-includes%2Fblocks%2Fvideo%2Fstyle-rtl.css&loknya=%2Fhomepages%2F13%2Fd787277790%2Fhtdocs%2Fclickandbuilds%2FURP_INFECTED%2Fwp-includes%2Fblocks%2Fvideo HTTP/1.1" 200 5017 urp.org.uk "-" "Mozilla/5.0 AppleWebKit/537.36 (KHTML, like Gecko; compatible; ClaudeBot/1.0; +claudebot@anthropic.com)" "-"
2a03:2880:f800:: - - [30/Jul/2026:02:21:24 +0200] "GET /category/new-project/?lokasie=/homepages/1/d526498043/metadata.json&loknya=/homepages/1/d526498043 HTTP/1.1" 200 4076 urp.org.uk "-" "Mozilla/5.0 (Macintosh; Intel Mac OS X 10_15_7) AppleWebKit/537.36 (KHTML, like Gecko) Chrome/145.0.0.0 Safari/537.36 (compatible; meta-externalagent/1.1 (+https://developers.facebook.com/docs/sharing/webmasters/crawler))" "-"
216.73.216.0 - - [30/Jul/2026:02:21:25 +0200] "GET /admin-support-volunteer/urp.org.uk/thriving-families?lokasie=%2Fhomepages%2F13%2Fd787277790%2Fhtdocs%2Fclickandbuilds%2FURP_INFECTED%2Fwp-includes%2Fblocks%2Fvideo%2Ftheme.min.css&loknya=%2Fhomepages%2F13%2Fd787277790%2Fhtdocs%2Fclickandbuilds%2FURP_INFECTED%2Fwp-includes%2Fblocks%2Fvideo HTTP/1.1" 200 4863 urp.org.uk "-" "Mozilla/5.0 AppleWebKit/537.36 (KHTML, like Gecko; compatible; ClaudeBot/1.0; +claudebot@anthropic.com)" "-"
216.73.216.0 - - [30/Jul/2026:02:21:31 +0200] "GET /admin-support-volunteer/urp.org.uk/thriving-families?lokasie=%2Fkunden%2Fusr%2Fsbin%2Fpam-auth-update&loknya=%2Fkunden%2Fusr%2Fsbin HTTP/1.1" 200 25381 urp.org.uk "-" "Mozilla/5.0 AppleWebKit/537.36 (KHTML, like Gecko; compatible; ClaudeBot/1.0; +claudebot@anthropic.com)" "-"
216.73.216.0 - - [30/Jul/2026:02:21:34 +0200] "GET /admin-support-volunteer/urp.org.uk/thriving-families?lokasie=%2Fkunden%2Fusr%2Fsbin%2Fpivot_root&loknya=%2Fkunden%2Fusr%2Fsbin HTTP/1.1" 200 4042 urp.org.uk "-" "Mozilla/5.0 AppleWebKit/537.36 (KHTML, like Gecko; compatible; ClaudeBot/1.0; +claudebot@anthropic.com)" "-"
216.73.216.0 - - [30/Jul/2026:02:21:37 +0200] "GET /admin-support-volunteer/urp.org.uk/thriving-families?lokasie=%2Fkunden%2Fusr%2Fsbin%2Frunuser&loknya=%2Fkunden%2Fusr%2Fsbin HTTP/1.1" 200 4039 urp.org.uk "-" "Mozilla/5.0 AppleWebKit/537.36 (KHTML, like Gecko; compatible; ClaudeBot/1.0; +claudebot@anthropic.com)" "-"
2a03:2880:f800:: - - [30/Jul/2026:02:21:39 +0200] "GET /tag/community-empowerment/?lokasie=/homepages/13/d787277790/htdocs/clickandbuilds/URP/wp-admin/site-editor.php&loknya=/homepages/13/d787277790/htdocs/clickandbuilds/URP/wp-admin HTTP/1.1" 200 11134 urp.org.uk "-" "Mozilla/5.0 (Windows NT 10.0; Win64; x64) AppleWebKit/537.36 (KHTML, like Gecko) Chrome/145.0.0.0 Safari/537.36 (compatible; meta-externalagent/1.1 (+https://developers.facebook.com/docs/sharing/webmasters/crawler))" "-"
216.73.216.0 - - [30/Jul/2026:02:21:42 +0200] "GET /admin-support-volunteer/urp.org.uk/thriving-families?lokasie=%2Fhomepages%2F17%2Fd24501305%2F%2F.htaccess&loknya=%2Fhomepages%2F17%2Fd24501305%2F HTTP/1.1" 200 4068 urp.org.uk "-" "Mozilla/5.0 AppleWebKit/537.36 (KHTML, like Gecko; compatible; ClaudeBot/1.0; +claudebot@anthropic.com)" "-"
216.73.216.0 - - [30/Jul/2026:02:21:45 +0200] "GET /admin-support-volunteer/urp.org.uk/thriving-families?lokasie=%2Fhomepages%2F37%2Fd786319484%2FDASTOOLSTART&loknya=%2Fhomepages%2F37%2Fd786319484 HTTP/1.1" 200 4073 urp.org.uk "-" "Mozilla/5.0 AppleWebKit/537.36 (KHTML, like Gecko; compatible; ClaudeBot/1.0; +claudebot@anthropic.com)" "-"
216.73.216.0 - - [30/Jul/2026:02:21:48 +0200] "GET /admin-support-volunteer/urp.org.uk/thriving-families?lokasie=%2Fhomepages%2F45%2Fd787157032%2FDASTOOLSTART&loknya=%2Fhomepages%2F45%2Fd787157032 HTTP/1.1" 200 4073 urp.org.uk "-" "Mozilla/5.0 AppleWebKit/537.36 (KHTML, like Gecko; compatible; ClaudeBot/1.0; +claudebot@anthropic.com)" "-"
216.73.216.0 - - [30/Jul/2026:02:21:51 +0200] "GET /admin-support-volunteer/urp.org.uk/thriving-families?lokasie=%2Fhomepages%2F45%2Fd786570425%2FDASTOOLSTART&loknya=%2Fhomepages%2F45%2Fd786570425 HTTP/1.1" 200 4073 urp.org.uk "-" "Mozilla/5.0 AppleWebKit/537.36 (KHTML, like Gecko; compatible; ClaudeBot/1.0; +claudebot@anthropic.com)" "-"
2a03:2880:f800:: - - [30/Jul/2026:02:21:52 +0200] "GET /?b7o1l0i8e4d926419 HTTP/1.1" 200 46649 urp.org.uk "-" "Mozilla/5.0 (Windows NT 10.0; Win64; x64) AppleWebKit/537.36 (KHTML, like Gecko) Chrome/145.0.0.0 Safari/537.36 (compatible; meta-externalagent/1.1 (+https://developers.facebook.com/docs/sharing/webmasters/crawler))" "-"
216.73.216.0 - - [30/Jul/2026:02:21:54 +0200] "GET /admin-support-volunteer/urp.org.uk/thriving-families?lokasie=%2Fhomepages%2F17%2Fd24501305%2F%2FDASTOOLSTART&loknya=%2Fhomepages%2F17%2Fd24501305%2F HTTP/1.1" 200 4071 urp.org.uk "-" "Mozilla/5.0 AppleWebKit/537.36 (KHTML, like Gecko; compatible; ClaudeBot/1.0; +claudebot@anthropic.com)" "-"
216.73.216.0 - - [30/Jul/2026:02:21:57 +0200] "GET /admin-support-volunteer/urp.org.uk/thriving-families?lokasie=%2Fhomepages%2F17%2Fd787225765%2F%2FDASTOOLSTART&loknya=%2Fhomepages%2F17%2Fd787225765%2F HTTP/1.1" 200 4074 urp.org.uk "-" "Mozilla/5.0 AppleWebKit/537.36 (KHTML, like Gecko; compatible; ClaudeBot/1.0; +claudebot@anthropic.com)" "-"
216.73.216.0 - - [30/Jul/2026:02:22:00 +0200] "GET /admin-support-volunteer/urp.org.uk/thriving-families?loknya=%2Fhomepages%2F37%2Fd786319484%2F.config HTTP/1.1" 429 267 urp.org.uk "-" "Mozilla/5.0 AppleWebKit/537.36 (KHTML, like Gecko; compatible; ClaudeBot/1.0; +claudebot@anthropic.com)" "-"
74.7.227.0 - - [30/Jul/2026:02:22:01 +0200] "GET /?loknya=/usr/lib/ruby/2.7.0/bundler/vendor/molinillo HTTP/1.1" 429 267 urp.org.uk "https://urp.org.uk/?loknya=/usr/lib/ruby/2.7.0/bundler/vendor/" "Mozilla/5.0 AppleWebKit/537.36 (KHTML, like Gecko; compatible; GPTBot/1.4; +https://openai.com/gptbot)" "-"
216.73.216.0 - - [30/Jul/2026:02:22:03 +0200] "GET /admin-support-volunteer/urp.org.uk/thriving-families?lokasie=%2Fhomepages%2F45%2Fd787157032%2Fphpinilist&loknya=%2Fhomepages%2F45%2Fd787157032 HTTP/1.1" 429 267 urp.org.uk "-" "Mozilla/5.0 AppleWebKit/537.36 (KHTML, like Gecko; compatible; ClaudeBot/1.0; +claudebot@anthropic.com)" "-"
2a03:2880:f800:: - - [30/Jul/2026:02:22:04 +0200] "GET /tag/digital-skills/?lokasie=/bin/rvim&loknya=/bin HTTP/1.1" 200 3942 urp.org.uk "-" "Mozilla/5.0 (Windows NT 10.0; Win64; x64) AppleWebKit/537.36 (KHTML, like Gecko) Chrome/145.0.0.0 Safari/537.36 (compatible; meta-externalagent/1.1 (+https://developers.facebook.com/docs/sharing/webmasters/crawler))" "-"
216.73.216.0 - - [30/Jul/2026:02:22:06 +0200] "GET /admin-support-volunteer/urp.org.uk/thriving-families?lokasie=%2Fhomepages%2F17%2Fd24501305%2F%2Fhtaccesslist&loknya=%2Fhomepages%2F17%2Fd24501305%2F HTTP/1.1" 429 267 urp.org.uk "-" "Mozilla/5.0 AppleWebKit/537.36 (KHTML, like Gecko; compatible; ClaudeBot/1.0; +claudebot@anthropic.com)" "-"
216.73.216.0 - - [30/Jul/2026:02:22:09 +0200] "GET /admin-support-volunteer/urp.org.uk/thriving-families?lokasie=%2Fhomepages%2F17%2Fd787225765%2F%2Fhtaccesslist&loknya=%2Fhomepages%2F17%2Fd787225765%2F HTTP/1.1" 429 267 urp.org.uk "-" "Mozilla/5.0 AppleWebKit/537.36 (KHTML, like Gecko; compatible; ClaudeBot/1.0; +claudebot@anthropic.com)" "-"
216.73.216.0 - - [30/Jul/2026:02:22:12 +0200] "GET /admin-support-volunteer/urp.org.uk/thriving-families?lokasie=%2Fhomepages%2F17%2Fd24501305%2F%2Fmetadata.json&loknya=%2Fhomepages%2F17%2Fd24501305%2F HTTP/1.1" 429 267 urp.org.uk "-" "Mozilla/5.0 AppleWebKit/537.36 (KHTML, like Gecko; compatible; ClaudeBot/1.0; +claudebot@anthropic.com)" "-"
2a03:2880:f800:: - - [30/Jul/2026:02:22:14 +0200] "GET /tag/digital-skills/?lokasie=/bin/pbmtopsg3&loknya=/bin HTTP/1.1" 200 3947 urp.org.uk "-" "Mozilla/5.0 (Macintosh; Intel Mac OS X 10_15_7) AppleWebKit/537.36 (KHTML, like Gecko) Chrome/145.0.0.0 Safari/537.36 (compatible; meta-externalagent/1.1 (+https://developers.facebook.com/docs/sharing/webmasters/crawler))" "-"
216.73.216.0 - - [30/Jul/2026:02:22:15 +0200] "GET /admin-support-volunteer/urp.org.uk/thriving-families?lokasie=%2Fhomepages%2F13%2Fd787277790%2Fhtdocs%2Fclickandbuilds%2FURP_INFECTED%2Fold%2Fwp-admin%2Fuser%2Fmenu.php&loknya=%2Fhomepages%2F13%2Fd787277790%2Fhtdocs%2Fclickandbuilds%2FURP_INFECTED%2Fold%2Fwp-admin%2Fuser HTTP/1.1" 429 267 urp.org.uk "-" "Mozilla/5.0 AppleWebKit/537.36 (KHTML, like Gecko; compatible; ClaudeBot/1.0; +claudebot@anthropic.com)" "-"
216.73.216.0 - - [30/Jul/2026:02:22:18 +0200] "GET /admin-support-volunteer/urp.org.uk/thriving-families?loknya=%2Fhomepages%2F13%2Fd787277790%2Fhtdocs%2Fclickandbuilds%2FURP_INFECTED%2Fold%2Fwp-admin%2Fjs%2Fwidgets HTTP/1.1" 429 267 urp.org.uk "-" "Mozilla/5.0 AppleWebKit/537.36 (KHTML, like Gecko; compatible; ClaudeBot/1.0; +claudebot@anthropic.com)" "-"
216.73.216.0 - - [30/Jul/2026:02:22:21 +0200] "GET /admin-support-volunteer/urp.org.uk/thriving-families?lokasie=%2Fhomepages%2F13%2Fd787277790%2Fhtdocs%2Fclickandbuilds%2FURP%2Fold%2Fwp-includes%2Fclass-wp-customize-section.php&loknya=%2Fhomepages%2F13%2Fd787277790%2Fhtdocs%2Fclickandbuilds%2FURP%2Fold%2Fwp-includes HTTP/1.1" 429 267 urp.org.uk "-" "Mozilla/5.0 AppleWebKit/537.36 (KHTML, like Gecko; compatible; ClaudeBot/1.0; +claudebot@anthropic.com)" "-"
2a03:2880:f800:: - - [30/Jul/2026:02:22:23 +0200] "GET /tag/digital-skills/?lokasie=/bin/sldtoppm&loknya=/bin HTTP/1.1" 200 3946 urp.org.uk "-" "Mozilla/5.0 (Windows NT 10.0; Win64; x64) AppleWebKit/537.36 (KHTML, like Gecko) Chrome/145.0.0.0 Safari/537.36 (compatible; meta-externalagent/1.1 (+https://developers.facebook.com/docs/sharing/webmasters/crawler))" "-"
2a03:2880:f800:: - - [30/Jul/2026:02:22:33 +0200] "GET /tag/community-empowerment/?loknya=/dev HTTP/1.1" 200 9031 urp.org.uk "-" "Mozilla/5.0 (Windows NT 10.0; Win64; x64) AppleWebKit/537.36 (KHTML, like Gecko) Chrome/145.0.0.0 Safari/537.36 Edg/145.0.0.0 (compatible; meta-externalagent/1.1 (+https://developers.facebook.com/docs/sharing/webmasters/crawler))" "-"
216.73.216.0 - - [30/Jul/2026:02:22:35 +0200] "GET /admin-support-volunteer/urp.org.uk/thriving-families?loknya=%2Fhomepages%2F13%2Fd787277790%2Fhtdocs%2Fclickandbuilds%2FURP_INFECTED%2Fwp-includes%2Fblocks%2Fgallery HTTP/1.1" 429 267 urp.org.uk "-" "Mozilla/5.0 AppleWebKit/537.36 (KHTML, like Gecko; compatible; ClaudeBot/1.0; +claudebot@anthropic.com)" "-"
216.73.216.0 - - [30/Jul/2026:02:22:38 +0200] "GET /admin-support-volunteer/urp.org.uk/thriving-families?lokasie=%2Fhomepages%2F13%2Fd787277790%2Fhtdocs%2Fclickandbuilds%2FURP_INFECTED%2Fwp-includes%2Fblocks%2Fhome-link.php&loknya=%2Fhomepages%2F13%2Fd787277790%2Fhtdocs%2Fclickandbuilds%2FURP_INFECTED%2Fwp-includes%2Fblocks HTTP/1.1" 429 267 urp.org.uk "-" "Mozilla/5.0 AppleWebKit/537.36 (KHTML, like Gecko; compatible; ClaudeBot/1.0; +claudebot@anthropic.com)" "-"
2a03:2880:f800:: - - [30/Jul/2026:02:22:40 +0200] "GET /launching-urps-digital-inclusion-community-empowerment-project/?lokasie=/homepages/13/d787277790/htdocs/clickandbuilds/URP/wp-includes/blocks/latest-posts/editor.min.css&loknya=/homepages/13/d787277790/htdocs/clickandbuilds/URP/wp-includes/blocks/latest-posts HTTP/1.1" 200 5111 urp.org.uk "-" "Mozilla/5.0 (Windows NT 10.0; Win64; x64) AppleWebKit/537.36 (KHTML, like Gecko) Chrome/145.0.0.0 Safari/537.36 (compatible; meta-externalagent/1.1 (+https://developers.facebook.com/docs/sharing/webmasters/crawler))" "-"
216.73.216.0 - - [30/Jul/2026:02:22:41 +0200] "GET /admin-support-volunteer/urp.org.uk/thriving-families?lokasie=%2Fhomepages%2F13%2Fd787277790%2Fhtdocs%2Fclickandbuilds%2FURP%2Fold%2Fwp-includes%2Fclass-wp-walker.php&loknya=%2Fhomepages%2F13%2Fd787277790%2Fhtdocs%2Fclickandbuilds%2FURP%2Fold%2Fwp-includes HTTP/1.1" 429 267 urp.org.uk "-" "Mozilla/5.0 AppleWebKit/537.36 (KHTML, like Gecko; compatible; ClaudeBot/1.0; +claudebot@anthropic.com)" "-"
216.73.216.0 - - [30/Jul/2026:02:22:44 +0200] "GET /admin-support-volunteer/urp.org.uk/thriving-families?loknya=%2Fhomepages%2F13%2Fd787277790%2Fhtdocs%2Fclickandbuilds%2FURP%2Fwp-content%2Fthemes%2Fmarketingly%2Fcss%2Fcss HTTP/1.1" 429 267 urp.org.uk "-" "Mozilla/5.0 AppleWebKit/537.36 (KHTML, like Gecko; compatible; ClaudeBot/1.0; +claudebot@anthropic.com)" "-"
2a03:2880:f800:: - - [30/Jul/2026:02:22:46 +0200] "GET /tag/digital-literacy/?lokasie=/homepages/13/d787277790/htdocs/clickandbuilds/URP/new/wp-includes/class-wp-hook.php&loknya=/homepages/13/d787277790/htdocs/clickandbuilds/URP/new/wp-includes HTTP/1.1" 200 20844 urp.org.uk "-" "Mozilla/5.0 (Windows NT 10.0; Win64; x64) AppleWebKit/537.36 (KHTML, like Gecko) Chrome/145.0.0.0 Safari/537.36 (compatible; meta-externalagent/1.1 (+https://developers.facebook.com/docs/sharing/webmasters/crawler))" "-"
216.73.216.0 - - [30/Jul/2026:02:22:47 +0200] "GET /admin-support-volunteer/urp.org.uk/thriving-families?lokasie=%2Fhomepages%2F13%2Fd787277790%2Fhtdocs%2Fclickandbuilds%2FURP_INFECTED%2Fwp-includes%2Fblocks%2Fimage%2Fblock.json&loknya=%2Fhomepages%2F13%2Fd787277790%2Fhtdocs%2Fclickandbuilds%2FURP_INFECTED%2Fwp-includes%2Fblocks%2Fimage HTTP/1.1" 429 267 urp.org.uk "-" "Mozilla/5.0 AppleWebKit/537.36 (KHTML, like Gecko; compatible; ClaudeBot/1.0; +claudebot@anthropic.com)" "-"
216.73.216.0 - - [30/Jul/2026:02:22:50 +0200] "GET /admin-support-volunteer/urp.org.uk/thriving-families?lokasie=%2Fhomepages%2F13%2Fd787277790%2Fhtdocs%2Fclickandbuilds%2FURP_INFECTED%2Fold%2Fwp-admin%2F%2Fnetwork.php&loknya=%2Fhomepages%2F13%2Fd787277790%2Fhtdocs%2Fclickandbuilds%2FURP_INFECTED%2Fold%2Fwp-admin%2F HTTP/1.1" 429 267 urp.org.uk "-" "Mozilla/5.0 AppleWebKit/537.36 (KHTML, like Gecko; compatible; ClaudeBot/1.0; +claudebot@anthropic.com)" "-"
216.73.216.0 - - [30/Jul/2026:02:22:53 +0200] "GET /admin-support-volunteer/urp.org.uk/thriving-families?loknya=%2Fhomepages%2F13%2Fd787277790%2Fhtdocs%2Fclickandbuilds%2FURP_INFECTED%2Fwp-includes%2Fblocks%2Fnavigation-link HTTP/1.1" 429 267 urp.org.uk "-" "Mozilla/5.0 AppleWebKit/537.36 (KHTML, like Gecko; compatible; ClaudeBot/1.0; +claudebot@anthropic.com)" "-"
2a03:2880:f800:: - - [30/Jul/2026:02:22:53 +0200] "GET /wp-sitemap-taxonomies-post_tag-1.xml?lokasie=/homepages/13/d787277790/htdocs/clickandbuilds/URP/wp-content.orig/plugins/achashixuchy/assets/images/ojuqyw.gif&loknya=/homepages/13/d787277790/htdocs/clickandbuilds/URP/wp-content.orig/plugins/achashixuchy/assets/images HTTP/1.1" 200 218305 urp.org.uk "-" "Mozilla/5.0 (Macintosh; Intel Mac OS X 10_15_7) AppleWebKit/537.36 (KHTML, like Gecko) Chrome/145.0.0.0 Safari/537.36 (compatible; meta-externalagent/1.1 (+https://developers.facebook.com/docs/sharing/webmasters/crawler))" "-"
216.73.216.0 - - [30/Jul/2026:02:22:58 +0200] "GET /admin-support-volunteer/urp.org.uk/thriving-families?lokasie=%2Fsbin%2Fmodprobe&loknya=%2Fsbin HTTP/1.1" 429 267 urp.org.uk "-" "Mozilla/5.0 AppleWebKit/537.36 (KHTML, like Gecko; compatible; ClaudeBot/1.0; +claudebot@anthropic.com)" "-"
74.7.227.0 - - [30/Jul/2026:02:22:59 +0200] "GET /?loknya=/usr/lib/ruby/2.7.0/bundler/vendor/fileutils HTTP/1.1" 429 267 urp.org.uk "https://urp.org.uk/?loknya=/usr/lib/ruby/2.7.0/bundler/vendor/" "Mozilla/5.0 AppleWebKit/537.36 (KHTML, like Gecko; compatible; GPTBot/1.4; +https://openai.com/gptbot)" "-"
2a03:2880:f800:: - - [30/Jul/2026:02:23:00 +0200] "GET /tag/community-empowerment/?lokasie=/homepages/13/d787277790/htdocs/clickandbuilds/URP/wp-includes/functions.wp-scripts.php&loknya=/homepages/13/d787277790/htdocs/clickandbuilds/URP/wp-includes HTTP/1.1" 200 19229 urp.org.uk "-" "Mozilla/5.0 (Windows NT 10.0; Win64; x64) AppleWebKit/537.36 (KHTML, like Gecko) Chrome/145.0.0.0 Safari/537.36 (compatible; meta-externalagent/1.1 (+https://developers.facebook.com/docs/sharing/webmasters/crawler))" "-"
216.73.216.0 - - [30/Jul/2026:02:23:01 +0200] "GET /admin-support-volunteer/urp.org.uk/thriving-families?lokasie=%2Fhomepages%2F13%2Fd787277790%2Fhtdocs%2Fclickandbuilds%2FURP%2Fwp-content.orig%2Fthemes%2FDivi%2Fstyle-cpt.dev.css&loknya=%2Fhomepages%2F13%2Fd787277790%2Fhtdocs%2Fclickandbuilds%2FURP%2Fwp-content.orig%2Fthemes%2FDivi HTTP/1.1" 200 1136996 urp.org.uk "-" "Mozilla/5.0 AppleWebKit/537.36 (KHTML, like Gecko; compatible; ClaudeBot/1.0; +claudebot@anthropic.com)" "-"
216.73.216.0 - - [30/Jul/2026:02:23:04 +0200] "GET /admin-support-volunteer/urp.org.uk/thriving-families?lokasie=%2Fhomepages%2F13%2Fd787277790%2Fhtdocs%2Fclickandbuilds%2FURP%2Fwp-content%2Fthemes%2FDivi%2Fsidebar.php&loknya=%2Fhomepages%2F13%2Fd787277790%2Fhtdocs%2Fclickandbuilds%2FURP%2Fwp-content%2Fthemes%2FDivi HTTP/1.1" 200 5029 urp.org.uk "-" "Mozilla/5.0 AppleWebKit/537.36 (KHTML, like Gecko; compatible; ClaudeBot/1.0; +claudebot@anthropic.com)" "-"
2a03:2880:f800:: - - [30/Jul/2026:02:23:06 +0200] "GET /tag/digital-literacy/?lokasie=/homepages/13/d787277790/htdocs/clickandbuilds/URP/wp-admin/images/stars.png&loknya=/homepages/13/d787277790/htdocs/clickandbuilds/URP/wp-admin/images HTTP/1.1" 200 4529 urp.org.uk "-" "Mozilla/5.0 (Windows NT 10.0; Win64; x64) AppleWebKit/537.36 (KHTML, like Gecko) Chrome/145.0.0.0 Safari/537.36 (compatible; meta-externalagent/1.1 (+https://developers.facebook.com/docs/sharing/webmasters/crawler))" "-"
216.73.216.0 - - [30/Jul/2026:02:23:07 +0200] "GET /admin-support-volunteer/urp.org.uk/thriving-families?loknya=%2Fhomepages%2F13%2Fd787277790%2Fhtdocs%2Fclickandbuilds%2FURP%2Fwp-content%2Fthemes%2Ftwentytwentytwo_old%2Fstyles HTTP/1.1" 200 12693 urp.org.uk "-" "Mozilla/5.0 AppleWebKit/537.36 (KHTML, like Gecko; compatible; ClaudeBot/1.0; +claudebot@anthropic.com)" "-"
216.73.216.0 - - [30/Jul/2026:02:23:10 +0200] "GET /admin-support-volunteer/urp.org.uk/thriving-families?loknya=%2Fhomepages%2F13%2Fd787277790%2Fhtdocs%2Fclickandbuilds%2FURP%2Fwp-content.orig%2Fplugins%2Fabuvyshove- HTTP/1.1" 200 12087 urp.org.uk "-" "Mozilla/5.0 AppleWebKit/537.36 (KHTML, like Gecko; compatible; ClaudeBot/1.0; +claudebot@anthropic.com)" "-"
2a03:2880:f800:: - - [30/Jul/2026:02:23:11 +0200] "GET /tag/digital-skills/?lokasie=/bin/gem2.7&loknya=/bin HTTP/1.1" 200 4514 urp.org.uk "-" "Mozilla/5.0 (Windows NT 10.0; Win64; x64) AppleWebKit/537.36 (KHTML, like Gecko) Chrome/145.0.0.0 Safari/537.36 (compatible; meta-externalagent/1.1 (+https://developers.facebook.com/docs/sharing/webmasters/crawler))" "-"
216.73.216.0 - - [30/Jul/2026:02:23:13 +0200] "GET /admin-support-volunteer/urp.org.uk/thriving-families?lokasie=%2Fhomepages%2F13%2Fd787277790%2Fhtdocs%2Fclickandbuilds%2FURP%2Fnew%2Fwp-admin%2Fjs%2Fpassword-strength-meter.js&loknya=%2Fhomepages%2F13%2Fd787277790%2Fhtdocs%2Fclickandbuilds%2FURP%2Fnew%2Fwp-admin%2Fjs HTTP/1.1" 200 8885 urp.org.uk "-" "Mozilla/5.0 AppleWebKit/537.36 (KHTML, like Gecko; compatible; ClaudeBot/1.0; +claudebot@anthropic.com)" "-"
2a03:2880:f800:: - - [30/Jul/2026:02:23:17 +0200] "GET /tag/digital-skills/?lokasie=/bin/py3clean&loknya=/bin HTTP/1.1" 200 11952 urp.org.uk "-" "Mozilla/5.0 (Macintosh; Intel Mac OS X 10_15_7) AppleWebKit/537.36 (KHTML, like Gecko) Chrome/145.0.0.0 Safari/537.36 (compatible; meta-externalagent/1.1 (+https://developers.facebook.com/docs/sharing/webmasters/crawler))" "-"
216.73.216.0 - - [30/Jul/2026:02:23:17 +0200] "GET /admin-support-volunteer/urp.org.uk/thriving-families?lokasie=%2Fsbin%2Frdev&loknya=%2Fsbin HTTP/1.1" 200 3939 urp.org.uk "-" "Mozilla/5.0 AppleWebKit/537.36 (KHTML, like Gecko; compatible; ClaudeBot/1.0; +claudebot@anthropic.com)" "-"
216.73.216.0 - - [30/Jul/2026:02:23:20 +0200] "GET /admin-support-volunteer/urp.org.uk/thriving-families?lokasie=%2Fhomepages%2F13%2Fd787277790%2Fhtdocs%2Fclickandbuilds%2FURP%2Fnew%2Fwp-admin%2Fjs%2Frevisions.min.js&loknya=%2Fhomepages%2F13%2Fd787277790%2Fhtdocs%2Fclickandbuilds%2FURP%2Fnew%2Fwp-admin%2Fjs HTTP/1.1" 200 24881 urp.org.uk "-" "Mozilla/5.0 AppleWebKit/537.36 (KHTML, like Gecko; compatible; ClaudeBot/1.0; +claudebot@anthropic.com)" "-"
2a03:2880:f800:: - - [30/Jul/2026:02:23:22 +0200] "GET /?p5i1c4t6u8s621700 HTTP/1.1" 200 46650 urp.org.uk "-" "Mozilla/5.0 (Windows NT 10.0; Win64; x64) AppleWebKit/537.36 (KHTML, like Gecko) Chrome/145.0.0.0 Safari/537.36 (compatible; meta-externalagent/1.1 (+https://developers.facebook.com/docs/sharing/webmasters/crawler))" "-"
216.73.216.0 - - [30/Jul/2026:02:23:23 +0200] "GET /admin-support-volunteer/urp.org.uk/thriving-families?lokasie=%2Fhomepages%2F13%2Fd787277790%2Fhtdocs%2Fclickandbuilds%2FURP_INFECTED%2Findex.php&loknya=%2Fhomepages%2F13%2Fd787277790%2Fhtdocs%2Fclickandbuilds%2FURP_INFECTED HTTP/1.1" 200 4347 urp.org.uk "-" "Mozilla/5.0 AppleWebKit/537.36 (KHTML, like Gecko; compatible; ClaudeBot/1.0; +claudebot@anthropic.com)" "-"
216.73.216.0 - - [30/Jul/2026:02:23:26 +0200] "GET /admin-support-volunteer/urp.org.uk/thriving-families?lokasie=%2Fhomepages%2F13%2Fd787277790%2Fhtdocs%2Fclickandbuilds%2FURP%2Fwp-content.orig%2Fthemes%2FDivi%2Ffunctions.php&loknya=%2Fhomepages%2F13%2Fd787277790%2Fhtdocs%2Fclickandbuilds%2FURP%2Fwp-content.orig%2Fthemes%2FDivi HTTP/1.1" 200 299951 urp.org.uk "-" "Mozilla/5.0 AppleWebKit/537.36 (KHTML, like Gecko; compatible; ClaudeBot/1.0; +claudebot@anthropic.com)" "-"
2a03:2880:f800:: - - [30/Jul/2026:02:23:27 +0200] "GET /tag/digital-literacy/?lokasie=/homepages/13/d787277790/htdocs/clickandbuilds/URP/old/wp-includes/class-wp-feed-cache.php&loknya=/homepages/13/d787277790/htdocs/clickandbuilds/URP/old/wp-includes HTTP/1.1" 200 5290 urp.org.uk "-" "Mozilla/5.0 (X11; Linux x86_64) AppleWebKit/537.36 (KHTML, like Gecko) Chrome/145.0.0.0 Safari/537.36 (compatible; meta-externalagent/1.1 (+https://developers.facebook.com/docs/sharing/webmasters/crawler))" "-"
216.73.216.0 - - [30/Jul/2026:02:23:29 +0200] "GET /admin-support-volunteer/urp.org.uk/thriving-families?loknya=%2Fhomepages%2F13%2Fd787277790%2Fhtdocs%2Fclickandbuilds%2FURP%2Fwp-content.orig%2Fplugins%2Fazujowuz%2Fazujowuz HTTP/1.1" 200 10979 urp.org.uk "-" "Mozilla/5.0 AppleWebKit/537.36 (KHTML, like Gecko; compatible; ClaudeBot/1.0; +claudebot@anthropic.com)" "-"
2a03:2880:f800:: - - [30/Jul/2026:02:23:31 +0200] "GET /tag/digital-literacy/?loknya=/homepages/13/d787277790/htdocs/clickandbuilds/URP_INFECTED/old HTTP/1.1" 200 38272 urp.org.uk "-" "Mozilla/5.0 (Windows NT 10.0; Win64; x64) AppleWebKit/537.36 (KHTML, like Gecko) Chrome/145.0.0.0 Safari/537.36 (compatible; meta-externalagent/1.1 (+https://developers.facebook.com/docs/sharing/webmasters/crawler))" "-"
216.73.216.0 - - [30/Jul/2026:02:23:32 +0200] "GET /admin-support-volunteer/urp.org.uk/thriving-families?lokasie=%2Fsbin%2Fresize2fs&loknya=%2Fsbin HTTP/1.1" 200 3944 urp.org.uk "-" "Mozilla/5.0 AppleWebKit/537.36 (KHTML, like Gecko; compatible; ClaudeBot/1.0; +claudebot@anthropic.com)" "-"
2a03:2880:f800:: - - [30/Jul/2026:02:23:35 +0200] "GET /wp-sitemap-taxonomies-post_tag-1.xml?lokasie=/lib/python3.9/encodings//utf_16_le.py&loknya=/lib/python3.9/encodings/ HTTP/1.1" 200 5142 urp.org.uk "-" "Mozilla/5.0 (Windows NT 10.0; Win64; x64) AppleWebKit/537.36 (KHTML, like Gecko) Chrome/145.0.0.0 Safari/537.36 (compatible; meta-externalagent/1.1 (+https://developers.facebook.com/docs/sharing/webmasters/crawler))" "-"
216.73.216.0 - - [30/Jul/2026:02:23:37 +0200] "GET /admin-support-volunteer/urp.org.uk/thriving-families?lokasie=%2Fhomepages%2F13%2Fd787277790%2Fhtdocs%2Fclickandbuilds%2FURP_INFECTED%2Fwp-includes%2Fcss%2Fwp-pointer.min.css&loknya=%2Fhomepages%2F13%2Fd787277790%2Fhtdocs%2Fclickandbuilds%2FURP_INFECTED%2Fwp-includes%2Fcss HTTP/1.1" 200 7878 urp.org.uk "-" "Mozilla/5.0 AppleWebKit/537.36 (KHTML, like Gecko; compatible; ClaudeBot/1.0; +claudebot@anthropic.com)" "-"
2a03:2880:f800:: - - [30/Jul/2026:02:23:39 +0200] "GET /wp-sitemap-taxonomies-post_tag-1.xml?lokasie=/lib/python3.9/encodings//cp869.py&loknya=/lib/python3.9/encodings/ HTTP/1.1" 200 37864 urp.org.uk "-" "Mozilla/5.0 (Windows NT 10.0; Win64; x64) AppleWebKit/537.36 (KHTML, like Gecko) Chrome/145.0.0.0 Safari/537.36 (compatible; meta-externalagent/1.1 (+https://developers.facebook.com/docs/sharing/webmasters/crawler))" "-"
