| Server IP : 217.160.0.154 / Your IP : 216.73.217.54 Web Server : Apache System : Linux info 3.0 #1337 SMP Tue Jan 01 00:00:00 CEST 2000 all GNU/Linux User : u97626428 ( 1555483) PHP Version : 7.4.33 Disable Function : NONE MySQL : OFF | cURL : ON | WGET : ON | Perl : ON | Python : OFF | Sudo : OFF | Pkexec : OFF Directory : /homepages/13/d787277790/htdocs/logs/ |
Upload File : |
2a03:2880:f800:: - - [30/Jul/2026:00:00:06 +0200] "GET /category/new-project/?lokasie=/homepages/13/d787277790/htdocs/clickandbuilds/URP/wp-content/themes/Divi/page.php&loknya=/homepages/13/d787277790/htdocs/clickandbuilds/URP/wp-content/themes/Divi HTTP/1.1" 200 6942 urp.org.uk "-" "Mozilla/5.0 (Windows NT 10.0; Win64; x64) AppleWebKit/537.36 (KHTML, like Gecko) Chrome/145.0.0.0 Safari/537.36 (compatible; meta-externalagent/1.1 (+https://developers.facebook.com/docs/sharing/webmasters/crawler))" "-"
216.73.216.0 - - [30/Jul/2026:00:00:12 +0200] "GET /admin-support-volunteer/urp.org.uk/thriving-families?lokasie=%2Fhomepages%2F13%2Fd787277790%2Fhtdocs%2Fclickandbuilds%2FURP%2Fnew%2Fwp-admin%2F%2Fmenu-header.php&loknya=%2Fhomepages%2F13%2Fd787277790%2Fhtdocs%2Fclickandbuilds%2FURP%2Fnew%2Fwp-admin%2F HTTP/1.1" 200 15648 urp.org.uk "-" "Mozilla/5.0 AppleWebKit/537.36 (KHTML, like Gecko; compatible; ClaudeBot/1.0; +claudebot@anthropic.com)" "-"
216.73.216.0 - - [30/Jul/2026:00:00:15 +0200] "GET /admin-support-volunteer/urp.org.uk/thriving-families?loknya=%2Fvar%2Flib%2Fmisc HTTP/1.1" 200 5109 urp.org.uk "-" "Mozilla/5.0 AppleWebKit/537.36 (KHTML, like Gecko; compatible; ClaudeBot/1.0; +claudebot@anthropic.com)" "-"
74.7.227.0 - - [30/Jul/2026:00:00:17 +0200] "GET /?loknya=/homepages/20/d786395889 HTTP/1.1" 200 16813 urp.org.uk "https://urp.org.uk/?loknya=/homepages/20" "Mozilla/5.0 AppleWebKit/537.36 (KHTML, like Gecko; compatible; GPTBot/1.4; +https://openai.com/gptbot)" "-"
2a03:2880:f800:: - - [30/Jul/2026:00:00:22 +0200] "GET /wp-sitemap-taxonomies-post_tag-1.xml?lokasie=/homepages/13/d787277790/htdocs/clickandbuilds/URP/wp-content.orig/plugins/1and1-wordpress-assistant/css/common.less&loknya=/homepages/13/d787277790/htdocs/clickandbuilds/URP/wp-content.orig/plugins/1and1-wordpress-assistant/css HTTP/1.1" 200 12080 urp.org.uk "-" "Mozilla/5.0 (Macintosh; Intel Mac OS X 10_15_7) AppleWebKit/537.36 (KHTML, like Gecko) Chrome/145.0.0.0 Safari/537.36 (compatible; meta-externalagent/1.1 (+https://developers.facebook.com/docs/sharing/webmasters/crawler))" "-"
216.73.216.0 - - [30/Jul/2026:00:00:34 +0200] "GET /admin-support-volunteer/urp.org.uk/thriving-families?loknya=%2Fhomepages%2F13%2Fd787277790%2Fhtdocs%2F%2F HTTP/1.1" 200 12577 urp.org.uk "-" "Mozilla/5.0 AppleWebKit/537.36 (KHTML, like Gecko; compatible; ClaudeBot/1.0; +claudebot@anthropic.com)" "-"
2a03:2880:f800:: - - [30/Jul/2026:00:00:36 +0200] "GET /?m7i2s8a1p4p2r0e8h0e6n5d HTTP/1.1" 200 46650 urp.org.uk "-" "Mozilla/5.0 (Windows NT 10.0; Win64; x64) AppleWebKit/537.36 (KHTML, like Gecko) Chrome/145.0.0.0 Safari/537.36 (compatible; meta-externalagent/1.1 (+https://developers.facebook.com/docs/sharing/webmasters/crawler))" "-"
114.119.128.0 - - [30/Jul/2026:00:00:41 +0200] "GET /thriving-families-art-competition-winners/?loknya=/homepages/13/d787277790/htdocs/clickandbuilds/URP/wp-admin/images HTTP/1.1" 200 131924 urp.org.uk "https://urp.org.uk/thriving-families-art-competition-winners/?loknya=/homepages/13/d787277790/htdocs/clickandbuilds/URP/wp-admin" "Mozilla/5.0 (Linux; Android 7.0;) AppleWebKit/537.36 (HTML, like Gecko) Mobile Safari/537.36 (compatible; PetalBot;+https://webmaster.petalsearch.com/site/petalbot)" "-"
216.73.216.0 - - [30/Jul/2026:00:00:49 +0200] "GET /admin-support-volunteer/urp.org.uk/thriving-families?lokasie=%2Fhomepages%2F13%2Fd787277790%2Fhtdocs%2Fclickandbuilds%2FURP%2Fnew%2Fwp-admin%2F%2Fadmin.php&loknya=%2Fhomepages%2F13%2Fd787277790%2Fhtdocs%2Fclickandbuilds%2FURP%2Fnew%2Fwp-admin%2F HTTP/1.1" 200 17316 urp.org.uk "-" "Mozilla/5.0 AppleWebKit/537.36 (KHTML, like Gecko; compatible; ClaudeBot/1.0; +claudebot@anthropic.com)" "-"
216.73.216.0 - - [30/Jul/2026:00:00:50 +0200] "GET /admin-support-volunteer/urp.org.uk/thriving-families?loknya=%2Fvar%2Flib%2Femacsen-common%2Fstate HTTP/1.1" 429 267 urp.org.uk "-" "Mozilla/5.0 AppleWebKit/537.36 (KHTML, like Gecko; compatible; ClaudeBot/1.0; +claudebot@anthropic.com)" "-"
74.7.227.0 - - [30/Jul/2026:00:00:51 +0200] "GET /?loknya=/homepages/12/d786109275 HTTP/1.1" 429 267 urp.org.uk "https://urp.org.uk/?loknya=/homepages/12" "Mozilla/5.0 AppleWebKit/537.36 (KHTML, like Gecko; compatible; GPTBot/1.4; +https://openai.com/gptbot)" "-"
2a03:2880:f800:: - - [30/Jul/2026:00:00:51 +0200] "GET /launching-urps-digital-inclusion-community-empowerment-project/?loknya=/homepages/13/d787277790/htdocs/clickandbuilds/URP/wp-includes/SimplePie/Content/Type HTTP/1.1" 200 10535 urp.org.uk "-" "Mozilla/5.0 (Windows NT 10.0; Win64; x64) AppleWebKit/537.36 (KHTML, like Gecko) Chrome/145.0.0.0 Safari/537.36 (compatible; meta-externalagent/1.1 (+https://developers.facebook.com/docs/sharing/webmasters/crawler))" "-"
216.73.216.0 - - [30/Jul/2026:00:00:53 +0200] "GET /admin-support-volunteer/urp.org.uk/thriving-families?loknya=%2Fvar%2Flib%2Fvim%2F HTTP/1.1" 429 267 urp.org.uk "-" "Mozilla/5.0 AppleWebKit/537.36 (KHTML, like Gecko; compatible; ClaudeBot/1.0; +claudebot@anthropic.com)" "-"
54.37.118.0 - - [30/Jul/2026:00:00:54 +0200] "GET /sitemap.xml HTTP/1.1" 200 46643 urp.org.uk "-" "Mozilla/5.0 (compatible; AhrefsBot/7.0; +http://ahrefs.com/robot/)" "-"
2a03:2880:f800:: - - [30/Jul/2026:00:01:00 +0200] "GET /tag/digital-literacy/?lokasie=/homepages/13/d787277790/htdocs/clickandbuilds/URP/new/wp-admin/admin-ajax.php&loknya=/homepages/13/d787277790/htdocs/clickandbuilds/URP/new/wp-admin HTTP/1.1" 200 9713 urp.org.uk "-" "Mozilla/5.0 (Windows NT 10.0; Win64; x64) AppleWebKit/537.36 (KHTML, like Gecko) Chrome/144.0.0.0 Safari/537.36 Edg/144.0.0.0 (compatible; meta-externalagent/1.1 (+https://developers.facebook.com/docs/sharing/webmasters/crawler))" "-"
216.73.216.0 - - [30/Jul/2026:00:01:06 +0200] "GET /admin-support-volunteer/urp.org.uk/thriving-families?lokasie=%2Fhomepages%2F13%2Fd787277790%2Fhtdocs%2Fclickandbuilds%2FURP%2Fnew%2Fwp-admin%2F%2Fwidgets.php&loknya=%2Fhomepages%2F13%2Fd787277790%2Fhtdocs%2Fclickandbuilds%2FURP%2Fnew%2Fwp-admin%2F HTTP/1.1" 429 267 urp.org.uk "-" "Mozilla/5.0 AppleWebKit/537.36 (KHTML, like Gecko; compatible; ClaudeBot/1.0; +claudebot@anthropic.com)" "-"
216.73.216.0 - - [30/Jul/2026:00:01:09 +0200] "GET /admin-support-volunteer/urp.org.uk/thriving-families?lokasie=%2Fhomepages%2F13%2Fd787277790%2Fhtdocs%2Fclickandbuilds%2FURP%2Fnew%2Fwp-admin%2F%2Fnetwork.php&loknya=%2Fhomepages%2F13%2Fd787277790%2Fhtdocs%2Fclickandbuilds%2FURP%2Fnew%2Fwp-admin%2F HTTP/1.1" 429 267 urp.org.uk "-" "Mozilla/5.0 AppleWebKit/537.36 (KHTML, like Gecko; compatible; ClaudeBot/1.0; +claudebot@anthropic.com)" "-"
2a03:2880:f800:: - - [30/Jul/2026:00:01:11 +0200] "GET /launching-urps-digital-inclusion-community-empowerment-project/?lokasie=/homepages/13/d787277790/htdocs/clickandbuilds/URP/wp-includes/blocks/page-list/block.json&loknya=/homepages/13/d787277790/htdocs/clickandbuilds/URP/wp-includes/blocks/page-list HTTP/1.1" 200 6584 urp.org.uk "-" "Mozilla/5.0 (Windows NT 10.0; Win64; x64) AppleWebKit/537.36 (KHTML, like Gecko) Chrome/145.0.0.0 Safari/537.36 (compatible; meta-externalagent/1.1 (+https://developers.facebook.com/docs/sharing/webmasters/crawler))" "-"
216.73.216.0 - - [30/Jul/2026:00:01:12 +0200] "GET /admin-support-volunteer/urp.org.uk/thriving-families?loknya=%2Fhomepages%2F12%2Fd786126571%2Fhtdocs HTTP/1.1" 429 267 urp.org.uk "-" "Mozilla/5.0 AppleWebKit/537.36 (KHTML, like Gecko; compatible; ClaudeBot/1.0; +claudebot@anthropic.com)" "-"
74.7.227.0 - - [30/Jul/2026:00:01:20 +0200] "GET /?loknya=/homepages/18/d786296153 HTTP/1.1" 429 267 urp.org.uk "https://urp.org.uk/?loknya=/homepages/18" "Mozilla/5.0 AppleWebKit/537.36 (KHTML, like Gecko; compatible; GPTBot/1.4; +https://openai.com/gptbot)" "-"
2a03:2880:f800:: - - [30/Jul/2026:00:01:20 +0200] "GET /launching-urps-digital-inclusion-community-empowerment-project/?lokasie=/homepages/13/d787277790/htdocs/clickandbuilds/URP/wp-includes//class-wp-theme-json-data.php&loknya=/homepages/13/d787277790/htdocs/clickandbuilds/URP/wp-includes/ HTTP/1.1" 200 6035 urp.org.uk "-" "Mozilla/5.0 (Macintosh; Intel Mac OS X 10_15_7) AppleWebKit/537.36 (KHTML, like Gecko) Chrome/145.0.0.0 Safari/537.36 (compatible; meta-externalagent/1.1 (+https://developers.facebook.com/docs/sharing/webmasters/crawler))" "-"
216.73.216.0 - - [30/Jul/2026:00:01:24 +0200] "GET /admin-support-volunteer/urp.org.uk/thriving-families?lokasie=%2Fhomepages%2F13%2Fd787277790%2Fhtdocs%2Fclickandbuilds%2FURP%2Fnew%2Fwp-admin%2F%2Flink-parse-opml.php&loknya=%2Fhomepages%2F13%2Fd787277790%2Fhtdocs%2Fclickandbuilds%2FURP%2Fnew%2Fwp-admin%2F HTTP/1.1" 429 267 urp.org.uk "-" "Mozilla/5.0 AppleWebKit/537.36 (KHTML, like Gecko; compatible; ClaudeBot/1.0; +claudebot@anthropic.com)" "-"
216.73.216.0 - - [30/Jul/2026:00:01:27 +0200] "GET /admin-support-volunteer/urp.org.uk/thriving-families?loknya=%2Fhomepages%2F13%2Fd787277790%2Fhtdocs%2Fclickandbuilds%2FURP%2Fwp-content%2Fthemes%2Ftwentynineteen%2Fsass%2Fforms HTTP/1.1" 429 267 urp.org.uk "-" "Mozilla/5.0 AppleWebKit/537.36 (KHTML, like Gecko; compatible; ClaudeBot/1.0; +claudebot@anthropic.com)" "-"
2a03:2880:f800:: - - [30/Jul/2026:00:01:29 +0200] "GET /tag/digital-skills/?lokasie=/bin/clear_console&loknya=/bin HTTP/1.1" 200 3951 urp.org.uk "-" "Mozilla/5.0 (X11; Linux x86_64) AppleWebKit/537.36 (KHTML, like Gecko) Chrome/145.0.0.0 Safari/537.36 (compatible; meta-externalagent/1.1 (+https://developers.facebook.com/docs/sharing/webmasters/crawler))" "-"
216.73.216.0 - - [30/Jul/2026:00:01:30 +0200] "GET /admin-support-volunteer/urp.org.uk/thriving-families?loknya=%2Fhomepages%2F13%2Fd787277790%2Fhtdocs%2Fclickandbuilds%2FURP%2Fwp-content%2Fthemes%2Ftwentynineteen%2Fsass%2Fmodules HTTP/1.1" 429 267 urp.org.uk "-" "Mozilla/5.0 AppleWebKit/537.36 (KHTML, like Gecko; compatible; ClaudeBot/1.0; +claudebot@anthropic.com)" "-"
216.73.216.0 - - [30/Jul/2026:00:01:35 +0200] "GET /admin-support-volunteer/urp.org.uk/thriving-families?lokasie=%2Fhomepages%2F13%2Fd787277790%2Fhtdocs%2Fclickandbuilds%2FURP%2Fnew%2Fwp-admin%2F%2Fmenu.php&loknya=%2Fhomepages%2F13%2Fd787277790%2Fhtdocs%2Fclickandbuilds%2FURP%2Fnew%2Fwp-admin%2F HTTP/1.1" 429 267 urp.org.uk "-" "Mozilla/5.0 AppleWebKit/537.36 (KHTML, like Gecko; compatible; ClaudeBot/1.0; +claudebot@anthropic.com)" "-"
2a03:2880:f800:: - - [30/Jul/2026:00:01:36 +0200] "GET /wp-sitemap-taxonomies-post_tag-1.xml?lokasie=/lib/ruby/2.7.0/bundler/fetcher.rb&loknya=/lib/ruby/2.7.0/bundler HTTP/1.1" 200 16382 urp.org.uk "-" "Mozilla/5.0 (Macintosh; Intel Mac OS X 10_15_7) AppleWebKit/537.36 (KHTML, like Gecko) Chrome/145.0.0.0 Safari/537.36 (compatible; meta-externalagent/1.1 (+https://developers.facebook.com/docs/sharing/webmasters/crawler))" "-"
216.73.216.0 - - [30/Jul/2026:00:01:38 +0200] "GET /admin-support-volunteer/urp.org.uk/thriving-families?lokasie=%2Fhomepages%2F13%2Fd787277790%2Fhtdocs%2Fclickandbuilds%2F%2FURP_INFECTED%2Fxmlrpc.php&loknya=%2Fhomepages%2F13%2Fd787277790%2Fhtdocs%2Fclickandbuilds%2F%2FURP_INFECTED HTTP/1.1" 429 267 urp.org.uk "-" "Mozilla/5.0 AppleWebKit/537.36 (KHTML, like Gecko; compatible; ClaudeBot/1.0; +claudebot@anthropic.com)" "-"
216.73.216.0 - - [30/Jul/2026:00:01:41 +0200] "GET /admin-support-volunteer/urp.org.uk/thriving-families?lokasie=%2Fhomepages%2F13%2Fd787277790%2Fhtdocs%2Fclickandbuilds%2FURP_INFECTED%2Fwp-admin%2Fjs%2Fuser-suggest.min.js&loknya=%2Fhomepages%2F13%2Fd787277790%2Fhtdocs%2Fclickandbuilds%2FURP_INFECTED%2Fwp-admin%2Fjs HTTP/1.1" 429 267 urp.org.uk "-" "Mozilla/5.0 AppleWebKit/537.36 (KHTML, like Gecko; compatible; ClaudeBot/1.0; +claudebot@anthropic.com)" "-"
2a03:2880:f800:: - - [30/Jul/2026:00:01:43 +0200] "GET /tag/refugee-support/?lokasie=/homepages/13/d787277790/htdocs/clickandbuilds/URP/wp-includes/class-wp-widget.php&loknya=/homepages/13/d787277790/htdocs/clickandbuilds/URP/wp-includes HTTP/1.1" 200 23161 urp.org.uk "-" "Mozilla/5.0 (Macintosh; Intel Mac OS X 10_15_7) AppleWebKit/537.36 (KHTML, like Gecko) Chrome/145.0.0.0 Safari/537.36 (compatible; meta-externalagent/1.1 (+https://developers.facebook.com/docs/sharing/webmasters/crawler))" "-"
2a03:2880:f800:: - - [30/Jul/2026:00:01:51 +0200] "GET /tag/refugee-support/?lokasie=/homepages/13/d787277790/htdocs/clickandbuilds/URP/wp-includes/class-requests.php&loknya=/homepages/13/d787277790/htdocs/clickandbuilds/URP/wp-includes HTTP/1.1" 200 6683 urp.org.uk "-" "Mozilla/5.0 (Windows NT 10.0; Win64; x64) AppleWebKit/537.36 (KHTML, like Gecko) Chrome/145.0.0.0 Safari/537.36 Edg/145.0.0.0 (compatible; meta-externalagent/1.1 (+https://developers.facebook.com/docs/sharing/webmasters/crawler))" "-"
2a03:2880:f800:: - - [30/Jul/2026:00:01:57 +0200] "GET /launching-urps-digital-inclusion-community-empowerment-project/?lokasie=/homepages/13/d787277790/htdocs/clickandbuilds/URP/old//wp-settings.php&loknya=/homepages/13/d787277790/htdocs/clickandbuilds/URP/old/ HTTP/1.1" 200 23426 urp.org.uk "-" "Mozilla/5.0 (Windows NT 10.0; Win64; x64) AppleWebKit/537.36 (KHTML, like Gecko) Chrome/145.0.0.0 Safari/537.36 (compatible; meta-externalagent/1.1 (+https://developers.facebook.com/docs/sharing/webmasters/crawler))" "-"
2a03:2880:f800:: - - [30/Jul/2026:00:02:03 +0200] "GET /wp-sitemap-taxonomies-post_tag-1.xml?lokasie=/homepages/13/d787277790/htdocs/clickandbuilds/URP/wp-includes/css/dist/block-directory/block-directory/cache.php&loknya=/homepages/13/d787277790/htdocs/clickandbuilds/URP/wp-includes/css/dist/block-directory/block-directory HTTP/1.1" 200 4936 urp.org.uk "-" "Mozilla/5.0 (Macintosh; Intel Mac OS X 10_15_7) AppleWebKit/537.36 (KHTML, like Gecko) Chrome/145.0.0.0 Safari/537.36 (compatible; meta-externalagent/1.1 (+https://developers.facebook.com/docs/sharing/webmasters/crawler))" "-"
216.73.216.0 - - [30/Jul/2026:00:02:04 +0200] "GET /admin-support-volunteer/urp.org.uk/thriving-families?lokasie=%2Fhomepages%2F13%2Fd787277790%2Fhtdocs%2Fclickandbuilds%2FURP_INFECTED%2Fwp-admin%2Fjs%2Fword-count.js&loknya=%2Fhomepages%2F13%2Fd787277790%2Fhtdocs%2Fclickandbuilds%2FURP_INFECTED%2Fwp-admin%2Fjs HTTP/1.1" 200 12309 urp.org.uk "-" "Mozilla/5.0 AppleWebKit/537.36 (KHTML, like Gecko; compatible; ClaudeBot/1.0; +claudebot@anthropic.com)" "-"
195.2.84.0 - - [30/Jul/2026:00:02:05 +0200] "GET /author/selame-negussie/ HTTP/1.1" 200 46643 urp.org.uk "https://urp.org.uk/author/selame-negussie/" "Mozilla/5.0 (Windows NT 10.0; Win64; x64) AppleWebKit/537.36 (KHTML, like Gecko) Chrome/129.0.0.0 Safari/537.36" "-"
216.73.216.0 - - [30/Jul/2026:00:02:07 +0200] "GET /admin-support-volunteer/urp.org.uk/thriving-families?lokasie=%2Fhomepages%2F13%2Fd787277790%2Fhtdocs%2Fclickandbuilds%2FURP_INFECTED%2Fwp-admin%2Fjs%2Fgallery.js&loknya=%2Fhomepages%2F13%2Fd787277790%2Fhtdocs%2Fclickandbuilds%2FURP_INFECTED%2Fwp-admin%2Fjs HTTP/1.1" 200 10283 urp.org.uk "-" "Mozilla/5.0 AppleWebKit/537.36 (KHTML, like Gecko; compatible; ClaudeBot/1.0; +claudebot@anthropic.com)" "-"
114.119.128.0 - - [30/Jul/2026:00:02:07 +0200] "GET /volunteer?loknya=/homepages/13/d787277790/htdocs/clickandbuilds/URP/wp-content.orig HTTP/1.1" 200 34120 urp.org.uk "https://urp.org.uk/volunteer" "Mozilla/5.0 (Linux; Android 7.0;) AppleWebKit/537.36 (HTML, like Gecko) Mobile Safari/537.36 (compatible; PetalBot;+https://webmaster.petalsearch.com/site/petalbot)" "-"
2a03:2880:f800:: - - [30/Jul/2026:00:02:08 +0200] "GET /tag/refugee-support/?lokasie=/homepages/13/d787277790/htdocs/clickandbuilds/URP/wp-includes/class-wp-scripts.php&loknya=/homepages/13/d787277790/htdocs/clickandbuilds/URP/wp-includes HTTP/1.1" 200 33145 urp.org.uk "-" "Mozilla/5.0 (Windows NT 10.0; Win64; x64) AppleWebKit/537.36 (KHTML, like Gecko) Chrome/145.0.0.0 Safari/537.36 (compatible; meta-externalagent/1.1 (+https://developers.facebook.com/docs/sharing/webmasters/crawler))" "-"
216.73.216.0 - - [30/Jul/2026:00:02:10 +0200] "GET /admin-support-volunteer/urp.org.uk/thriving-families?lokasie=%2Fhomepages%2F13%2Fd787277790%2Fhtdocs%2Fclickandbuilds%2FURP_INFECTED%2Fwp-admin%2Fjs%2Fmedia-upload.js&loknya=%2Fhomepages%2F13%2Fd787277790%2Fhtdocs%2Fclickandbuilds%2FURP_INFECTED%2Fwp-admin%2Fjs HTTP/1.1" 200 8062 urp.org.uk "-" "Mozilla/5.0 AppleWebKit/537.36 (KHTML, like Gecko; compatible; ClaudeBot/1.0; +claudebot@anthropic.com)" "-"
2a03:2880:f800:: - - [30/Jul/2026:00:02:14 +0200] "GET /tag/education-support/?loknya=/homepages/13/d787277790/htdocs/clickandbuilds/URP/wp-content.orig/upgrade HTTP/1.1" 200 5796 urp.org.uk "-" "Mozilla/5.0 (X11; Linux x86_64) AppleWebKit/537.36 (KHTML, like Gecko) Chrome/145.0.0.0 Safari/537.36 (compatible; meta-externalagent/1.1 (+https://developers.facebook.com/docs/sharing/webmasters/crawler))" "-"
216.73.216.0 - - [30/Jul/2026:00:02:19 +0200] "GET /robots.txt HTTP/1.1" 200 75 urp.org.uk "-" "Mozilla/5.0 AppleWebKit/537.36 (KHTML, like Gecko; compatible; ClaudeBot/1.0; +claudebot@anthropic.com)" "-"
2a03:2880:f800:: - - [30/Jul/2026:00:02:19 +0200] "GET /tag/digital-literacy/?loknya=/tmp-private HTTP/1.1" 200 5045 urp.org.uk "-" "Mozilla/5.0 (Windows NT 10.0; Win64; x64) AppleWebKit/537.36 (KHTML, like Gecko) Chrome/145.0.0.0 Safari/537.36 (compatible; meta-externalagent/1.1 (+https://developers.facebook.com/docs/sharing/webmasters/crawler))" "-"
216.73.216.0 - - [30/Jul/2026:00:02:19 +0200] "GET /admin-support-volunteer/urp.org.uk/thriving-families?loknya=%2Fvar%2Flib%2Faptitude HTTP/1.1" 200 5125 urp.org.uk "-" "Mozilla/5.0 AppleWebKit/537.36 (KHTML, like Gecko; compatible; ClaudeBot/1.0; +claudebot@anthropic.com)" "-"
216.73.216.0 - - [30/Jul/2026:00:02:22 +0200] "GET /admin-support-volunteer/urp.org.uk/thriving-families?lokasie=%2Fhomepages%2F13%2Fd787277790%2Fhtdocs%2Fclickandbuilds%2F%2FURP_INFECTED%2Fwp-comments-post.php&loknya=%2Fhomepages%2F13%2Fd787277790%2Fhtdocs%2Fclickandbuilds%2F%2FURP_INFECTED HTTP/1.1" 200 6754 urp.org.uk "-" "Mozilla/5.0 AppleWebKit/537.36 (KHTML, like Gecko; compatible; ClaudeBot/1.0; +claudebot@anthropic.com)" "-"
74.7.227.0 - - [30/Jul/2026:00:02:23 +0200] "GET /?loknya=/homepages/17/d786497359 HTTP/1.1" 200 19523 urp.org.uk "https://urp.org.uk/?loknya=/homepages/17" "Mozilla/5.0 AppleWebKit/537.36 (KHTML, like Gecko; compatible; GPTBot/1.4; +https://openai.com/gptbot)" "-"
2a03:2880:f800:: - - [30/Jul/2026:00:02:24 +0200] "GET /launching-urps-digital-inclusion-community-empowerment-project/?lokasie=/homepages/13/d787277790/htdocs/clickandbuilds/URP/wp-includes/js/wp-pointer.min.js&loknya=/homepages/13/d787277790/htdocs/clickandbuilds/URP/wp-includes/js HTTP/1.1" 200 8858 urp.org.uk "-" "Mozilla/5.0 (Windows NT 10.0; Win64; x64) AppleWebKit/537.36 (KHTML, like Gecko) Chrome/145.0.0.0 Safari/537.36 (compatible; meta-externalagent/1.1 (+https://developers.facebook.com/docs/sharing/webmasters/crawler))" "-"
216.73.216.0 - - [30/Jul/2026:00:02:25 +0200] "GET /admin-support-volunteer/urp.org.uk/thriving-families?loknya=%2Fvar%2Flib%2Flibxml-sax-perl HTTP/1.1" 200 6244 urp.org.uk "-" "Mozilla/5.0 AppleWebKit/537.36 (KHTML, like Gecko; compatible; ClaudeBot/1.0; +claudebot@anthropic.com)" "-"
2a03:2880:f800:: - - [30/Jul/2026:00:02:28 +0200] "GET /launching-urps-digital-inclusion-community-empowerment-project/?lokasie=/homepages/13/d787277790/htdocs/clickandbuilds/URP/wp-includes/blocks/separator/style.min.css&loknya=/homepages/13/d787277790/htdocs/clickandbuilds/URP/wp-includes/blocks/separator HTTP/1.1" 200 5020 urp.org.uk "-" "Mozilla/5.0 (Macintosh; Intel Mac OS X 10_15_7) AppleWebKit/537.36 (KHTML, like Gecko) Chrome/145.0.0.0 Safari/537.36 (compatible; meta-externalagent/1.1 (+https://developers.facebook.com/docs/sharing/webmasters/crawler))" "-"
2a03:2880:f800:: - - [30/Jul/2026:00:02:33 +0200] "GET /wp-sitemap-taxonomies-post_tag-1.xml?lokasie=/homepages/13/d787277790/htdocs/clickandbuilds/URP/wp-comments-post.php&loknya=/homepages/13/d787277790/htdocs/clickandbuilds/URP HTTP/1.1" 429 267 urp.org.uk "-" "Mozilla/5.0 (X11; Linux x86_64) AppleWebKit/537.36 (KHTML, like Gecko) Chrome/145.0.0.0 Safari/537.36 (compatible; meta-externalagent/1.1 (+https://developers.facebook.com/docs/sharing/webmasters/crawler))" "-"
2a03:2880:f800:: - - [30/Jul/2026:00:02:37 +0200] "GET /tag/digital-skills/?lokasie=/bin/pgmcrater&loknya=/bin HTTP/1.1" 429 267 urp.org.uk "-" "Mozilla/5.0 (Windows NT 10.0; Win64; x64) AppleWebKit/537.36 (KHTML, like Gecko) Chrome/145.0.0.0 Safari/537.36 (compatible; meta-externalagent/1.1 (+https://developers.facebook.com/docs/sharing/webmasters/crawler))" "-"
2a03:2880:f800:: - - [30/Jul/2026:00:02:37 +0200] "GET /category/new-project/?lokasie=/homepages/1/d786308215/DASTOOLSTART&loknya=/homepages/1/d786308215 HTTP/1.1" 429 267 urp.org.uk "-" "Mozilla/5.0 (Windows NT 10.0; Win64; x64) AppleWebKit/537.36 (KHTML, like Gecko) Chrome/145.0.0.0 Safari/537.36 (compatible; meta-externalagent/1.1 (+https://developers.facebook.com/docs/sharing/webmasters/crawler))" "-"
2a03:2880:f800:: - - [30/Jul/2026:00:02:42 +0200] "GET /launching-urps-digital-inclusion-community-empowerment-project/?lokasie=/homepages/13/d787277790/htdocs/clickandbuilds/URP/wp-includes//class-wp-recovery-mode.php&loknya=/homepages/13/d787277790/htdocs/clickandbuilds/URP/wp-includes/ HTTP/1.1" 429 267 urp.org.uk "-" "Mozilla/5.0 (Windows NT 10.0; Win64; x64) AppleWebKit/537.36 (KHTML, like Gecko) Chrome/145.0.0.0 Safari/537.36 (compatible; meta-externalagent/1.1 (+https://developers.facebook.com/docs/sharing/webmasters/crawler))" "-"
2a03:2880:f800:: - - [30/Jul/2026:00:02:43 +0200] "GET /launching-urps-digital-inclusion-community-empowerment-project/?lokasie=/homepages/13/d787277790/htdocs/clickandbuilds/URP/wp-includes//class-requests.php&loknya=/homepages/13/d787277790/htdocs/clickandbuilds/URP/wp-includes/ HTTP/1.1" 429 267 urp.org.uk "-" "Mozilla/5.0 (Windows NT 10.0; Win64; x64) AppleWebKit/537.36 (KHTML, like Gecko) Chrome/145.0.0.0 Safari/537.36 (compatible; meta-externalagent/1.1 (+https://developers.facebook.com/docs/sharing/webmasters/crawler))" "-"
216.73.216.0 - - [30/Jul/2026:00:02:47 +0200] "GET /admin-support-volunteer/urp.org.uk/thriving-families?lokasie=%2Fhomepages%2F13%2Fd787277790%2Fhtdocs%2Fclickandbuilds%2FURP%2Fnew%2Fwp-admin%2F%2Foptions-reading.php&loknya=%2Fhomepages%2F13%2Fd787277790%2Fhtdocs%2Fclickandbuilds%2FURP%2Fnew%2Fwp-admin%2F HTTP/1.1" 200 16894 urp.org.uk "-" "Mozilla/5.0 AppleWebKit/537.36 (KHTML, like Gecko; compatible; ClaudeBot/1.0; +claudebot@anthropic.com)" "-"
2a03:2880:f800:: - - [30/Jul/2026:00:02:49 +0200] "GET /tag/community-empowerment/?lokasie=/homepages/13/d787277790/htdocs/clickandbuilds/URP/wp-content.orig/debug.log&loknya=/homepages/13/d787277790/htdocs/clickandbuilds/URP/wp-content.orig HTTP/1.1" 429 267 urp.org.uk "-" "Mozilla/5.0 (Windows NT 10.0; Win64; x64) AppleWebKit/537.36 (KHTML, like Gecko) Chrome/145.0.0.0 Safari/537.36 (compatible; meta-externalagent/1.1 (+https://developers.facebook.com/docs/sharing/webmasters/crawler))" "-"
216.73.216.0 - - [30/Jul/2026:00:02:50 +0200] "GET /admin-support-volunteer/urp.org.uk/thriving-families?lokasie=%2Fhomepages%2F13%2Fd787277790%2Fhtdocs%2Fclickandbuilds%2FURP%2Fnew%2Fwp-admin%2F%2Fsetup-config.php&loknya=%2Fhomepages%2F13%2Fd787277790%2Fhtdocs%2Fclickandbuilds%2FURP%2Fnew%2Fwp-admin%2F HTTP/1.1" 200 25398 urp.org.uk "-" "Mozilla/5.0 AppleWebKit/537.36 (KHTML, like Gecko; compatible; ClaudeBot/1.0; +claudebot@anthropic.com)" "-"
2a03:2880:f800:: - - [30/Jul/2026:00:02:51 +0200] "GET /wp-sitemap-taxonomies-post_format-1.xml?lokasie=/homepages/13/d787277790/htdocs/clickandbuilds/URP/robots.txt&loknya=/homepages/13/d787277790/htdocs/clickandbuilds/URP HTTP/1.1" 429 267 urp.org.uk "-" "Mozilla/5.0 (X11; Linux x86_64) AppleWebKit/537.36 (KHTML, like Gecko) Chrome/145.0.0.0 Safari/537.36 (compatible; meta-externalagent/1.1 (+https://developers.facebook.com/docs/sharing/webmasters/crawler))" "-"
216.73.216.0 - - [30/Jul/2026:00:02:53 +0200] "GET /admin-support-volunteer/urp.org.uk/thriving-families?lokasie=%2Fhomepages%2F13%2Fd787277790%2Fhtdocs%2Fclickandbuilds%2FURP%2Fnew%2Fwp-admin%2F%2Fupgrade-functions.php&loknya=%2Fhomepages%2F13%2Fd787277790%2Fhtdocs%2Fclickandbuilds%2FURP%2Fnew%2Fwp-admin%2F HTTP/1.1" 200 4866 urp.org.uk "-" "Mozilla/5.0 AppleWebKit/537.36 (KHTML, like Gecko; compatible; ClaudeBot/1.0; +claudebot@anthropic.com)" "-"
2a03:2880:f800:: - - [30/Jul/2026:00:02:58 +0200] "GET /launching-urps-digital-inclusion-community-empowerment-project/?lokasie=/homepages/13/d787277790/htdocs/clickandbuilds/URP/wp-includes//class-wp-recovery-mode-email-service.php&loknya=/homepages/13/d787277790/htdocs/clickandbuilds/URP/wp-includes/ HTTP/1.1" 429 267 urp.org.uk "-" "Mozilla/5.0 (Windows NT 10.0; Win64; x64) AppleWebKit/537.36 (KHTML, like Gecko) Chrome/145.0.0.0 Safari/537.36 (compatible; meta-externalagent/1.1 (+https://developers.facebook.com/docs/sharing/webmasters/crawler))" "-"
2a03:2880:f800:: - - [30/Jul/2026:00:02:59 +0200] "GET /tag/education-support/?loknya=/homepages/13/d787277790/htdocs/clickandbuilds/URP/wp-content.orig/plugins HTTP/1.1" 429 267 urp.org.uk "-" "Mozilla/5.0 (Windows NT 10.0; Win64; x64) AppleWebKit/537.36 (KHTML, like Gecko) Chrome/145.0.0.0 Safari/537.36 (compatible; meta-externalagent/1.1 (+https://developers.facebook.com/docs/sharing/webmasters/crawler))" "-"
216.73.216.0 - - [30/Jul/2026:00:03:00 +0200] "GET /admin-support-volunteer/urp.org.uk/thriving-families?lokasie=%2Fhomepages%2F13%2Fd787277790%2Fhtdocs%2Fclickandbuilds%2FURP%2Fnew%2Fwp-admin%2F%2Findex.php&loknya=%2Fhomepages%2F13%2Fd787277790%2Fhtdocs%2Fclickandbuilds%2FURP%2Fnew%2Fwp-admin%2F HTTP/1.1" 200 13176 urp.org.uk "-" "Mozilla/5.0 AppleWebKit/537.36 (KHTML, like Gecko; compatible; ClaudeBot/1.0; +claudebot@anthropic.com)" "-"
216.73.216.0 - - [30/Jul/2026:00:03:03 +0200] "GET /admin-support-volunteer/urp.org.uk/thriving-families?lokasie=%2Fhomepages%2F13%2Fd787277790%2Fhtdocs%2Fclickandbuilds%2FURP%2F%2Fwp-content.orig%2Fautoptimize_404_handler.php&loknya=%2Fhomepages%2F13%2Fd787277790%2Fhtdocs%2Fclickandbuilds%2FURP%2F%2Fwp-content.orig HTTP/1.1" 200 6754 urp.org.uk "-" "Mozilla/5.0 AppleWebKit/537.36 (KHTML, like Gecko; compatible; ClaudeBot/1.0; +claudebot@anthropic.com)" "-"
2a03:2880:f800:: - - [30/Jul/2026:00:03:08 +0200] "GET /author/amanuel/?loknya=/homepages/backup HTTP/1.1" 429 267 urp.org.uk "-" "Mozilla/5.0 (Windows NT 10.0; Win64; x64) AppleWebKit/537.36 (KHTML, like Gecko) Chrome/145.0.0.0 Safari/537.36 (compatible; meta-externalagent/1.1 (+https://developers.facebook.com/docs/sharing/webmasters/crawler))" "-"
2a03:2880:f800:: - - [30/Jul/2026:00:03:10 +0200] "GET /tag/digital-literacy/?lokasie=/homepages/13/d787277790/htdocs/clickandbuilds/URP/new/wp-admin/media.php&loknya=/homepages/13/d787277790/htdocs/clickandbuilds/URP/new/wp-admin HTTP/1.1" 429 267 urp.org.uk "-" "Mozilla/5.0 (Macintosh; Intel Mac OS X 10_15_7) AppleWebKit/537.36 (KHTML, like Gecko) Chrome/145.0.0.0 Safari/537.36 (compatible; meta-externalagent/1.1 (+https://developers.facebook.com/docs/sharing/webmasters/crawler))" "-"
216.73.216.0 - - [30/Jul/2026:00:03:10 +0200] "GET /admin-support-volunteer/urp.org.uk/thriving-families?lokasie=%2Fhomepages%2F13%2Fd787277790%2Fhtdocs%2Fclickandbuilds%2F%2FURP_INFECTED%2Fwp-load.php&loknya=%2Fhomepages%2F13%2Fd787277790%2Fhtdocs%2Fclickandbuilds%2F%2FURP_INFECTED HTTP/1.1" 200 8451 urp.org.uk "-" "Mozilla/5.0 AppleWebKit/537.36 (KHTML, like Gecko; compatible; ClaudeBot/1.0; +claudebot@anthropic.com)" "-"
2a03:2880:f800:: - - [30/Jul/2026:00:03:11 +0200] "GET /wp-sitemap-taxonomies-post_tag-1.xml?lokasie=/homepages/13/d787277790/htdocs/clickandbuilds/URP/wp-content.orig/plugins/1and1-wordpress-assistant/inc/assets-adapter.php&loknya=/homepages/13/d787277790/htdocs/clickandbuilds/URP/wp-content.orig/plugins/1and1-wordpress-assistant/inc HTTP/1.1" 429 267 urp.org.uk "-" "Mozilla/5.0 (Windows NT 10.0; Win64; x64) AppleWebKit/537.36 (KHTML, like Gecko) Chrome/145.0.0.0 Safari/537.36 Edg/145.0.0.0 (compatible; meta-externalagent/1.1 (+https://developers.facebook.com/docs/sharing/webmasters/crawler))" "-"
216.73.216.0 - - [30/Jul/2026:00:03:13 +0200] "GET /admin-support-volunteer/urp.org.uk/thriving-families?lokasie=%2Fhomepages%2F13%2Fd787277790%2Fhtdocs%2Fclickandbuilds%2FURP%2Fnew%2Fwp-admin%2F%2Frevision.php&loknya=%2Fhomepages%2F13%2Fd787277790%2Fhtdocs%2Fclickandbuilds%2FURP%2Fnew%2Fwp-admin%2F HTTP/1.1" 200 10587 urp.org.uk "-" "Mozilla/5.0 AppleWebKit/537.36 (KHTML, like Gecko; compatible; ClaudeBot/1.0; +claudebot@anthropic.com)" "-"
216.73.216.0 - - [30/Jul/2026:00:03:20 +0200] "GET /admin-support-volunteer/urp.org.uk/thriving-families?lokasie=%2Fhomepages%2F13%2Fd787277790%2Fhtdocs%2Fclickandbuilds%2FURP%2Fnew%2Fwp-admin%2F%2Fabout.php&loknya=%2Fhomepages%2F13%2Fd787277790%2Fhtdocs%2Fclickandbuilds%2FURP%2Fnew%2Fwp-admin%2F HTTP/1.1" 200 33911 urp.org.uk "-" "Mozilla/5.0 AppleWebKit/537.36 (KHTML, like Gecko; compatible; ClaudeBot/1.0; +claudebot@anthropic.com)" "-"
45.32.151.0 - - [30/Jul/2026:00:03:22 +0200] "GET /wp-content/plugins/admin-site-enhancements-pro/README.txt HTTP/1.1" 200 46643 urp.org.uk "-" "Mozilla/5.0 (X11; Linux x86_64) AppleWebKit/537.36 (KHTML, like Gecko) Chrome/143.0.0.0 Safari/537.36" "-"
2a03:2880:f800:: - - [30/Jul/2026:00:03:22 +0200] "GET /tag/community-empowerment/?lokasie=/homepages/13/d787277790/htdocs/clickandbuilds/URP/wp-includes/class-wp-network-query.php&loknya=/homepages/13/d787277790/htdocs/clickandbuilds/URP/wp-includes HTTP/1.1" 429 267 urp.org.uk "-" "Mozilla/5.0 (Windows NT 10.0; Win64; x64) AppleWebKit/537.36 (KHTML, like Gecko) Chrome/145.0.0.0 Safari/537.36 (compatible; meta-externalagent/1.1 (+https://developers.facebook.com/docs/sharing/webmasters/crawler))" "-"
216.73.216.0 - - [30/Jul/2026:00:03:22 +0200] "GET /admin-support-volunteer/urp.org.uk/thriving-families?lokasie=%2Fhomepages%2F13%2Fd787277790%2Fhtdocs%2Fclickandbuilds%2FURP%2Fnew%2Fwp-admin%2F%2Fmoderation.php&loknya=%2Fhomepages%2F13%2Fd787277790%2Fhtdocs%2Fclickandbuilds%2FURP%2Fnew%2Fwp-admin%2F HTTP/1.1" 200 4825 urp.org.uk "-" "Mozilla/5.0 AppleWebKit/537.36 (KHTML, like Gecko; compatible; ClaudeBot/1.0; +claudebot@anthropic.com)" "-"
2a03:2880:f800:: - - [30/Jul/2026:00:03:26 +0200] "GET /wp-sitemap-taxonomies-post_tag-1.xml?lokasie=/lib/ruby/2.7.0/bundler/rubygems_ext.rb&loknya=/lib/ruby/2.7.0/bundler HTTP/1.1" 429 267 urp.org.uk "-" "Mozilla/5.0 (Macintosh; Intel Mac OS X 10_15_7) AppleWebKit/537.36 (KHTML, like Gecko) Chrome/145.0.0.0 Safari/537.36 (compatible; meta-externalagent/1.1 (+https://developers.facebook.com/docs/sharing/webmasters/crawler))" "-"
74.7.227.0 - - [30/Jul/2026:00:03:27 +0200] "GET /?loknya=/homepages/23/d786719158 HTTP/1.1" 200 20609 urp.org.uk "https://urp.org.uk/?loknya=/homepages/23" "Mozilla/5.0 AppleWebKit/537.36 (KHTML, like Gecko; compatible; GPTBot/1.4; +https://openai.com/gptbot)" "-"
2a03:2880:f800:: - - [30/Jul/2026:00:03:27 +0200] "GET /launching-urps-digital-inclusion-community-empowerment-project/?lokasie=/homepages/13/d787277790/htdocs/clickandbuilds/URP/wp-includes//update.php&loknya=/homepages/13/d787277790/htdocs/clickandbuilds/URP/wp-includes/ HTTP/1.1" 429 267 urp.org.uk "-" "Mozilla/5.0 (Windows NT 10.0; Win64; x64) AppleWebKit/537.36 (KHTML, like Gecko) Chrome/145.0.0.0 Safari/537.36 (compatible; meta-externalagent/1.1 (+https://developers.facebook.com/docs/sharing/webmasters/crawler))" "-"
2a03:2880:f800:: - - [30/Jul/2026:00:03:45 +0200] "GET /launching-urps-digital-inclusion-community-empowerment-project/?lokasie=/homepages/13/d787277790/htdocs/clickandbuilds/URP/wp-includes/blocks/navigation/style-rtl.min.css&loknya=/homepages/13/d787277790/htdocs/clickandbuilds/URP/wp-includes/blocks/navigation HTTP/1.1" 200 21228 urp.org.uk "-" "Mozilla/5.0 (Macintosh; Intel Mac OS X 10_15_7) AppleWebKit/537.36 (KHTML, like Gecko) Chrome/145.0.0.0 Safari/537.36 (compatible; meta-externalagent/1.1 (+https://developers.facebook.com/docs/sharing/webmasters/crawler))" "-"
216.73.216.0 - - [30/Jul/2026:00:03:45 +0200] "GET /admin-support-volunteer/urp.org.uk/thriving-families?lokasie=%2Fhomepages%2F13%2Fd787277790%2Fhtdocs%2Fclickandbuilds%2FURP_INFECTED%2Fwp-admin%2Fjs%2Fmedia.min.js&loknya=%2Fhomepages%2F13%2Fd787277790%2Fhtdocs%2Fclickandbuilds%2FURP_INFECTED%2Fwp-admin%2Fjs HTTP/1.1" 200 7584 urp.org.uk "-" "Mozilla/5.0 AppleWebKit/537.36 (KHTML, like Gecko; compatible; ClaudeBot/1.0; +claudebot@anthropic.com)" "-"
216.73.216.0 - - [30/Jul/2026:00:03:48 +0200] "GET /admin-support-volunteer/urp.org.uk/thriving-families?lokasie=%2Fhomepages%2F13%2Fd787277790%2Fhtdocs%2Fclickandbuilds%2F%2FURP_INFECTED%2Fwp-config-sample.php&loknya=%2Fhomepages%2F13%2Fd787277790%2Fhtdocs%2Fclickandbuilds%2F%2FURP_INFECTED HTTP/1.1" 200 7395 urp.org.uk "-" "Mozilla/5.0 AppleWebKit/537.36 (KHTML, like Gecko; compatible; ClaudeBot/1.0; +claudebot@anthropic.com)" "-"
2a03:2880:f800:: - - [30/Jul/2026:00:03:48 +0200] "GET /sitemap.xml?loknya=/homepages/13/d787277790/htdocs/clickandbuilds/URP/wp-content/cache HTTP/1.1" 200 8530 urp.org.uk "-" "Mozilla/5.0 (Windows NT 10.0; Win64; x64) AppleWebKit/537.36 (KHTML, like Gecko) Chrome/145.0.0.0 Safari/537.36 (compatible; meta-externalagent/1.1 (+https://developers.facebook.com/docs/sharing/webmasters/crawler))" "-"
57.129.81.0 - - [30/Jul/2026:00:03:50 +0200] "GET /keeping-families-thriving/?lokasie=/homepages/13/d787277790/htdocs/clickandbuilds/URP/wp-includes/class-wp-widget.php&loknya=/homepages/13/d787277790/htdocs/clickandbuilds/URP/wp-includes HTTP/1.1" 200 23156 urp.org.uk "-" "Mozilla/5.0 (Windows NT 10.0; Win64; x64) AppleWebKit/537.36 (KHTML, like Gecko) Chrome/148.0.0.0 Safari/537.36" "-"
141.94.79.0 - - [30/Jul/2026:00:03:51 +0200] "GET /keeping-families-thriving/?lokasie=/homepages/13/d787277790/htdocs/clickandbuilds/URP/wp-includes/class-wp-block-list.php&loknya=/homepages/13/d787277790/htdocs/clickandbuilds/URP/wp-includes HTTP/1.1" 200 9263 urp.org.uk "-" "Mozilla/5.0 (Windows NT 10.0; Win64; x64) AppleWebKit/537.36 (KHTML, like Gecko) Chrome/148.0.0.0 Safari/537.36" "-"
216.73.216.0 - - [30/Jul/2026:00:03:52 +0200] "GET /admin-support-volunteer/urp.org.uk/thriving-families?lokasie=%2Fhomepages%2F13%2Fd787277790%2Fhtdocs%2Fclickandbuilds%2FURP_INFECTED%2Fwp-admin%2Fjs%2Fxfn.min.js&loknya=%2Fhomepages%2F13%2Fd787277790%2Fhtdocs%2Fclickandbuilds%2FURP_INFECTED%2Fwp-admin%2Fjs HTTP/1.1" 200 5201 urp.org.uk "-" "Mozilla/5.0 AppleWebKit/537.36 (KHTML, like Gecko; compatible; ClaudeBot/1.0; +claudebot@anthropic.com)" "-"
141.94.79.0 - - [30/Jul/2026:00:03:52 +0200] "GET /keeping-families-thriving/?lokasie=/homepages/13/d787277790/htdocs/clickandbuilds/URP/wp-includes/class-wp-meta-query.php&loknya=/homepages/13/d787277790/htdocs/clickandbuilds/URP/wp-includes HTTP/1.1" 200 35703 urp.org.uk "-" "Mozilla/5.0 (Windows NT 10.0; Win64; x64) AppleWebKit/537.36 (KHTML, like Gecko) Chrome/148.0.0.0 Safari/537.36" "-"
216.73.216.0 - - [30/Jul/2026:00:03:55 +0200] "GET /admin-support-volunteer/urp.org.uk/thriving-families?lokasie=%2Fhomepages%2F13%2Fd787277790%2Fhtdocs%2Fclickandbuilds%2F%2FURP_INFECTED%2Fwp-mail.php&loknya=%2Fhomepages%2F13%2Fd787277790%2Fhtdocs%2Fclickandbuilds%2F%2FURP_INFECTED HTTP/1.1" 429 267 urp.org.uk "-" "Mozilla/5.0 AppleWebKit/537.36 (KHTML, like Gecko; compatible; ClaudeBot/1.0; +claudebot@anthropic.com)" "-"
2a03:2880:f800:: - - [30/Jul/2026:00:04:05 +0200] "GET /wp-sitemap-taxonomies-post_tag-1.xml?lokasie=/homepages/13/d787277790/htdocs/clickandbuilds/URP/wp-includes/sodium_compat/src/Core32/ChaCha20/Ctx.php&loknya=/homepages/13/d787277790/htdocs/clickandbuilds/URP/wp-includes/sodium_compat/src/Core32/ChaCha20 HTTP/1.1" 200 9927 urp.org.uk "-" "Mozilla/5.0 (Macintosh; Intel Mac OS X 10_15_7) AppleWebKit/537.36 (KHTML, like Gecko) Chrome/145.0.0.0 Safari/537.36 (compatible; meta-externalagent/1.1 (+https://developers.facebook.com/docs/sharing/webmasters/crawler))" "-"
216.73.216.0 - - [30/Jul/2026:00:04:09 +0200] "GET /admin-support-volunteer/urp.org.uk/thriving-families?loknya=%2Fvar%2Flib%2Fgems%2F2.7.0 HTTP/1.1" 429 267 urp.org.uk "-" "Mozilla/5.0 AppleWebKit/537.36 (KHTML, like Gecko; compatible; ClaudeBot/1.0; +claudebot@anthropic.com)" "-"
216.73.216.0 - - [30/Jul/2026:00:04:12 +0200] "GET /admin-support-volunteer/urp.org.uk/thriving-families?lokasie=%2Fhomepages%2F13%2Fd787277790%2Fhtdocs%2Fclickandbuilds%2F%2FURP_INFECTED%2Fwp-activate.php&loknya=%2Fhomepages%2F13%2Fd787277790%2Fhtdocs%2Fclickandbuilds%2F%2FURP_INFECTED HTTP/1.1" 429 267 urp.org.uk "-" "Mozilla/5.0 AppleWebKit/537.36 (KHTML, like Gecko; compatible; ClaudeBot/1.0; +claudebot@anthropic.com)" "-"
2a03:2880:f800:: - - [30/Jul/2026:00:04:20 +0200] "GET /?i5n9a3b5s6t0r5a7c8t6ed HTTP/1.1" 200 46649 urp.org.uk "-" "Mozilla/5.0 (Macintosh; Intel Mac OS X 10_15_7) AppleWebKit/537.36 (KHTML, like Gecko) Chrome/145.0.0.0 Safari/537.36 (compatible; meta-externalagent/1.1 (+https://developers.facebook.com/docs/sharing/webmasters/crawler))" "-"
74.7.227.0 - - [30/Jul/2026:00:04:21 +0200] "GET /?loknya=/homepages/33/d786784921 HTTP/1.1" 429 267 urp.org.uk "https://urp.org.uk/?loknya=/homepages/33" "Mozilla/5.0 AppleWebKit/537.36 (KHTML, like Gecko; compatible; GPTBot/1.4; +https://openai.com/gptbot)" "-"
216.73.216.0 - - [30/Jul/2026:00:04:21 +0200] "GET /admin-support-volunteer/urp.org.uk/thriving-families?lokasie=%2Fvar%2Flib%2Fman-db%2Fauto-update&loknya=%2Fvar%2Flib%2Fman-db HTTP/1.1" 429 267 urp.org.uk "-" "Mozilla/5.0 AppleWebKit/537.36 (KHTML, like Gecko; compatible; ClaudeBot/1.0; +claudebot@anthropic.com)" "-"
216.73.216.0 - - [30/Jul/2026:00:04:24 +0200] "GET /admin-support-volunteer/urp.org.uk/thriving-families?loknya=%2Fhomepages%2F13%2Fd787277790%2Fhtdocs%2Fclickandbuilds%2FURP%2Fwp-content%2Fthemes%2Ftwentynineteen%2Fsass%2Fnavigation HTTP/1.1" 429 267 urp.org.uk "-" "Mozilla/5.0 AppleWebKit/537.36 (KHTML, like Gecko; compatible; ClaudeBot/1.0; +claudebot@anthropic.com)" "-"
2a03:2880:f800:: - - [30/Jul/2026:00:04:32 +0200] "GET /tag/digital-skills/?lokasie=/bin/apt&loknya=/bin HTTP/1.1" 200 3941 urp.org.uk "-" "Mozilla/5.0 (Windows NT 10.0; Win64; x64) AppleWebKit/537.36 (KHTML, like Gecko) Chrome/145.0.0.0 Safari/537.36 (compatible; meta-externalagent/1.1 (+https://developers.facebook.com/docs/sharing/webmasters/crawler))" "-"
216.73.216.0 - - [30/Jul/2026:00:04:38 +0200] "GET /admin-support-volunteer/urp.org.uk/thriving-families?loknya=%2Fvar%2Flib%2Fpam HTTP/1.1" 429 267 urp.org.uk "-" "Mozilla/5.0 AppleWebKit/537.36 (KHTML, like Gecko; compatible; ClaudeBot/1.0; +claudebot@anthropic.com)" "-"
216.73.216.0 - - [30/Jul/2026:00:04:40 +0200] "GET /admin-support-volunteer/urp.org.uk/thriving-families?lokasie=%2Fhomepages%2F13%2Fd787277790%2Fhtdocs%2Fclickandbuilds%2FURP_INFECTED%2Fwp-admin%2Fjs%2Fmedia-gallery.js&loknya=%2Fhomepages%2F13%2Fd787277790%2Fhtdocs%2Fclickandbuilds%2FURP_INFECTED%2Fwp-admin%2Fjs HTTP/1.1" 429 267 urp.org.uk "-" "Mozilla/5.0 AppleWebKit/537.36 (KHTML, like Gecko; compatible; ClaudeBot/1.0; +claudebot@anthropic.com)" "-"
114.119.128.0 - - [30/Jul/2026:00:04:41 +0200] "GET /thriving-families-art-competition-winners/?loknya=/homepages/11 HTTP/1.1" 200 14401 urp.org.uk "https://urp.org.uk/thriving-families-art-competition-winners/?loknya=/homepages" "Mozilla/5.0 (Linux; Android 7.0;) AppleWebKit/537.36 (HTML, like Gecko) Mobile Safari/537.36 (compatible; PetalBot;+https://webmaster.petalsearch.com/site/petalbot)" "-"
216.73.216.0 - - [30/Jul/2026:00:04:43 +0200] "GET /admin-support-volunteer/urp.org.uk/thriving-families?lokasie=%2Fhomepages%2F13%2Fd787277790%2Fhtdocs%2Fclickandbuilds%2FURP%2Fnew%2Fwp-admin%2F%2Foptions-privacy.php&loknya=%2Fhomepages%2F13%2Fd787277790%2Fhtdocs%2Fclickandbuilds%2FURP%2Fnew%2Fwp-admin%2F HTTP/1.1" 429 267 urp.org.uk "-" "Mozilla/5.0 AppleWebKit/537.36 (KHTML, like Gecko; compatible; ClaudeBot/1.0; +claudebot@anthropic.com)" "-"
187.220.149.0 - - [30/Jul/2026:00:04:44 +0200] "GET /our-team/?loknya=%2Flib%2Ffile HTTP/1.1" 200 6329 urp.org.uk "https://urp.org.uk" "Mozilla/5.0 (Macintosh; Intel Mac OS X 10_15_7) AppleWebKit/537.36 (KHTML, like Gecko) Chrome/145.0.0.0 Safari/537.36" "-"
2a03:2880:f800:: - - [30/Jul/2026:00:04:44 +0200] "GET /category/new-project/?lokasie=/homepages/4/d168444385/phpinilist&loknya=/homepages/4/d168444385 HTTP/1.1" 200 4072 urp.org.uk "-" "Mozilla/5.0 (Macintosh; Intel Mac OS X 10_15_7) AppleWebKit/537.36 (KHTML, like Gecko) Chrome/145.0.0.0 Safari/537.36 (compatible; meta-externalagent/1.1 (+https://developers.facebook.com/docs/sharing/webmasters/crawler))" "-"
216.73.216.0 - - [30/Jul/2026:00:04:46 +0200] "GET /admin-support-volunteer/urp.org.uk/thriving-families?lokasie=%2Fhomepages%2F13%2Fd787277790%2Fhtdocs%2Fclickandbuilds%2FURP%2Fnew%2Fwp-admin%2F%2Fms-themes.php&loknya=%2Fhomepages%2F13%2Fd787277790%2Fhtdocs%2Fclickandbuilds%2FURP%2Fnew%2Fwp-admin%2F HTTP/1.1" 429 267 urp.org.uk "-" "Mozilla/5.0 AppleWebKit/537.36 (KHTML, like Gecko; compatible; ClaudeBot/1.0; +claudebot@anthropic.com)" "-"
2a03:2880:f800:: - - [30/Jul/2026:00:04:54 +0200] "GET /tag/digital-literacy/?lokasie=/homepages/13/d787277790/htdocs/clickandbuilds/URP/wp-includes/js/underscore.min.js&loknya=/homepages/13/d787277790/htdocs/clickandbuilds/URP/wp-includes/js HTTP/1.1" 200 25970 urp.org.uk "-" "Mozilla/5.0 (Macintosh; Intel Mac OS X 10_15_7) AppleWebKit/537.36 (KHTML, like Gecko) Chrome/145.0.0.0 Safari/537.36 (compatible; meta-externalagent/1.1 (+https://developers.facebook.com/docs/sharing/webmasters/crawler))" "-"
216.73.216.0 - - [30/Jul/2026:00:04:55 +0200] "GET /admin-support-volunteer/urp.org.uk/thriving-families?loknya=%2Fhomepages%2F13%2Fd787277790%2Fhtdocs%2Fclickandbuilds%2FURP%2Fwp-content%2Fthemes%2Ftwentynineteen%2Fsass%2Fsite HTTP/1.1" 200 15965 urp.org.uk "-" "Mozilla/5.0 AppleWebKit/537.36 (KHTML, like Gecko; compatible; ClaudeBot/1.0; +claudebot@anthropic.com)" "-"
216.73.216.0 - - [30/Jul/2026:00:04:58 +0200] "GET /admin-support-volunteer/urp.org.uk/thriving-families?loknya=%2Fhomepages%2F13%2Fd787277790%2Fhtdocs%2Fclickandbuilds%2FURP%2Fwp-content%2Fthemes%2Ftwentynineteen%2Fsass%2Felements HTTP/1.1" 200 12880 urp.org.uk "-" "Mozilla/5.0 AppleWebKit/537.36 (KHTML, like Gecko; compatible; ClaudeBot/1.0; +claudebot@anthropic.com)" "-"
216.73.216.0 - - [30/Jul/2026:00:05:01 +0200] "GET /admin-support-volunteer/urp.org.uk/thriving-families?lokasie=%2Fhomepages%2F13%2Fd787277790%2Fhtdocs%2Fclickandbuilds%2F%2FURP_INFECTED%2Findex.php&loknya=%2Fhomepages%2F13%2Fd787277790%2Fhtdocs%2Fclickandbuilds%2F%2FURP_INFECTED HTTP/1.1" 200 4349 urp.org.uk "-" "Mozilla/5.0 AppleWebKit/537.36 (KHTML, like Gecko; compatible; ClaudeBot/1.0; +claudebot@anthropic.com)" "-"
2a03:2880:f800:: - - [30/Jul/2026:00:05:02 +0200] "GET /?h5i2l2l7s3342471 HTTP/1.1" 200 46649 urp.org.uk "-" "Mozilla/5.0 (Windows NT 10.0; Win64; x64) AppleWebKit/537.36 (KHTML, like Gecko) Chrome/145.0.0.0 Safari/537.36 (compatible; meta-externalagent/1.1 (+https://developers.facebook.com/docs/sharing/webmasters/crawler))" "-"
216.73.216.0 - - [30/Jul/2026:00:05:04 +0200] "GET /admin-support-volunteer/urp.org.uk/thriving-families?loknya=%2Fhomepages%2F13%2Fd787277790%2Fhtdocs%2Fclickandbuilds%2FURP%2Fwp-content%2Fthemes%2Ftwentynineteen%2Fsass%2Fblocks HTTP/1.1" 200 9510 urp.org.uk "-" "Mozilla/5.0 AppleWebKit/537.36 (KHTML, like Gecko; compatible; ClaudeBot/1.0; +claudebot@anthropic.com)" "-"
74.7.227.0 - - [30/Jul/2026:00:05:11 +0200] "GET /?loknya=/homepages/23/d787240529 HTTP/1.1" 200 12721 urp.org.uk "https://urp.org.uk/?loknya=/homepages/23" "Mozilla/5.0 AppleWebKit/537.36 (KHTML, like Gecko; compatible; GPTBot/1.4; +https://openai.com/gptbot)" "-"
2a03:2880:f800:: - - [30/Jul/2026:00:05:13 +0200] "GET /launching-urps-digital-inclusion-community-empowerment-project/?lokasie=/homepages/13/d787277790/htdocs/clickandbuilds/URP/wp-content.orig//advanced-cache.php&loknya=/homepages/13/d787277790/htdocs/clickandbuilds/URP/wp-content.orig/ HTTP/1.1" 200 5151 urp.org.uk "-" "Mozilla/5.0 (Windows NT 10.0; Win64; x64) AppleWebKit/537.36 (KHTML, like Gecko) Chrome/145.0.0.0 Safari/537.36 (compatible; meta-externalagent/1.1 (+https://developers.facebook.com/docs/sharing/webmasters/crawler))" "-"
216.73.216.0 - - [30/Jul/2026:00:05:15 +0200] "GET /admin-support-volunteer/urp.org.uk/thriving-families?lokasie=%2Fhomepages%2F13%2Fd787277790%2Fhtdocs%2Fclickandbuilds%2FURP%2Fnew%2Fwp-admin%2F%2F.htaccess&loknya=%2Fhomepages%2F13%2Fd787277790%2Fhtdocs%2Fclickandbuilds%2FURP%2Fnew%2Fwp-admin%2F HTTP/1.1" 200 4726 urp.org.uk "-" "Mozilla/5.0 AppleWebKit/537.36 (KHTML, like Gecko; compatible; ClaudeBot/1.0; +claudebot@anthropic.com)" "-"
216.73.216.0 - - [30/Jul/2026:00:05:17 +0200] "GET /admin-support-volunteer/urp.org.uk/thriving-families?loknya=%2Fvar%2Flib%2Fdictionaries-common HTTP/1.1" 200 6236 urp.org.uk "-" "Mozilla/5.0 AppleWebKit/537.36 (KHTML, like Gecko; compatible; ClaudeBot/1.0; +claudebot@anthropic.com)" "-"
2a03:2880:f800:: - - [30/Jul/2026:00:05:18 +0200] "GET /tag/community-empowerment/?lokasie=/homepages/13/d787277790/htdocs/clickandbuilds/URP.zip&loknya=/homepages/13/d787277790/htdocs/clickandbuilds HTTP/1.1" 200 4111 urp.org.uk "-" "Mozilla/5.0 (Windows NT 10.0; Win64; x64) AppleWebKit/537.36 (KHTML, like Gecko) Chrome/145.0.0.0 Safari/537.36 (compatible; meta-externalagent/1.1 (+https://developers.facebook.com/docs/sharing/webmasters/crawler))" "-"
216.73.216.0 - - [30/Jul/2026:00:05:20 +0200] "GET /admin-support-volunteer/urp.org.uk/thriving-families?loknya=%2Fhomepages%2F13%2Fd787277790%2Fhtdocs%2Fclickandbuilds%2F%2FURP HTTP/1.1" 200 46745 urp.org.uk "-" "Mozilla/5.0 AppleWebKit/537.36 (KHTML, like Gecko; compatible; ClaudeBot/1.0; +claudebot@anthropic.com)" "-"
216.73.216.0 - - [30/Jul/2026:00:05:23 +0200] "GET /admin-support-volunteer/urp.org.uk/thriving-families?loknya=%2Fvar%2Flib%2Fdpkg HTTP/1.1" 200 5109 urp.org.uk "-" "Mozilla/5.0 AppleWebKit/537.36 (KHTML, like Gecko; compatible; ClaudeBot/1.0; +claudebot@anthropic.com)" "-"
2a03:2880:f800:: - - [30/Jul/2026:00:05:26 +0200] "GET /wp-sitemap-taxonomies-post_tag-1.xml?lokasie=/lib/locale/en_AU.utf8//LC_ADDRESS&loknya=/lib/locale/en_AU.utf8/ HTTP/1.1" 200 4064 urp.org.uk "-" "Mozilla/5.0 (Windows NT 10.0; Win64; x64) AppleWebKit/537.36 (KHTML, like Gecko) Chrome/145.0.0.0 Safari/537.36 (compatible; meta-externalagent/1.1 (+https://developers.facebook.com/docs/sharing/webmasters/crawler))" "-"
216.73.216.0 - - [30/Jul/2026:00:05:29 +0200] "GET /admin-support-volunteer/urp.org.uk/thriving-families?lokasie=%2Fhomepages%2F13%2Fd787277790%2Fhtdocs%2Fclickandbuilds%2FURP%2F%2F%2Fwp-login.php&loknya=%2Fhomepages%2F13%2Fd787277790%2Fhtdocs%2Fclickandbuilds%2FURP%2F%2F HTTP/1.1" 200 60676 urp.org.uk "-" "Mozilla/5.0 AppleWebKit/537.36 (KHTML, like Gecko; compatible; ClaudeBot/1.0; +claudebot@anthropic.com)" "-"
216.73.216.0 - - [30/Jul/2026:00:05:32 +0200] "GET /admin-support-volunteer/urp.org.uk/thriving-families?lokasie=%2Fhomepages%2F13%2Fd787277790%2Fhtdocs%2Fclickandbuilds%2FURP%2F%2Fwp-content.orig%2Findex.php&loknya=%2Fhomepages%2F13%2Fd787277790%2Fhtdocs%2Fclickandbuilds%2FURP%2F%2Fwp-content.orig HTTP/1.1" 200 4476 urp.org.uk "-" "Mozilla/5.0 AppleWebKit/537.36 (KHTML, like Gecko; compatible; ClaudeBot/1.0; +claudebot@anthropic.com)" "-"
2a03:2880:f800:: - - [30/Jul/2026:00:05:33 +0200] "GET /tag/community-empowerment/?lokasie=/homepages/13/d787277790/htdocs/clickandbuilds/URP/wp-admin/options-writing.php&loknya=/homepages/13/d787277790/htdocs/clickandbuilds/URP/wp-admin HTTP/1.1" 200 15898 urp.org.uk "-" "Mozilla/5.0 (Windows NT 10.0; Win64; x64) AppleWebKit/537.36 (KHTML, like Gecko) Chrome/145.0.0.0 Safari/537.36 (compatible; meta-externalagent/1.1 (+https://developers.facebook.com/docs/sharing/webmasters/crawler))" "-"
216.73.216.0 - - [30/Jul/2026:00:05:35 +0200] "GET /admin-support-volunteer/urp.org.uk/thriving-families?lokasie=%2Fhomepages%2F13%2Fd787277790%2Fhtdocs%2Fclickandbuilds%2FURP%2Fnew%2Fwp-admin%2F%2Fmedia-new.php&loknya=%2Fhomepages%2F13%2Fd787277790%2Fhtdocs%2Fclickandbuilds%2FURP%2Fnew%2Fwp-admin%2F HTTP/1.1" 200 8245 urp.org.uk "-" "Mozilla/5.0 AppleWebKit/537.36 (KHTML, like Gecko; compatible; ClaudeBot/1.0; +claudebot@anthropic.com)" "-"
216.73.216.0 - - [30/Jul/2026:00:05:38 +0200] "GET /admin-support-volunteer/urp.org.uk/thriving-families?lokasie=%2Fhomepages%2F13%2Fd787277790%2Fhtdocs%2Fclickandbuilds%2FURP_INFECTED%2Fwp-admin%2Fjs%2Fsite-health.js&loknya=%2Fhomepages%2F13%2Fd787277790%2Fhtdocs%2Fclickandbuilds%2FURP_INFECTED%2Fwp-admin%2Fjs HTTP/1.1" 200 18194 urp.org.uk "-" "Mozilla/5.0 AppleWebKit/537.36 (KHTML, like Gecko; compatible; ClaudeBot/1.0; +claudebot@anthropic.com)" "-"
2a03:2880:f800:: - - [30/Jul/2026:00:05:39 +0200] "GET /tag/digital-skills/?lokasie=/bin/lsns&loknya=/bin HTTP/1.1" 200 3942 urp.org.uk "-" "Mozilla/5.0 (Windows NT 10.0; Win64; x64) AppleWebKit/537.36 (KHTML, like Gecko) Chrome/145.0.0.0 Safari/537.36 (compatible; meta-externalagent/1.1 (+https://developers.facebook.com/docs/sharing/webmasters/crawler))" "-"
216.73.216.0 - - [30/Jul/2026:00:05:42 +0200] "GET /admin-support-volunteer/urp.org.uk/thriving-families?lokasie=%2Fhomepages%2F13%2Fd787277790%2Fhtdocs%2Fclickandbuilds%2FURP%2Fwp-content%2Fthemes%2Ftwentynineteen%2F%2Fheader.php&loknya=%2Fhomepages%2F13%2Fd787277790%2Fhtdocs%2Fclickandbuilds%2FURP%2Fwp-content%2Fthemes%2Ftwentynineteen%2F HTTP/1.1" 200 7040 urp.org.uk "-" "Mozilla/5.0 AppleWebKit/537.36 (KHTML, like Gecko; compatible; ClaudeBot/1.0; +claudebot@anthropic.com)" "-"
