2a03:2880:f800:: - - [30/Jul/2026:00:42:18 +0200] "GET /tag/digital-literacy/?lokasie=/homepages/13/d787277790/htdocs/clickandbuilds/URP/old/wp-includes/ms-site.php&loknya=/homepages/13/d787277790/htdocs/clickandbuilds/URP/old/wp-includes HTTP/1.1" 200 48088 urp.org.uk "-" "Mozilla/5.0 (Windows NT 10.0; Win64; x64) AppleWebKit/537.36 (KHTML, like Gecko) Chrome/145.0.0.0 Safari/537.36 (compatible; meta-externalagent/1.1 (+https://developers.facebook.com/docs/sharing/webmasters/crawler))" "-"
74.7.227.0 - - [30/Jul/2026:00:42:20 +0200] "GET /?loknya=/homepages/13/ HTTP/1.1" 200 14423 urp.org.uk "https://urp.org.uk/?loknya=/homepages/13/d786237539" "Mozilla/5.0 AppleWebKit/537.36 (KHTML, like Gecko; compatible; GPTBot/1.4; +https://openai.com/gptbot)" "-"
114.119.158.0 - - [30/Jul/2026:00:42:22 +0200] "GET /get-involved?loknya=/homepages/13/d787277790/htdocs/clickandbuilds/URP/wp-includes/block-patterns HTTP/1.1" 200 20497 urp.org.uk "https://urp.org.uk/get-involved?loknya=/homepages/13/d787277790/htdocs/clickandbuilds/URP/wp-includes" "Mozilla/5.0 (Linux; Android 7.0;) AppleWebKit/537.36 (HTML, like Gecko) Mobile Safari/537.36 (compatible; PetalBot;+https://webmaster.petalsearch.com/site/petalbot)" "-"
2a03:2880:f800:: - - [30/Jul/2026:00:42:28 +0200] "GET /tag/digital-literacy/?lokasie=/homepages/13/d787277790/htdocs/clickandbuilds/URP/old/wp-includes/class-wp-widget-factory.php&loknya=/homepages/13/d787277790/htdocs/clickandbuilds/URP/old/wp-includes HTTP/1.1" 200 8383 urp.org.uk "-" "Mozilla/5.0 (Windows NT 10.0; Win64; x64) AppleWebKit/537.36 (KHTML, like Gecko) Chrome/145.0.0.0 Safari/537.36 (compatible; meta-externalagent/1.1 (+https://developers.facebook.com/docs/sharing/webmasters/crawler))" "-"
57.129.137.0 - - [30/Jul/2026:00:42:33 +0200] "GET / HTTP/1.1" 200 46645 urp.org.uk "-" "Mozilla/5.0 (Macintosh; Intel Mac OS X 10_15_7) AppleWebKit/605.1.15 (KHTML, like Gecko) Version/18.4 Safari/605.1.15" "-"
209.50.228.0 - - [30/Jul/2026:00:42:35 +0200] "GET / HTTP/1.1" 200 46644 urp.org.uk "-" "Mozilla/5.0 (Macintosh; Intel Mac OS X 10_15_7) AppleWebKit/605.1.15 (KHTML, like Gecko) Version/18.4 Safari/605.1.15" "-"
57.131.13.0 - - [30/Jul/2026:00:42:36 +0200] "GET / HTTP/1.1" 200 46643 urp.org.uk "-" "Mozilla/5.0 (Macintosh; Intel Mac OS X 10_15_7) AppleWebKit/605.1.15 (KHTML, like Gecko) Version/18.4 Safari/605.1.15" "-"
2a03:2880:f800:: - - [30/Jul/2026:00:42:38 +0200] "GET /tag/digital-skills/?lokasie=/bin/[&loknya=/bin HTTP/1.1" 200 3939 urp.org.uk "-" "Mozilla/5.0 (Windows NT 10.0; Win64; x64) AppleWebKit/537.36 (KHTML, like Gecko) Chrome/145.0.0.0 Safari/537.36 (compatible; meta-externalagent/1.1 (+https://developers.facebook.com/docs/sharing/webmasters/crawler))" "-"
77.42.64.0 - - [30/Jul/2026:00:42:39 +0200] "GET / HTTP/1.1" 200 46643 urp.org.uk "-" "Mozilla/5.0 (Macintosh; Intel Mac OS X 10_15_7) AppleWebKit/605.1.15 (KHTML, like Gecko) Version/18.4 Safari/605.1.15" "-"
2a03:2880:f800:: - - [30/Jul/2026:00:42:47 +0200] "GET /tag/digital-literacy/?loknya=/homepages/13/d787277790/htdocs/clickandbuilds/URP/old/wp-includes/blocks HTTP/1.1" 200 25977 urp.org.uk "-" "Mozilla/5.0 (Windows NT 10.0; Win64; x64) AppleWebKit/537.36 (KHTML, like Gecko) Chrome/145.0.0.0 Safari/537.36 (compatible; meta-externalagent/1.1 (+https://developers.facebook.com/docs/sharing/webmasters/crawler))" "-"
2a03:2880:f800:: - - [30/Jul/2026:00:42:54 +0200] "GET /tag/digital-skills/?lokasie=/bin/namei&loknya=/bin HTTP/1.1" 200 3943 urp.org.uk "-" "Mozilla/5.0 (Windows NT 10.0; Win64; x64) AppleWebKit/537.36 (KHTML, like Gecko) Chrome/145.0.0.0 Safari/537.36 (compatible; meta-externalagent/1.1 (+https://developers.facebook.com/docs/sharing/webmasters/crawler))" "-"
2a03:2880:f800:: - - [30/Jul/2026:00:43:02 +0200] "GET /tag/digital-skills/?lokasie=/bin/mandb&loknya=/bin HTTP/1.1" 200 3943 urp.org.uk "-" "Mozilla/5.0 (Windows NT 10.0; Win64; x64) AppleWebKit/537.36 (KHTML, like Gecko) Chrome/145.0.0.0 Safari/537.36 (compatible; meta-externalagent/1.1 (+https://developers.facebook.com/docs/sharing/webmasters/crawler))" "-"
2a03:2880:f800:: - - [30/Jul/2026:00:43:10 +0200] "GET /tag/digital-skills/?lokasie=/bin/grotty&loknya=/bin HTTP/1.1" 200 3943 urp.org.uk "-" "Mozilla/5.0 (Macintosh; Intel Mac OS X 10_15_7) AppleWebKit/537.36 (KHTML, like Gecko) Chrome/145.0.0.0 Safari/537.36 (compatible; meta-externalagent/1.1 (+https://developers.facebook.com/docs/sharing/webmasters/crawler))" "-"
74.7.227.0 - - [30/Jul/2026:00:43:12 +0200] "GET /?loknya=/homepages/37/d786296454 HTTP/1.1" 200 12720 urp.org.uk "https://urp.org.uk/?loknya=/homepages/37" "Mozilla/5.0 AppleWebKit/537.36 (KHTML, like Gecko; compatible; GPTBot/1.4; +https://openai.com/gptbot)" "-"
2a03:2880:f800:: - - [30/Jul/2026:00:43:17 +0200] "GET /tag/digital-skills/?lokasie=/bin/gprof&loknya=/bin HTTP/1.1" 200 3943 urp.org.uk "-" "Mozilla/5.0 (Windows NT 10.0; Win64; x64) AppleWebKit/537.36 (KHTML, like Gecko) Chrome/145.0.0.0 Safari/537.36 (compatible; meta-externalagent/1.1 (+https://developers.facebook.com/docs/sharing/webmasters/crawler))" "-"
2a03:2880:f800:: - - [30/Jul/2026:00:43:22 +0200] "GET /category/new-project/?lokasie=/homepages/5/d211000348/lastmovespace&loknya=/homepages/5/d211000348 HTTP/1.1" 200 4076 urp.org.uk "-" "Mozilla/5.0 (Windows NT 10.0; Win64; x64) AppleWebKit/537.36 (KHTML, like Gecko) Chrome/145.0.0.0 Safari/537.36 (compatible; meta-externalagent/1.1 (+https://developers.facebook.com/docs/sharing/webmasters/crawler))" "-"
2a03:2880:f800:: - - [30/Jul/2026:00:43:28 +0200] "GET /wp-sitemap-taxonomies-post_tag-1.xml?lokasie=/homepages/13/d787277790/htdocs/clickandbuilds/URP/wp-content.orig/plugins/acozhar/assets/index.html&loknya=/homepages/13/d787277790/htdocs/clickandbuilds/URP/wp-content.orig/plugins/acozhar/assets HTTP/1.1" 200 4808 urp.org.uk "-" "Mozilla/5.0 (Macintosh; Intel Mac OS X 10_15_7) AppleWebKit/537.36 (KHTML, like Gecko) Chrome/145.0.0.0 Safari/537.36 (compatible; meta-externalagent/1.1 (+https://developers.facebook.com/docs/sharing/webmasters/crawler))" "-"
2a03:2880:f800:: - - [30/Jul/2026:00:43:33 +0200] "GET /launching-urps-digital-inclusion-community-empowerment-project/?lokasie=/homepages/13/d787277790/htdocs/clickandbuilds/URP/wp-includes//class-phpass.php&loknya=/homepages/13/d787277790/htdocs/clickandbuilds/URP/wp-includes/ HTTP/1.1" 200 11443 urp.org.uk "-" "Mozilla/5.0 (Windows NT 10.0; Win64; x64) AppleWebKit/537.36 (KHTML, like Gecko) Chrome/145.0.0.0 Safari/537.36 (compatible; meta-externalagent/1.1 (+https://developers.facebook.com/docs/sharing/webmasters/crawler))" "-"
2a03:2880:f800:: - - [30/Jul/2026:00:43:39 +0200] "GET /tag/refugee-support/?lokasie=/homepages/13/d787277790/htdocs/clickandbuilds/URP/wp-includes/class-wp-block-list.php&loknya=/homepages/13/d787277790/htdocs/clickandbuilds/URP/wp-includes HTTP/1.1" 200 9270 urp.org.uk "-" "Mozilla/5.0 (Macintosh; Intel Mac OS X 10_15_7) AppleWebKit/537.36 (KHTML, like Gecko) Chrome/145.0.0.0 Safari/537.36 (compatible; meta-externalagent/1.1 (+https://developers.facebook.com/docs/sharing/webmasters/crawler))" "-"
186.219.146.0 - - [30/Jul/2026:00:43:41 +0200] "GET /author/selame-negussie/?loknya=%2Fhomepages%2F13%2Fd787277790%2Fhtdocs%2Fclickandbuilds%2F HTTP/1.1" 200 9198 urp.org.uk "https://urp.org.uk/author/selame-negussie/" "Mozilla/5.0 (Macintosh; Intel Mac OS X 10_15_7) AppleWebKit/537.36 (KHTML, like Gecko) Chrome/145.0.0.0 Safari/537.36" "-"
2a03:2880:f800:: - - [30/Jul/2026:00:43:44 +0200] "GET /category/new-project/?lokasie=/homepages/13/d787277790/htdocs/logs/access.log.30.5.gz&loknya=/homepages/13/d787277790/htdocs/logs HTTP/1.1" 200 4222 urp.org.uk "-" "Mozilla/5.0 (Windows NT 10.0; Win64; x64) AppleWebKit/537.36 (KHTML, like Gecko) Chrome/145.0.0.0 Safari/537.36 (compatible; meta-externalagent/1.1 (+https://developers.facebook.com/docs/sharing/webmasters/crawler))" "-"
114.119.152.0 - - [30/Jul/2026:00:43:46 +0200] "GET /get-involved?loknya=/homepages/13/d787277790/htdocs/clickandbuilds/URP/wp-includes/Text HTTP/1.1" 200 10033 urp.org.uk "https://urp.org.uk/get-involved?loknya=/homepages/13/d787277790/htdocs/clickandbuilds/URP/wp-includes" "Mozilla/5.0 (Linux; Android 7.0;) AppleWebKit/537.36 (HTML, like Gecko) Mobile Safari/537.36 (compatible; PetalBot;+https://webmaster.petalsearch.com/site/petalbot)" "-"
2a03:2880:f800:: - - [30/Jul/2026:00:43:48 +0200] "GET /category/new-project/?loknya=/homepages/18/d786296153/.config HTTP/1.1" 200 5263 urp.org.uk "-" "Mozilla/5.0 (Macintosh; Intel Mac OS X 10_15_7) AppleWebKit/537.36 (KHTML, like Gecko) Chrome/145.0.0.0 Safari/537.36 (compatible; meta-externalagent/1.1 (+https://developers.facebook.com/docs/sharing/webmasters/crawler))" "-"
2a03:2880:f800:: - - [30/Jul/2026:00:43:53 +0200] "GET /tag/digital-literacy/?lokasie=/homepages/13/d787277790/htdocs/clickandbuilds/URP/old/wp-includes/class-wp-comment-query.php&loknya=/homepages/13/d787277790/htdocs/clickandbuilds/URP/old/wp-includes HTTP/1.1" 200 48583 urp.org.uk "-" "Mozilla/5.0 (Windows NT 10.0; Win64; x64) AppleWebKit/537.36 (KHTML, like Gecko) Chrome/145.0.0.0 Safari/537.36 (compatible; meta-externalagent/1.1 (+https://developers.facebook.com/docs/sharing/webmasters/crawler))" "-"
2a03:2880:f800:: - - [30/Jul/2026:00:43:57 +0200] "GET /tag/digital-literacy/?lokasie=/homepages/13/d787277790/htdocs/clickandbuilds/URP/old/wp-includes/nav-menu.php&loknya=/homepages/13/d787277790/htdocs/clickandbuilds/URP/old/wp-includes HTTP/1.1" 200 46181 urp.org.uk "-" "Mozilla/5.0 (X11; Linux x86_64) AppleWebKit/537.36 (KHTML, like Gecko) Chrome/145.0.0.0 Safari/537.36 (compatible; meta-externalagent/1.1 (+https://developers.facebook.com/docs/sharing/webmasters/crawler))" "-"
74.7.227.0 - - [30/Jul/2026:00:43:57 +0200] "GET /?loknya=/homepages/28/d427091895 HTTP/1.1" 200 20920 urp.org.uk "https://urp.org.uk/?loknya=/homepages/28" "Mozilla/5.0 AppleWebKit/537.36 (KHTML, like Gecko; compatible; GPTBot/1.4; +https://openai.com/gptbot)" "-"
216.73.216.0 - - [30/Jul/2026:00:43:58 +0200] "GET /admin-support-volunteer/urp.org.uk/thriving-families?lokasie=%2Fhomepages%2F13%2Fd787277790%2Fhtdocs%2Fclickandbuilds%2FURP%2Fwp-content.orig%2Fuploads%2F2022%2F11%2F11%2Fcache.php&loknya=%2Fhomepages%2F13%2Fd787277790%2Fhtdocs%2Fclickandbuilds%2FURP%2Fwp-content.orig%2Fuploads%2F2022%2F11%2F11 HTTP/1.1" 200 4891 urp.org.uk "-" "Mozilla/5.0 AppleWebKit/537.36 (KHTML, like Gecko; compatible; ClaudeBot/1.0; +claudebot@anthropic.com)" "-"
2a03:2880:f800:: - - [30/Jul/2026:00:44:01 +0200] "GET /tag/digital-literacy/?lokasie=/homepages/13/d787277790/htdocs/clickandbuilds/URP/old/wp-includes/class-wp-customize-section.php&loknya=/homepages/13/d787277790/htdocs/clickandbuilds/URP/old/wp-includes HTTP/1.1" 200 15401 urp.org.uk "-" "Mozilla/5.0 (Windows NT 10.0; Win64; x64) AppleWebKit/537.36 (KHTML, like Gecko) Chrome/145.0.0.0 Safari/537.36 (compatible; meta-externalagent/1.1 (+https://developers.facebook.com/docs/sharing/webmasters/crawler))" "-"
2a03:2880:f800:: - - [30/Jul/2026:00:44:04 +0200] "GET /launching-urps-digital-inclusion-community-empowerment-project/?lokasie=/homepages/13/d787277790/htdocs/clickandbuilds/URP/wp-includes/js/clipboard.min.js&loknya=/homepages/13/d787277790/htdocs/clickandbuilds/URP/wp-includes/js HTTP/1.1" 429 267 urp.org.uk "-" "Mozilla/5.0 (Windows NT 10.0; Win64; x64) AppleWebKit/537.36 (KHTML, like Gecko) Chrome/145.0.0.0 Safari/537.36 (compatible; meta-externalagent/1.1 (+https://developers.facebook.com/docs/sharing/webmasters/crawler))" "-"
2a03:2880:f800:: - - [30/Jul/2026:00:44:08 +0200] "GET /tag/digital-skills/?lokasie=/bin/libnetcfg&loknya=/bin HTTP/1.1" 429 267 urp.org.uk "-" "Mozilla/5.0 (Macintosh; Intel Mac OS X 10_15_7) AppleWebKit/537.36 (KHTML, like Gecko) Chrome/145.0.0.0 Safari/537.36 (compatible; meta-externalagent/1.1 (+https://developers.facebook.com/docs/sharing/webmasters/crawler))" "-"
2a03:2880:f800:: - - [30/Jul/2026:00:44:09 +0200] "GET /wp-sitemap-taxonomies-post_tag-1.xml?lokasie=/lib/ruby/2.7.0/webrick/httpservlet.rb&loknya=/lib/ruby/2.7.0/webrick HTTP/1.1" 429 267 urp.org.uk "-" "Mozilla/5.0 (Windows NT 10.0; Win64; x64) AppleWebKit/537.36 (KHTML, like Gecko) Chrome/145.0.0.0 Safari/537.36 (compatible; meta-externalagent/1.1 (+https://developers.facebook.com/docs/sharing/webmasters/crawler))" "-"
2a03:2880:f800:: - - [30/Jul/2026:00:44:13 +0200] "GET /tag/digital-skills/?lokasie=/bin/zless&loknya=/bin HTTP/1.1" 429 267 urp.org.uk "-" "Mozilla/5.0 (Windows NT 10.0; Win64; x64) AppleWebKit/537.36 (KHTML, like Gecko) Chrome/145.0.0.0 Safari/537.36 (compatible; meta-externalagent/1.1 (+https://developers.facebook.com/docs/sharing/webmasters/crawler))" "-"
2a03:2880:f800:: - - [30/Jul/2026:00:44:14 +0200] "GET /tag/digital-skills/?lokasie=/bin/dpkg-vendor&loknya=/bin HTTP/1.1" 429 267 urp.org.uk "-" "Mozilla/5.0 (Windows NT 10.0; Win64; x64) AppleWebKit/537.36 (KHTML, like Gecko) Chrome/145.0.0.0 Safari/537.36 (compatible; meta-externalagent/1.1 (+https://developers.facebook.com/docs/sharing/webmasters/crawler))" "-"
2a03:2880:f800:: - - [30/Jul/2026:00:44:19 +0200] "GET /wp-sitemap-taxonomies-post_tag-1.xml?lokasie=/homepages/5/d68908256//DASTOOLSTART&loknya=/homepages/5/d68908256/ HTTP/1.1" 429 267 urp.org.uk "-" "Mozilla/5.0 (Windows NT 10.0; Win64; x64) AppleWebKit/537.36 (KHTML, like Gecko) Chrome/145.0.0.0 Safari/537.36 (compatible; meta-externalagent/1.1 (+https://developers.facebook.com/docs/sharing/webmasters/crawler))" "-"
2a03:2880:f800:: - - [30/Jul/2026:00:44:21 +0200] "GET /tag/digital-literacy/?lokasie=/homepages/13/d787277790/htdocs/clickandbuilds/URP_INFECTED/networks.php&loknya=/homepages/13/d787277790/htdocs/clickandbuilds/URP_INFECTED HTTP/1.1" 429 267 urp.org.uk "-" "Mozilla/5.0 (Macintosh; Intel Mac OS X 10_15_7) AppleWebKit/537.36 (KHTML, like Gecko) Chrome/145.0.0.0 Safari/537.36 (compatible; meta-externalagent/1.1 (+https://developers.facebook.com/docs/sharing/webmasters/crawler))" "-"
2a03:2880:f800:: - - [30/Jul/2026:00:44:27 +0200] "GET /tag/digital-skills/?lokasie=/bin/lzcmp&loknya=/bin HTTP/1.1" 429 267 urp.org.uk "-" "Mozilla/5.0 (Windows NT 10.0; Win64; x64) AppleWebKit/537.36 (KHTML, like Gecko) Chrome/145.0.0.0 Safari/537.36 (compatible; meta-externalagent/1.1 (+https://developers.facebook.com/docs/sharing/webmasters/crawler))" "-"
2a03:2880:f800:: - - [30/Jul/2026:00:44:29 +0200] "GET /category/new-project/?loknya=/homepages/29/d786969956 HTTP/1.1" 429 267 urp.org.uk "-" "Mozilla/5.0 (Windows NT 10.0; Win64; x64) AppleWebKit/537.36 (KHTML, like Gecko) Chrome/145.0.0.0 Safari/537.36 (compatible; meta-externalagent/1.1 (+https://developers.facebook.com/docs/sharing/webmasters/crawler))" "-"
2a03:2880:f800:: - - [30/Jul/2026:00:44:36 +0200] "GET /tag/digital-skills/?loknya=/usr/sbin HTTP/1.1" 429 267 urp.org.uk "-" "Mozilla/5.0 (Macintosh; Intel Mac OS X 10_15_7) AppleWebKit/537.36 (KHTML, like Gecko) Chrome/145.0.0.0 Safari/537.36 (compatible; meta-externalagent/1.1 (+https://developers.facebook.com/docs/sharing/webmasters/crawler))" "-"
2a03:2880:f800:: - - [30/Jul/2026:00:44:38 +0200] "GET /tag/digital-literacy/?lokasie=/homepages/13/d787277790/htdocs/clickandbuilds/URP/new/wp-includes/class-wp-navigation-fallback.php&loknya=/homepages/13/d787277790/htdocs/clickandbuilds/URP/new/wp-includes HTTP/1.1" 429 267 urp.org.uk "-" "Mozilla/5.0 (Macintosh; Intel Mac OS X 10_15_7) AppleWebKit/537.36 (KHTML, like Gecko) Chrome/145.0.0.0 Safari/537.36 (compatible; meta-externalagent/1.1 (+https://developers.facebook.com/docs/sharing/webmasters/crawler))" "-"
2a03:2880:f800:: - - [30/Jul/2026:00:44:39 +0200] "GET /tag/education-support/?loknya=/homepages/13/d787277790/htdocs/clickandbuilds/URP/wp-content/wflogs HTTP/1.1" 429 267 urp.org.uk "-" "Mozilla/5.0 (Macintosh; Intel Mac OS X 10_15_7) AppleWebKit/537.36 (KHTML, like Gecko) Chrome/145.0.0.0 Safari/537.36 (compatible; meta-externalagent/1.1 (+https://developers.facebook.com/docs/sharing/webmasters/crawler))" "-"
74.7.227.0 - - [30/Jul/2026:00:44:45 +0200] "GET /?loknya=/homepages/31/d786299597 HTTP/1.1" 200 12717 urp.org.uk "https://urp.org.uk/?loknya=/homepages/31" "Mozilla/5.0 AppleWebKit/537.36 (KHTML, like Gecko; compatible; GPTBot/1.4; +https://openai.com/gptbot)" "-"
2a03:2880:f800:: - - [30/Jul/2026:00:44:51 +0200] "GET /tag/refugee-support/?loknya=/homepages/config HTTP/1.1" 429 267 urp.org.uk "-" "Mozilla/5.0 (Windows NT 10.0; Win64; x64) AppleWebKit/537.36 (KHTML, like Gecko) Chrome/145.0.0.0 Safari/537.36 (compatible; meta-externalagent/1.1 (+https://developers.facebook.com/docs/sharing/webmasters/crawler))" "-"
2a03:2880:f800:: - - [30/Jul/2026:00:44:53 +0200] "GET /tag/bridging-the-digital-divide/ HTTP/1.1" 429 267 urp.org.uk "-" "Mozilla/5.0 (Windows NT 10.0; Win64; x64) AppleWebKit/537.36 (KHTML, like Gecko) Chrome/145.0.0.0 Safari/537.36 (compatible; meta-externalagent/1.1 (+https://developers.facebook.com/docs/sharing/webmasters/crawler))" "-"
2a03:2880:f800:: - - [30/Jul/2026:00:44:55 +0200] "GET /wp-sitemap-taxonomies-post_tag-1.xml?lokasie=/homepages/13/d787277790/htdocs/clickandbuilds/URP/wp-includes/blocks//comment-content.php&loknya=/homepages/13/d787277790/htdocs/clickandbuilds/URP/wp-includes/blocks/ HTTP/1.1" 429 267 urp.org.uk "-" "Mozilla/5.0 (Windows NT 10.0; Win64; x64) AppleWebKit/537.36 (KHTML, like Gecko) Chrome/145.0.0.0 Safari/537.36 (compatible; meta-externalagent/1.1 (+https://developers.facebook.com/docs/sharing/webmasters/crawler))" "-"
2a03:2880:f800:: - - [30/Jul/2026:00:45:09 +0200] "GET /wp-sitemap-taxonomies-post_tag-1.xml?lokasie=/homepages/13/d787277790/htdocs/clickandbuilds/URP/wp-includes/blocks//blocks-json.php&loknya=/homepages/13/d787277790/htdocs/clickandbuilds/URP/wp-includes/blocks/ HTTP/1.1" 200 190111 urp.org.uk "-" "Mozilla/5.0 (Windows NT 10.0; Win64; x64) AppleWebKit/537.36 (KHTML, like Gecko) Chrome/145.0.0.0 Safari/537.36 (compatible; meta-externalagent/1.1 (+https://developers.facebook.com/docs/sharing/webmasters/crawler))" "-"
114.119.128.0 - - [30/Jul/2026:00:45:11 +0200] "GET /get-involved?loknya=/homepages/13/d787277790/htdocs/clickandbuilds/URP/wp-includes/PHPMailer HTTP/1.1" 200 12032 urp.org.uk "https://urp.org.uk/get-involved?loknya=/homepages/13/d787277790/htdocs/clickandbuilds/URP/wp-includes" "Mozilla/5.0 (Linux; Android 7.0;) AppleWebKit/537.36 (HTML, like Gecko) Mobile Safari/537.36 (compatible; PetalBot;+https://webmaster.petalsearch.com/site/petalbot)" "-"
2a03:2880:f800:: - - [30/Jul/2026:00:45:12 +0200] "GET /?p5a8p4e0r8b5o0y493 HTTP/1.1" 200 46649 urp.org.uk "-" "Mozilla/5.0 (Windows NT 10.0; Win64; x64) AppleWebKit/537.36 (KHTML, like Gecko) Chrome/145.0.0.0 Safari/537.36 (compatible; meta-externalagent/1.1 (+https://developers.facebook.com/docs/sharing/webmasters/crawler))" "-"
74.7.227.0 - - [30/Jul/2026:00:45:16 +0200] "GET /?loknya=/homepages/33/d529680116 HTTP/1.1" 200 22251 urp.org.uk "https://urp.org.uk/?loknya=/homepages/33" "Mozilla/5.0 AppleWebKit/537.36 (KHTML, like Gecko; compatible; GPTBot/1.4; +https://openai.com/gptbot)" "-"
2a03:2880:f800:: - - [30/Jul/2026:00:45:28 +0200] "GET /tag/digital-skills/?lokasie=/bin/pic&loknya=/bin HTTP/1.1" 200 3941 urp.org.uk "-" "Mozilla/5.0 (Macintosh; Intel Mac OS X 10_15_7) AppleWebKit/537.36 (KHTML, like Gecko) Chrome/145.0.0.0 Safari/537.36 (compatible; meta-externalagent/1.1 (+https://developers.facebook.com/docs/sharing/webmasters/crawler))" "-"
2a03:2880:f800:: - - [30/Jul/2026:00:45:43 +0200] "GET /tag/digital-skills/?lokasie=/bin/getconf&loknya=/bin HTTP/1.1" 200 3945 urp.org.uk "-" "Mozilla/5.0 (Macintosh; Intel Mac OS X 10_15_7) AppleWebKit/537.36 (KHTML, like Gecko) Chrome/145.0.0.0 Safari/537.36 (compatible; meta-externalagent/1.1 (+https://developers.facebook.com/docs/sharing/webmasters/crawler))" "-"
74.7.227.0 - - [30/Jul/2026:00:45:50 +0200] "GET /?loknya=/homepages/28/d786107693 HTTP/1.1" 200 15436 urp.org.uk "https://urp.org.uk/?loknya=/homepages/28/" "Mozilla/5.0 AppleWebKit/537.36 (KHTML, like Gecko; compatible; GPTBot/1.4; +https://openai.com/gptbot)" "-"
2a03:2880:f800:: - - [30/Jul/2026:00:45:54 +0200] "GET /launching-urps-digital-inclusion-community-empowerment-project/?lokasie=/homepages/13/d787277790/htdocs/clickandbuilds/URP/wp-includes/widgets/class-wp-widget-pages.php&loknya=/homepages/13/d787277790/htdocs/clickandbuilds/URP/wp-includes/widgets HTTP/1.1" 200 10868 urp.org.uk "-" "Mozilla/5.0 (Windows NT 10.0; Win64; x64) AppleWebKit/537.36 (KHTML, like Gecko) Chrome/145.0.0.0 Safari/537.36 (compatible; meta-externalagent/1.1 (+https://developers.facebook.com/docs/sharing/webmasters/crawler))" "-"
2a03:2880:f800:: - - [30/Jul/2026:00:46:06 +0200] "GET /tag/digital-skills/?lokasie=/bin/dpkg-maintscript-helper&loknya=/bin HTTP/1.1" 200 29979 urp.org.uk "-" "Mozilla/5.0 (Windows NT 10.0; Win64; x64) AppleWebKit/537.36 (KHTML, like Gecko) Chrome/145.0.0.0 Safari/537.36 Edg/145.0.0.0 (compatible; meta-externalagent/1.1 (+https://developers.facebook.com/docs/sharing/webmasters/crawler))" "-"
2a03:2880:f800:: - - [30/Jul/2026:00:46:14 +0200] "GET /tag/digital-skills/?lokasie=/bin/unexpand&loknya=/bin HTTP/1.1" 200 3946 urp.org.uk "-" "Mozilla/5.0 (Windows NT 10.0; Win64; x64) AppleWebKit/537.36 (KHTML, like Gecko) Chrome/145.0.0.0 Safari/537.36 (compatible; meta-externalagent/1.1 (+https://developers.facebook.com/docs/sharing/webmasters/crawler))" "-"
74.7.227.0 - - [30/Jul/2026:00:46:19 +0200] "GET /?loknya=/homepages/34/d786073154 HTTP/1.1" 200 12722 urp.org.uk "https://urp.org.uk/?loknya=/homepages/34" "Mozilla/5.0 AppleWebKit/537.36 (KHTML, like Gecko; compatible; GPTBot/1.4; +https://openai.com/gptbot)" "-"
2a03:2880:f800:: - - [30/Jul/2026:00:46:23 +0200] "GET /launching-urps-digital-inclusion-community-empowerment-project/?lokasie=/homepages/13/d787277790/htdocs/clickandbuilds/URP/wp-includes/rest-api/rest-api/xbm_6a5d7cba2c9a9.zip&loknya=/homepages/13/d787277790/htdocs/clickandbuilds/URP/wp-includes/rest-api/rest-api HTTP/1.1" 200 4680 urp.org.uk "-" "Mozilla/5.0 (X11; Linux x86_64) AppleWebKit/537.36 (KHTML, like Gecko) Chrome/145.0.0.0 Safari/537.36 (compatible; meta-externalagent/1.1 (+https://developers.facebook.com/docs/sharing/webmasters/crawler))" "-"
2a03:2880:f800:: - - [30/Jul/2026:00:46:31 +0200] "GET /tag/digital-literacy/?lokasie=/homepages/13/d787277790/htdocs/clickandbuilds/URP/old/wp-includes/class-wp-customize-nav-menus.php&loknya=/homepages/13/d787277790/htdocs/clickandbuilds/URP/old/wp-includes HTTP/1.1" 200 63296 urp.org.uk "-" "Mozilla/5.0 (Macintosh; Intel Mac OS X 10_15_7) AppleWebKit/537.36 (KHTML, like Gecko) Chrome/145.0.0.0 Safari/537.36 (compatible; meta-externalagent/1.1 (+https://developers.facebook.com/docs/sharing/webmasters/crawler))" "-"
114.119.156.0 - - [30/Jul/2026:00:46:33 +0200] "GET /get-involved?loknya=/homepages/13/d787277790/htdocs/clickandbuilds/URP/wp-content.orig/uploads HTTP/1.1" 200 295530 urp.org.uk "https://urp.org.uk/get-involved?loknya=/homepages/13/d787277790/htdocs/clickandbuilds/URP/wp-content.orig" "Mozilla/5.0 (Linux; Android 7.0;) AppleWebKit/537.36 (HTML, like Gecko) Mobile Safari/537.36 (compatible; PetalBot;+https://webmaster.petalsearch.com/site/petalbot)" "-"
2a03:2880:f800:: - - [30/Jul/2026:00:46:38 +0200] "GET /tag/digital-literacy/?lokasie=/homepages/13/d787277790/htdocs/clickandbuilds/URP/new/wp-content/themes/index.php&loknya=/homepages/13/d787277790/htdocs/clickandbuilds/URP/new/wp-content/themes HTTP/1.1" 200 4663 urp.org.uk "-" "Mozilla/5.0 (Macintosh; Intel Mac OS X 10_15_7) AppleWebKit/537.36 (KHTML, like Gecko) Chrome/145.0.0.0 Safari/537.36 (compatible; meta-externalagent/1.1 (+https://developers.facebook.com/docs/sharing/webmasters/crawler))" "-"
2a03:2880:f800:: - - [30/Jul/2026:00:46:45 +0200] "GET /launching-urps-digital-inclusion-community-empowerment-project/?lokasie=/homepages/13/d787277790/htdocs/clickandbuilds/URP/wp-includes//class-wp-scripts.php&loknya=/homepages/13/d787277790/htdocs/clickandbuilds/URP/wp-includes/ HTTP/1.1" 200 33146 urp.org.uk "-" "Mozilla/5.0 (Macintosh; Intel Mac OS X 10_15_7) AppleWebKit/537.36 (KHTML, like Gecko) Chrome/145.0.0.0 Safari/537.36 (compatible; meta-externalagent/1.1 (+https://developers.facebook.com/docs/sharing/webmasters/crawler))" "-"
74.7.227.0 - - [30/Jul/2026:00:46:46 +0200] "GET /?loknya=/homepages/21/d786770903 HTTP/1.1" 200 12736 urp.org.uk "https://urp.org.uk/?loknya=/homepages/21" "Mozilla/5.0 AppleWebKit/537.36 (KHTML, like Gecko; compatible; GPTBot/1.4; +https://openai.com/gptbot)" "-"
2a03:2880:f800:: - - [30/Jul/2026:00:46:51 +0200] "GET /tag/education-support/?loknya=/homepages/13/d787277790/htdocs/ HTTP/1.1" 200 12560 urp.org.uk "-" "Mozilla/5.0 (Windows NT 10.0; Win64; x64) AppleWebKit/537.36 (KHTML, like Gecko) Chrome/145.0.0.0 Safari/537.36 (compatible; meta-externalagent/1.1 (+https://developers.facebook.com/docs/sharing/webmasters/crawler))" "-"
2a03:2880:f800:: - - [30/Jul/2026:00:46:57 +0200] "GET /tag/digital-skills/?lokasie=/bin/pnmarith&loknya=/bin HTTP/1.1" 200 3946 urp.org.uk "-" "Mozilla/5.0 (Windows NT 10.0; Win64; x64) AppleWebKit/537.36 (KHTML, like Gecko) Chrome/145.0.0.0 Safari/537.36 (compatible; meta-externalagent/1.1 (+https://developers.facebook.com/docs/sharing/webmasters/crawler))" "-"
2a03:2880:f800:: - - [30/Jul/2026:00:47:04 +0200] "GET /sitemap.xml?lokasie=/homepages/13/d787277790/htdocs/clickandbuilds/URP/wp-content/advanced-cache.php&loknya=/homepages/13/d787277790/htdocs/clickandbuilds/URP/wp-content HTTP/1.1" 200 5135 urp.org.uk "-" "Mozilla/5.0 (Macintosh; Intel Mac OS X 10_15_7) AppleWebKit/537.36 (KHTML, like Gecko) Chrome/145.0.0.0 Safari/537.36 (compatible; meta-externalagent/1.1 (+https://developers.facebook.com/docs/sharing/webmasters/crawler))" "-"
2a03:2880:f800:: - - [30/Jul/2026:00:47:09 +0200] "GET /tag/digital-skills/?lokasie=/bin/shasum&loknya=/bin HTTP/1.1" 200 14609 urp.org.uk "-" "Mozilla/5.0 (Windows NT 10.0; Win64; x64) AppleWebKit/537.36 (KHTML, like Gecko) Chrome/145.0.0.0 Safari/537.36 (compatible; meta-externalagent/1.1 (+https://developers.facebook.com/docs/sharing/webmasters/crawler))" "-"
74.7.227.0 - - [30/Jul/2026:00:47:11 +0200] "GET /?loknya=/homepages/14/d786123706 HTTP/1.1" 200 12721 urp.org.uk "https://urp.org.uk/?loknya=/homepages/14" "Mozilla/5.0 AppleWebKit/537.36 (KHTML, like Gecko; compatible; GPTBot/1.4; +https://openai.com/gptbot)" "-"
2a03:2880:f800:: - - [30/Jul/2026:00:47:13 +0200] "GET /tag/digital-literacy/?lokasie=/homepages/13/d787277790/htdocs/clickandbuilds/URP/old/wp-admin/edit-form-advanced.php&loknya=/homepages/13/d787277790/htdocs/clickandbuilds/URP/old/wp-admin HTTP/1.1" 200 36169 urp.org.uk "-" "Mozilla/5.0 (Windows NT 10.0; Win64; x64) AppleWebKit/537.36 (KHTML, like Gecko) Chrome/145.0.0.0 Safari/537.36 (compatible; meta-externalagent/1.1 (+https://developers.facebook.com/docs/sharing/webmasters/crawler))" "-"
2a03:2880:f800:: - - [30/Jul/2026:00:47:19 +0200] "GET /tag/community-empowerment/?loknya=/homepages/45 HTTP/1.1" 200 20613 urp.org.uk "-" "Mozilla/5.0 (Windows NT 10.0; Win64; x64) AppleWebKit/537.36 (KHTML, like Gecko) Chrome/145.0.0.0 Safari/537.36 Edg/145.0.0.0 (compatible; meta-externalagent/1.1 (+https://developers.facebook.com/docs/sharing/webmasters/crawler))" "-"
2a03:2880:f800:: - - [30/Jul/2026:00:47:24 +0200] "GET /category/new-project/?loknya=/homepages/26/d786533370 HTTP/1.1" 200 12729 urp.org.uk "-" "Mozilla/5.0 (Windows NT 10.0; Win64; x64) AppleWebKit/537.36 (KHTML, like Gecko) Chrome/145.0.0.0 Safari/537.36 (compatible; meta-externalagent/1.1 (+https://developers.facebook.com/docs/sharing/webmasters/crawler))" "-"
2a03:2880:f800:: - - [30/Jul/2026:00:47:28 +0200] "GET /tag/digital-skills/?lokasie=/bin/x86_64-linux-gnu-gprof&loknya=/bin HTTP/1.1" 200 3960 urp.org.uk "-" "Mozilla/5.0 (Windows NT 10.0; Win64; x64) AppleWebKit/537.36 (KHTML, like Gecko) Chrome/145.0.0.0 Safari/537.36 (compatible; meta-externalagent/1.1 (+https://developers.facebook.com/docs/sharing/webmasters/crawler))" "-"
2a03:2880:f800:: - - [30/Jul/2026:00:47:33 +0200] "GET /tag/digital-skills/?lokasie=/bin/gcc-nm&loknya=/bin HTTP/1.1" 200 3943 urp.org.uk "-" "Mozilla/5.0 (Windows NT 10.0; Win64; x64) AppleWebKit/537.36 (KHTML, like Gecko) Chrome/145.0.0.0 Safari/537.36 (compatible; meta-externalagent/1.1 (+https://developers.facebook.com/docs/sharing/webmasters/crawler))" "-"
74.7.227.0 - - [30/Jul/2026:00:47:33 +0200] "GET /?loknya=/homepages/45/d787294460 HTTP/1.1" 200 15441 urp.org.uk "https://urp.org.uk/?loknya=/homepages/45" "Mozilla/5.0 AppleWebKit/537.36 (KHTML, like Gecko; compatible; GPTBot/1.4; +https://openai.com/gptbot)" "-"
2a03:2880:f800:: - - [30/Jul/2026:00:47:37 +0200] "GET /tag/digital-skills/?lokasie=/bin/gcc&loknya=/bin HTTP/1.1" 429 267 urp.org.uk "-" "Mozilla/5.0 (Macintosh; Intel Mac OS X 10_15_7) AppleWebKit/537.36 (KHTML, like Gecko) Chrome/145.0.0.0 Safari/537.36 (compatible; meta-externalagent/1.1 (+https://developers.facebook.com/docs/sharing/webmasters/crawler))" "-"
2a03:2880:f800:: - - [30/Jul/2026:00:47:40 +0200] "GET /tag/digital-literacy/?lokasie=/homepages/13/d787277790/htdocs/clickandbuilds/URP/wp-admin/network/plugin-install.php&loknya=/homepages/13/d787277790/htdocs/clickandbuilds/URP/wp-admin/network HTTP/1.1" 429 267 urp.org.uk "-" "Mozilla/5.0 (Windows NT 10.0; Win64; x64) AppleWebKit/537.36 (KHTML, like Gecko) Chrome/145.0.0.0 Safari/537.36 (compatible; meta-externalagent/1.1 (+https://developers.facebook.com/docs/sharing/webmasters/crawler))" "-"
2a03:2880:f800:: - - [30/Jul/2026:00:47:41 +0200] "GET /tag/bridging-the-digital-divide/?loknya=/homepages/37/d247204151 HTTP/1.1" 429 267 urp.org.uk "-" "Mozilla/5.0 (Macintosh; Intel Mac OS X 10_15_7) AppleWebKit/537.36 (KHTML, like Gecko) Chrome/145.0.0.0 Safari/537.36 (compatible; meta-externalagent/1.1 (+https://developers.facebook.com/docs/sharing/webmasters/crawler))" "-"
2a03:2880:f800:: - - [30/Jul/2026:00:47:45 +0200] "GET /tag/digital-skills/?lokasie=/bin/script&loknya=/bin HTTP/1.1" 429 267 urp.org.uk "-" "Mozilla/5.0 (Windows NT 10.0; Win64; x64) AppleWebKit/537.36 (KHTML, like Gecko) Chrome/145.0.0.0 Safari/537.36 (compatible; meta-externalagent/1.1 (+https://developers.facebook.com/docs/sharing/webmasters/crawler))" "-"
2a03:2880:f800:: - - [30/Jul/2026:00:47:47 +0200] "GET /wp-sitemap-posts-page-1.xml?lokasie=/homepages/13/d787277790/htdocs/clickandbuilds/URP/wp-includes/class-wp-customize-control.php&loknya=/homepages/13/d787277790/htdocs/clickandbuilds/URP/wp-includes HTTP/1.1" 429 267 urp.org.uk "-" "Mozilla/5.0 (Windows NT 10.0; Win64; x64) AppleWebKit/537.36 (KHTML, like Gecko) Chrome/145.0.0.0 Safari/537.36 (compatible; meta-externalagent/1.1 (+https://developers.facebook.com/docs/sharing/webmasters/crawler))" "-"
2a03:2880:f800:: - - [30/Jul/2026:00:47:52 +0200] "GET /tag/education-support/?lokasie=/homepages/13/d787277790/htdocs/clickandbuilds/URP/wp-admin/admin-functions.php&loknya=/homepages/13/d787277790/htdocs/clickandbuilds/URP/wp-admin HTTP/1.1" 429 267 urp.org.uk "-" "Mozilla/5.0 (Windows NT 10.0; Win64; x64) AppleWebKit/537.36 (KHTML, like Gecko) Chrome/145.0.0.0 Safari/537.36 (compatible; meta-externalagent/1.1 (+https://developers.facebook.com/docs/sharing/webmasters/crawler))" "-"
74.7.227.0 - - [30/Jul/2026:00:47:53 +0200] "GET /?loknya=/homepages/40/ HTTP/1.1" 200 9233 urp.org.uk "https://urp.org.uk/?loknya=/homepages/40/d105982690" "Mozilla/5.0 AppleWebKit/537.36 (KHTML, like Gecko; compatible; GPTBot/1.4; +https://openai.com/gptbot)" "-"
2a03:2880:f800:: - - [30/Jul/2026:00:47:53 +0200] "GET /tag/digital-literacy/?lokasie=/homepages/13/d787277790/htdocs/clickandbuilds/URP/wp-includes/js/comment-reply.min.js&loknya=/homepages/13/d787277790/htdocs/clickandbuilds/URP/wp-includes/js HTTP/1.1" 429 267 urp.org.uk "-" "Mozilla/5.0 (Macintosh; Intel Mac OS X 10_15_7) AppleWebKit/537.36 (KHTML, like Gecko) Chrome/145.0.0.0 Safari/537.36 (compatible; meta-externalagent/1.1 (+https://developers.facebook.com/docs/sharing/webmasters/crawler))" "-"
114.119.153.0 - - [30/Jul/2026:00:47:58 +0200] "GET /get-involved?loknya=/homepages/13/d787277790/htdocs/clickandbuilds/URP/wp-content.orig/jse800dc HTTP/1.1" 200 7319 urp.org.uk "https://urp.org.uk/get-involved?loknya=/homepages/13/d787277790/htdocs/clickandbuilds/URP/wp-content.orig" "Mozilla/5.0 (Linux; Android 7.0;) AppleWebKit/537.36 (HTML, like Gecko) Mobile Safari/537.36 (compatible; PetalBot;+https://webmaster.petalsearch.com/site/petalbot)" "-"
2a03:2880:f800:: - - [30/Jul/2026:00:48:00 +0200] "GET /sitemap.xml?lokasie=/homepages/13/d787277790/htdocs/clickandbuilds/URP/wp-admin/update.php&loknya=/homepages/13/d787277790/htdocs/clickandbuilds/URP/wp-admin HTTP/1.1" 429 267 urp.org.uk "-" "Mozilla/5.0 (Macintosh; Intel Mac OS X 10_15_7) AppleWebKit/537.36 (KHTML, like Gecko) Chrome/145.0.0.0 Safari/537.36 (compatible; meta-externalagent/1.1 (+https://developers.facebook.com/docs/sharing/webmasters/crawler))" "-"
2a03:2880:f800:: - - [30/Jul/2026:00:48:01 +0200] "GET /launching-urps-digital-inclusion-community-empowerment-project/?lokasie=/homepages/13/d787277790/htdocs/clickandbuilds/URP/wp-includes//registration.php&loknya=/homepages/13/d787277790/htdocs/clickandbuilds/URP/wp-includes/ HTTP/1.1" 429 267 urp.org.uk "-" "Mozilla/5.0 (Macintosh; Intel Mac OS X 10_15_7) AppleWebKit/537.36 (KHTML, like Gecko) Chrome/145.0.0.0 Safari/537.36 (compatible; meta-externalagent/1.1 (+https://developers.facebook.com/docs/sharing/webmasters/crawler))" "-"
2a03:2880:f800:: - - [30/Jul/2026:00:48:09 +0200] "GET /tag/digital-literacy/?loknya=/homepages/13/d787277790/htdocs/clickandbuilds/URP/new/wp-content/blogs.dir HTTP/1.1" 429 267 urp.org.uk "-" "Mozilla/5.0 (Windows NT 10.0; Win64; x64) AppleWebKit/537.36 (KHTML, like Gecko) Chrome/145.0.0.0 Safari/537.36 (compatible; meta-externalagent/1.1 (+https://developers.facebook.com/docs/sharing/webmasters/crawler))" "-"
2a03:2880:f800:: - - [30/Jul/2026:00:48:11 +0200] "GET /wp-sitemap-taxonomies-post_tag-1.xml?lokasie=/homepages/13/d787277790/htdocs/clickandbuilds/URP/wp-content.orig/et-cache/572/572/.htaccess&loknya=/homepages/13/d787277790/htdocs/clickandbuilds/URP/wp-content.orig/et-cache/572/572 HTTP/1.1" 429 267 urp.org.uk "-" "Mozilla/5.0 (Macintosh; Intel Mac OS X 10_15_7) AppleWebKit/537.36 (KHTML, like Gecko) Chrome/145.0.0.0 Safari/537.36 (compatible; meta-externalagent/1.1 (+https://developers.facebook.com/docs/sharing/webmasters/crawler))" "-"
74.7.227.0 - - [30/Jul/2026:00:48:17 +0200] "GET /?loknya=/homepages/13/d786472492 HTTP/1.1" 200 12725 urp.org.uk "https://urp.org.uk/?loknya=/homepages/13" "Mozilla/5.0 AppleWebKit/537.36 (KHTML, like Gecko; compatible; GPTBot/1.4; +https://openai.com/gptbot)" "-"
216.73.216.0 - - [30/Jul/2026:00:48:20 +0200] "GET /admin-support-volunteer/urp.org.uk/thriving-families?lokasie=%2Fhomepages%2F13%2Fd787277790%2Fhtdocs%2Fclickandbuilds%2FURP_INFECTED%2Fwp-admin%2Fjs%2F%2Fplugin-install.js&loknya=%2Fhomepages%2F13%2Fd787277790%2Fhtdocs%2Fclickandbuilds%2FURP_INFECTED%2Fwp-admin%2Fjs%2F HTTP/1.1" 200 11740 urp.org.uk "-" "Mozilla/5.0 AppleWebKit/537.36 (KHTML, like Gecko; compatible; ClaudeBot/1.0; +claudebot@anthropic.com)" "-"
2a03:2880:f800:: - - [30/Jul/2026:00:48:22 +0200] "GET /?r5o4u4n6d5s27466 HTTP/1.1" 429 267 urp.org.uk "-" "Mozilla/5.0 (Macintosh; Intel Mac OS X 10_15_7) AppleWebKit/537.36 (KHTML, like Gecko) Chrome/145.0.0.0 Safari/537.36 (compatible; meta-externalagent/1.1 (+https://developers.facebook.com/docs/sharing/webmasters/crawler))" "-"
2a03:2880:f800:: - - [30/Jul/2026:00:48:23 +0200] "GET /tag/digital-skills/?lokasie=/bin/getent&loknya=/bin HTTP/1.1" 429 267 urp.org.uk "-" "Mozilla/5.0 (Macintosh; Intel Mac OS X 10_15_7) AppleWebKit/537.36 (KHTML, like Gecko) Chrome/145.0.0.0 Safari/537.36 (compatible; meta-externalagent/1.1 (+https://developers.facebook.com/docs/sharing/webmasters/crawler))" "-"
216.73.216.0 - - [30/Jul/2026:00:48:23 +0200] "GET /admin-support-volunteer/urp.org.uk/thriving-families?lokasie=%2Fhomepages%2F13%2Fd787277790%2Fhtdocs%2Fclickandbuilds%2FURP_INFECTED%2Fwp-admin%2Fjs%2F%2Fcustomize-controls.js&loknya=%2Fhomepages%2F13%2Fd787277790%2Fhtdocs%2Fclickandbuilds%2FURP_INFECTED%2Fwp-admin%2Fjs%2F HTTP/1.1" 200 299973 urp.org.uk "-" "Mozilla/5.0 AppleWebKit/537.36 (KHTML, like Gecko; compatible; ClaudeBot/1.0; +claudebot@anthropic.com)" "-"
216.73.216.0 - - [30/Jul/2026:00:48:26 +0200] "GET /admin-support-volunteer/urp.org.uk/thriving-families?lokasie=%2Fhomepages%2F13%2Fd787277790%2Fhtdocs%2Fclickandbuilds%2FURP_INFECTED%2Fwp-admin%2Fjs%2F%2Fcustomize-widgets.js&loknya=%2Fhomepages%2F13%2Fd787277790%2Fhtdocs%2Fclickandbuilds%2FURP_INFECTED%2Fwp-admin%2Fjs%2F HTTP/1.1" 200 76854 urp.org.uk "-" "Mozilla/5.0 AppleWebKit/537.36 (KHTML, like Gecko; compatible; ClaudeBot/1.0; +claudebot@anthropic.com)" "-"
74.7.227.0 - - [30/Jul/2026:00:48:26 +0200] "GET /?lokasie=/usr/bin/pbmtox10bm&loknya=/usr/bin HTTP/1.1" 200 3980 urp.org.uk "https://urp.org.uk/?loknya=/usr/bin" "Mozilla/5.0 AppleWebKit/537.36 (KHTML, like Gecko; compatible; GPTBot/1.4; +https://openai.com/gptbot)" "-"
2a03:2880:f800:: - - [30/Jul/2026:00:48:26 +0200] "GET /tag/digital-skills/?loknya=/homepages/3/d786833019 HTTP/1.1" 429 267 urp.org.uk "-" "Mozilla/5.0 (Windows NT 10.0; Win64; x64) AppleWebKit/537.36 (KHTML, like Gecko) Chrome/145.0.0.0 Safari/537.36 (compatible; meta-externalagent/1.1 (+https://developers.facebook.com/docs/sharing/webmasters/crawler))" "-"
216.73.216.0 - - [30/Jul/2026:00:48:29 +0200] "GET /admin-support-volunteer/urp.org.uk/thriving-families?lokasie=%2Fhomepages%2F13%2Fd787277790%2Fhtdocs%2Fclickandbuilds%2FURP_INFECTED%2Fwp-admin%2Fjs%2F%2Fcustom-header.js&loknya=%2Fhomepages%2F13%2Fd787277790%2Fhtdocs%2Fclickandbuilds%2FURP_INFECTED%2Fwp-admin%2Fjs%2F HTTP/1.1" 200 6599 urp.org.uk "-" "Mozilla/5.0 AppleWebKit/537.36 (KHTML, like Gecko; compatible; ClaudeBot/1.0; +claudebot@anthropic.com)" "-"
216.73.216.0 - - [30/Jul/2026:00:48:32 +0200] "GET /admin-support-volunteer/urp.org.uk/thriving-families?lokasie=%2Fhomepages%2F13%2Fd787277790%2Fhtdocs%2Fclickandbuilds%2FURP_INFECTED%2Fwp-admin%2Fjs%2F%2Fcode-editor.min.js&loknya=%2Fhomepages%2F13%2Fd787277790%2Fhtdocs%2Fclickandbuilds%2FURP_INFECTED%2Fwp-admin%2Fjs%2F HTTP/1.1" 200 8437 urp.org.uk "-" "Mozilla/5.0 AppleWebKit/537.36 (KHTML, like Gecko; compatible; ClaudeBot/1.0; +claudebot@anthropic.com)" "-"
216.73.216.0 - - [30/Jul/2026:00:48:35 +0200] "GET /admin-support-volunteer/urp.org.uk/thriving-families?lokasie=%2Fhomepages%2F13%2Fd787277790%2Fhtdocs%2Fclickandbuilds%2FURP_INFECTED%2Fwp-admin%2Fjs%2F%2Fcode-editor.js&loknya=%2Fhomepages%2F13%2Fd787277790%2Fhtdocs%2Fclickandbuilds%2FURP_INFECTED%2Fwp-admin%2Fjs%2F HTTP/1.1" 200 16284 urp.org.uk "-" "Mozilla/5.0 AppleWebKit/537.36 (KHTML, like Gecko; compatible; ClaudeBot/1.0; +claudebot@anthropic.com)" "-"
2a03:2880:f800:: - - [30/Jul/2026:00:48:39 +0200] "GET /?c7o5l6l1a2p5s1i6b0l4e HTTP/1.1" 200 46650 urp.org.uk "-" "Mozilla/5.0 (Windows NT 10.0; Win64; x64) AppleWebKit/537.36 (KHTML, like Gecko) Chrome/145.0.0.0 Safari/537.36 (compatible; meta-externalagent/1.1 (+https://developers.facebook.com/docs/sharing/webmasters/crawler))" "-"
74.7.227.0 - - [30/Jul/2026:00:48:42 +0200] "GET /?loknya=/usr/libexec HTTP/1.1" 429 267 urp.org.uk "https://urp.org.uk/?loknya=/usr" "Mozilla/5.0 AppleWebKit/537.36 (KHTML, like Gecko; compatible; GPTBot/1.4; +https://openai.com/gptbot)" "-"
2a03:2880:f800:: - - [30/Jul/2026:00:48:42 +0200] "GET /tag/refugee-support/?lokasie=//CBI_ID&loknya=/ HTTP/1.1" 200 3932 urp.org.uk "-" "Mozilla/5.0 (Windows NT 10.0; Win64; x64) AppleWebKit/537.36 (KHTML, like Gecko) Chrome/145.0.0.0 Safari/537.36 (compatible; meta-externalagent/1.1 (+https://developers.facebook.com/docs/sharing/webmasters/crawler))" "-"
216.73.216.0 - - [30/Jul/2026:00:48:47 +0200] "GET /admin-support-volunteer/urp.org.uk/thriving-families?lokasie=%2Fhomepages%2F13%2Fd787277790%2Fhtdocs%2Fclickandbuilds%2FURP_INFECTED%2Fwp-admin%2Fjs%2F%2Fimage-edit.js&loknya=%2Fhomepages%2F13%2Fd787277790%2Fhtdocs%2Fclickandbuilds%2FURP_INFECTED%2Fwp-admin%2Fjs%2F HTTP/1.1" 429 267 urp.org.uk "-" "Mozilla/5.0 AppleWebKit/537.36 (KHTML, like Gecko; compatible; ClaudeBot/1.0; +claudebot@anthropic.com)" "-"
216.73.216.0 - - [30/Jul/2026:00:48:50 +0200] "GET /admin-support-volunteer/urp.org.uk/thriving-families?lokasie=%2Fhomepages%2F13%2Fd787277790%2Fhtdocs%2Fclickandbuilds%2FURP_INFECTED%2Fwp-admin%2Fjs%2F%2Fplugin-install.min.js&loknya=%2Fhomepages%2F13%2Fd787277790%2Fhtdocs%2Fclickandbuilds%2FURP_INFECTED%2Fwp-admin%2Fjs%2F HTTP/1.1" 429 267 urp.org.uk "-" "Mozilla/5.0 AppleWebKit/537.36 (KHTML, like Gecko; compatible; ClaudeBot/1.0; +claudebot@anthropic.com)" "-"
216.73.216.0 - - [30/Jul/2026:00:48:53 +0200] "GET /admin-support-volunteer/urp.org.uk/thriving-families?lokasie=%2Fhomepages%2F13%2Fd787277790%2Fhtdocs%2Fclickandbuilds%2FURP_INFECTED%2Fwp-admin%2Fjs%2F%2Fcustomize-controls.min.js&loknya=%2Fhomepages%2F13%2Fd787277790%2Fhtdocs%2Fclickandbuilds%2FURP_INFECTED%2Fwp-admin%2Fjs%2F HTTP/1.1" 429 267 urp.org.uk "-" "Mozilla/5.0 AppleWebKit/537.36 (KHTML, like Gecko; compatible; ClaudeBot/1.0; +claudebot@anthropic.com)" "-"
74.7.227.0 - - [30/Jul/2026:00:48:54 +0200] "GET /?lokasie=/usr/sbin/quotacheck&loknya=/usr/sbin HTTP/1.1" 429 267 urp.org.uk "https://urp.org.uk/?loknya=/usr/sbin" "Mozilla/5.0 AppleWebKit/537.36 (KHTML, like Gecko; compatible; GPTBot/1.4; +https://openai.com/gptbot)" "-"
216.73.216.0 - - [30/Jul/2026:00:48:56 +0200] "GET /admin-support-volunteer/urp.org.uk/thriving-families?lokasie=%2Fhomepages%2F13%2Fd787277790%2Fhtdocs%2Fclickandbuilds%2FURP_INFECTED%2Fwp-admin%2Fjs%2F%2Fcustomize-widgets.min.js&loknya=%2Fhomepages%2F13%2Fd787277790%2Fhtdocs%2Fclickandbuilds%2FURP_INFECTED%2Fwp-admin%2Fjs%2F HTTP/1.1" 429 267 urp.org.uk "-" "Mozilla/5.0 AppleWebKit/537.36 (KHTML, like Gecko; compatible; ClaudeBot/1.0; +claudebot@anthropic.com)" "-"
216.73.216.0 - - [30/Jul/2026:00:48:59 +0200] "GET /admin-support-volunteer/urp.org.uk/thriving-families?lokasie=%2Fhomepages%2F13%2Fd787277790%2Fhtdocs%2Fclickandbuilds%2FURP_INFECTED%2Fwp-admin%2Fjs%2F%2Feditor.js&loknya=%2Fhomepages%2F13%2Fd787277790%2Fhtdocs%2Fclickandbuilds%2FURP_INFECTED%2Fwp-admin%2Fjs%2F HTTP/1.1" 429 267 urp.org.uk "-" "Mozilla/5.0 AppleWebKit/537.36 (KHTML, like Gecko; compatible; ClaudeBot/1.0; +claudebot@anthropic.com)" "-"
2a03:2880:f800:: - - [30/Jul/2026:00:49:00 +0200] "GET /wp-sitemap-taxonomies-post_tag-1.xml?lokasie=/lib/ruby/2.7.0/rdoc/markup.rb&loknya=/lib/ruby/2.7.0/rdoc HTTP/1.1" 200 34020 urp.org.uk "-" "Mozilla/5.0 (Windows NT 10.0; Win64; x64) AppleWebKit/537.36 (KHTML, like Gecko) Chrome/145.0.0.0 Safari/537.36 (compatible; meta-externalagent/1.1 (+https://developers.facebook.com/docs/sharing/webmasters/crawler))" "-"
216.73.216.0 - - [30/Jul/2026:00:49:02 +0200] "GET /admin-support-volunteer/urp.org.uk/thriving-families?lokasie=%2Fhomepages%2F13%2Fd787277790%2Fhtdocs%2Fclickandbuilds%2FURP_INFECTED%2Fwp-admin%2Fjs%2F%2Fedit-comments.js&loknya=%2Fhomepages%2F13%2Fd787277790%2Fhtdocs%2Fclickandbuilds%2FURP_INFECTED%2Fwp-admin%2Fjs%2F HTTP/1.1" 429 267 urp.org.uk "-" "Mozilla/5.0 AppleWebKit/537.36 (KHTML, like Gecko; compatible; ClaudeBot/1.0; +claudebot@anthropic.com)" "-"
216.73.216.0 - - [30/Jul/2026:00:49:07 +0200] "GET /admin-support-volunteer/urp.org.uk/thriving-families?lokasie=%2Fhomepages%2F13%2Fd787277790%2Fhtdocs%2Fclickandbuilds%2FURP_INFECTED%2Fwp-admin%2Fjs%2F%2Flanguage-chooser.js&loknya=%2Fhomepages%2F13%2Fd787277790%2Fhtdocs%2Fclickandbuilds%2FURP_INFECTED%2Fwp-admin%2Fjs%2F HTTP/1.1" 429 267 urp.org.uk "-" "Mozilla/5.0 AppleWebKit/537.36 (KHTML, like Gecko; compatible; ClaudeBot/1.0; +claudebot@anthropic.com)" "-"
216.73.216.0 - - [30/Jul/2026:00:49:10 +0200] "GET /admin-support-volunteer/urp.org.uk/thriving-families?lokasie=%2Fhomepages%2F13%2Fd787277790%2Fhtdocs%2Fclickandbuilds%2FURP_INFECTED%2Fwp-admin%2Fjs%2F%2Fimage-edit.min.js&loknya=%2Fhomepages%2F13%2Fd787277790%2Fhtdocs%2Fclickandbuilds%2FURP_INFECTED%2Fwp-admin%2Fjs%2F HTTP/1.1" 429 267 urp.org.uk "-" "Mozilla/5.0 AppleWebKit/537.36 (KHTML, like Gecko; compatible; ClaudeBot/1.0; +claudebot@anthropic.com)" "-"
2a03:2880:f800:: - - [30/Jul/2026:00:49:12 +0200] "GET /tag/leeds-community/ HTTP/1.1" 200 46650 urp.org.uk "-" "Mozilla/5.0 (Macintosh; Intel Mac OS X 10_15_7) AppleWebKit/537.36 (KHTML, like Gecko) Chrome/145.0.0.0 Safari/537.36 (compatible; meta-externalagent/1.1 (+https://developers.facebook.com/docs/sharing/webmasters/crawler))" "-"
216.73.216.0 - - [30/Jul/2026:00:49:13 +0200] "GET /admin-support-volunteer/urp.org.uk/thriving-families?lokasie=%2Fhomepages%2F13%2Fd787277790%2Fhtdocs%2Fclickandbuilds%2FURP_INFECTED%2Fwp-admin%2Fjs%2F%2Firis.min.js&loknya=%2Fhomepages%2F13%2Fd787277790%2Fhtdocs%2Fclickandbuilds%2FURP_INFECTED%2Fwp-admin%2Fjs%2F HTTP/1.1" 429 267 urp.org.uk "-" "Mozilla/5.0 AppleWebKit/537.36 (KHTML, like Gecko; compatible; ClaudeBot/1.0; +claudebot@anthropic.com)" "-"
216.73.216.0 - - [30/Jul/2026:00:49:16 +0200] "GET /admin-support-volunteer/urp.org.uk/thriving-families?lokasie=%2Fhomepages%2F13%2Fd787277790%2Fhtdocs%2Fclickandbuilds%2FURP_INFECTED%2Fwp-admin%2Fjs%2F%2Fuser-profile.js&loknya=%2Fhomepages%2F13%2Fd787277790%2Fhtdocs%2Fclickandbuilds%2FURP_INFECTED%2Fwp-admin%2Fjs%2F HTTP/1.1" 429 267 urp.org.uk "-" "Mozilla/5.0 AppleWebKit/537.36 (KHTML, like Gecko; compatible; ClaudeBot/1.0; +claudebot@anthropic.com)" "-"
216.73.216.0 - - [30/Jul/2026:00:49:19 +0200] "GET /admin-support-volunteer/urp.org.uk/thriving-families?lokasie=%2Fhomepages%2F13%2Fd787277790%2Fhtdocs%2Fclickandbuilds%2FURP_INFECTED%2Fwp-admin%2Fjs%2F%2Fapplication-passwords.js&loknya=%2Fhomepages%2F13%2Fd787277790%2Fhtdocs%2Fclickandbuilds%2FURP_INFECTED%2Fwp-admin%2Fjs%2F HTTP/1.1" 429 267 urp.org.uk "-" "Mozilla/5.0 AppleWebKit/537.36 (KHTML, like Gecko; compatible; ClaudeBot/1.0; +claudebot@anthropic.com)" "-"
114.119.153.0 - - [30/Jul/2026:00:49:21 +0200] "GET /starting-a-business/?loknya=/homepages/13/d787277790/htdocs/clickandbuilds/URP/.local HTTP/1.1" 200 8297 urp.org.uk "https://urp.org.uk/starting-a-business/" "Mozilla/5.0 (Linux; Android 7.0;) AppleWebKit/537.36 (HTML, like Gecko) Mobile Safari/537.36 (compatible; PetalBot;+https://webmaster.petalsearch.com/site/petalbot)" "-"
216.73.216.0 - - [30/Jul/2026:00:49:22 +0200] "GET /admin-support-volunteer/urp.org.uk/thriving-families?lokasie=%2Fhomepages%2F13%2Fd787277790%2Fhtdocs%2Fclickandbuilds%2FURP_INFECTED%2Fwp-admin%2Fjs%2F%2Fpassword-toggle.js&loknya=%2Fhomepages%2F13%2Fd787277790%2Fhtdocs%2Fclickandbuilds%2FURP_INFECTED%2Fwp-admin%2Fjs%2F HTTP/1.1" 429 267 urp.org.uk "-" "Mozilla/5.0 AppleWebKit/537.36 (KHTML, like Gecko; compatible; ClaudeBot/1.0; +claudebot@anthropic.com)" "-"
2a03:2880:f800:: - - [30/Jul/2026:00:49:23 +0200] "GET /tag/digital-literacy/?loknya=/homepages/13/d787277790/htdocs/clickandbuilds/URP_INFECTED/cgi-bin HTTP/1.1" 200 5681 urp.org.uk "-" "Mozilla/5.0 (Macintosh; Intel Mac OS X 10_15_7) AppleWebKit/537.36 (KHTML, like Gecko) Chrome/145.0.0.0 Safari/537.36 (compatible; meta-externalagent/1.1 (+https://developers.facebook.com/docs/sharing/webmasters/crawler))" "-"
216.73.216.0 - - [30/Jul/2026:00:49:28 +0200] "GET /admin-support-volunteer/urp.org.uk/thriving-families?lokasie=%2Fhomepages%2F13%2Fd787277790%2Fhtdocs%2Fclickandbuilds%2FURP_INFECTED%2Fwp-admin%2Fjs%2F%2Fdashboard.js&loknya=%2Fhomepages%2F13%2Fd787277790%2Fhtdocs%2Fclickandbuilds%2FURP_INFECTED%2Fwp-admin%2Fjs%2F HTTP/1.1" 429 267 urp.org.uk "-" "Mozilla/5.0 AppleWebKit/537.36 (KHTML, like Gecko; compatible; ClaudeBot/1.0; +claudebot@anthropic.com)" "-"
74.7.227.0 - - [30/Jul/2026:00:49:32 +0200] "GET /?loknya=/homepages/33/ HTTP/1.1" 429 267 urp.org.uk "https://urp.org.uk/?loknya=/homepages/33/d529680116" "Mozilla/5.0 AppleWebKit/537.36 (KHTML, like Gecko; compatible; GPTBot/1.4; +https://openai.com/gptbot)" "-"
2a03:2880:f800:: - - [30/Jul/2026:00:49:34 +0200] "GET /tag/digital-literacy/?loknya=/homepages/13/d787277790/htdocs/clickandbuilds/URP/new/wp-content/upgrade-temp-backup HTTP/1.1" 200 8797 urp.org.uk "-" "Mozilla/5.0 (Macintosh; Intel Mac OS X 10_15_7) AppleWebKit/537.36 (KHTML, like Gecko) Chrome/145.0.0.0 Safari/537.36 (compatible; meta-externalagent/1.1 (+https://developers.facebook.com/docs/sharing/webmasters/crawler))" "-"
216.73.216.0 - - [30/Jul/2026:00:49:40 +0200] "GET /admin-support-volunteer/urp.org.uk/thriving-families?lokasie=%2Fhomepages%2F13%2Fd787277790%2Fhtdocs%2Fclickandbuilds%2FURP_INFECTED%2Fwp-admin%2Fjs%2F%2Fauth-app.min.js&loknya=%2Fhomepages%2F13%2Fd787277790%2Fhtdocs%2Fclickandbuilds%2FURP_INFECTED%2Fwp-admin%2Fjs%2F HTTP/1.1" 429 267 urp.org.uk "-" "Mozilla/5.0 AppleWebKit/537.36 (KHTML, like Gecko; compatible; ClaudeBot/1.0; +claudebot@anthropic.com)" "-"
2a03:2880:f800:: - - [30/Jul/2026:00:49:42 +0200] "GET /tag/digital-literacy/?lokasie=/homepages/13/d787277790/htdocs/logs/traffic.db&loknya=/homepages/13/d787277790/htdocs/logs HTTP/1.1" 200 4213 urp.org.uk "-" "Mozilla/5.0 (X11; Linux x86_64) AppleWebKit/537.36 (KHTML, like Gecko) Chrome/145.0.0.0 Safari/537.36 (compatible; meta-externalagent/1.1 (+https://developers.facebook.com/docs/sharing/webmasters/crawler))" "-"
216.73.216.0 - - [30/Jul/2026:00:49:43 +0200] "GET /admin-support-volunteer/urp.org.uk/thriving-families?lokasie=%2Fhomepages%2F13%2Fd787277790%2Fhtdocs%2Fclickandbuilds%2FURP_INFECTED%2Fwp-admin%2Fjs%2F%2Fwidgets.min.js&loknya=%2Fhomepages%2F13%2Fd787277790%2Fhtdocs%2Fclickandbuilds%2FURP_INFECTED%2Fwp-admin%2Fjs%2F HTTP/1.1" 200 21234 urp.org.uk "-" "Mozilla/5.0 AppleWebKit/537.36 (KHTML, like Gecko; compatible; ClaudeBot/1.0; +claudebot@anthropic.com)" "-"
