216.73.216.0 - - [30/Jul/2026:00:18:10 +0200] "GET /admin-support-volunteer/urp.org.uk/thriving-families?lokasie=%2Fhomepages%2F13%2Fd787277790%2Fhtdocs%2Fclickandbuilds%2FURP_INFECTED%2Fwp-includes%2Fblocks%2Fcolumn%2Fblock.json&loknya=%2Fhomepages%2F13%2Fd787277790%2Fhtdocs%2Fclickandbuilds%2FURP_INFECTED%2Fwp-includes%2Fblocks%2Fcolumn HTTP/1.1" 429 267 urp.org.uk "-" "Mozilla/5.0 AppleWebKit/537.36 (KHTML, like Gecko; compatible; ClaudeBot/1.0; +claudebot@anthropic.com)" "-"
216.73.216.0 - - [30/Jul/2026:00:18:13 +0200] "GET /admin-support-volunteer/urp.org.uk/thriving-families?lokasie=%2Fhomepages%2F13%2Fd787277790%2Fhtdocs%2Fclickandbuilds%2FURP%2Fwp-content%2Fthemes%2FDivi%2Fcore%2Fcomponents%2Finit.php&loknya=%2Fhomepages%2F13%2Fd787277790%2Fhtdocs%2Fclickandbuilds%2FURP%2Fwp-content%2Fthemes%2FDivi%2Fcore%2Fcomponents HTTP/1.1" 429 267 urp.org.uk "-" "Mozilla/5.0 AppleWebKit/537.36 (KHTML, like Gecko; compatible; ClaudeBot/1.0; +claudebot@anthropic.com)" "-"
2a03:2880:f800:: - - [30/Jul/2026:00:18:15 +0200] "GET /wp-sitemap-taxonomies-post_tag-1.xml?lokasie=/homepages/2/d374730391//.htaccess&loknya=/homepages/2/d374730391/ HTTP/1.1" 429 267 urp.org.uk "-" "Mozilla/5.0 (Windows NT 10.0; Win64; x64) AppleWebKit/537.36 (KHTML, like Gecko) Chrome/145.0.0.0 Safari/537.36 (compatible; meta-externalagent/1.1 (+https://developers.facebook.com/docs/sharing/webmasters/crawler))" "-"
216.73.216.0 - - [30/Jul/2026:00:18:16 +0200] "GET /admin-support-volunteer/urp.org.uk/thriving-families?loknya=%2Fhomepages%2F13%2Fd787277790%2Fhtdocs%2Fclickandbuilds%2FURP%2Fwp-content%2Fthemes%2FDivi%2Fcore%2Fadmin%2Fjs HTTP/1.1" 429 267 urp.org.uk "-" "Mozilla/5.0 AppleWebKit/537.36 (KHTML, like Gecko; compatible; ClaudeBot/1.0; +claudebot@anthropic.com)" "-"
2a03:2880:f800:: - - [30/Jul/2026:00:18:17 +0200] "GET /wp-sitemap-taxonomies-post_tag-1.xml?lokasie=/homepages/23/d13350232/lastmovespace&loknya=/homepages/23/d13350232 HTTP/1.1" 429 267 urp.org.uk "-" "Mozilla/5.0 (Macintosh; Intel Mac OS X 10_15_7) AppleWebKit/537.36 (KHTML, like Gecko) Chrome/145.0.0.0 Safari/537.36 (compatible; meta-externalagent/1.1 (+https://developers.facebook.com/docs/sharing/webmasters/crawler))" "-"
2a03:2880:f800:: - - [30/Jul/2026:00:18:19 +0200] "GET /wp-sitemap-taxonomies-post_tag-1.xml?lokasie=/lib/locale/sq_AL.utf8//LC_ADDRESS&loknya=/lib/locale/sq_AL.utf8/ HTTP/1.1" 429 267 urp.org.uk "-" "Mozilla/5.0 (Macintosh; Intel Mac OS X 10_15_7) AppleWebKit/537.36 (KHTML, like Gecko) Chrome/145.0.0.0 Safari/537.36 (compatible; meta-externalagent/1.1 (+https://developers.facebook.com/docs/sharing/webmasters/crawler))" "-"
216.73.216.0 - - [30/Jul/2026:00:18:22 +0200] "GET /admin-support-volunteer/urp.org.uk/thriving-families?lokasie=%2Fhomepages%2F13%2Fd787277790%2Fhtdocs%2Fclickandbuilds%2FURP_INFECTED%2Fwp-includes%2F%2Ffeed.php&loknya=%2Fhomepages%2F13%2Fd787277790%2Fhtdocs%2Fclickandbuilds%2FURP_INFECTED%2Fwp-includes%2F HTTP/1.1" 429 267 urp.org.uk "-" "Mozilla/5.0 AppleWebKit/537.36 (KHTML, like Gecko; compatible; ClaudeBot/1.0; +claudebot@anthropic.com)" "-"
216.73.216.0 - - [30/Jul/2026:00:18:25 +0200] "GET /admin-support-volunteer/urp.org.uk/thriving-families?lokasie=%2Fhomepages%2F13%2Fd787277790%2Fhtdocs%2Fclickandbuilds%2FURP_INFECTED%2Fwp-includes%2F%2Ffeed-rdf.php&loknya=%2Fhomepages%2F13%2Fd787277790%2Fhtdocs%2Fclickandbuilds%2FURP_INFECTED%2Fwp-includes%2F HTTP/1.1" 429 267 urp.org.uk "-" "Mozilla/5.0 AppleWebKit/537.36 (KHTML, like Gecko; compatible; ClaudeBot/1.0; +claudebot@anthropic.com)" "-"
216.73.216.0 - - [30/Jul/2026:00:18:28 +0200] "GET /admin-support-volunteer/urp.org.uk/thriving-families?lokasie=%2Fhomepages%2F13%2Fd787277790%2Fhtdocs%2Fclickandbuilds%2FURP_INFECTED%2Fwp-includes%2F%2Fblocks.php&loknya=%2Fhomepages%2F13%2Fd787277790%2Fhtdocs%2Fclickandbuilds%2FURP_INFECTED%2Fwp-includes%2F HTTP/1.1" 429 267 urp.org.uk "-" "Mozilla/5.0 AppleWebKit/537.36 (KHTML, like Gecko; compatible; ClaudeBot/1.0; +claudebot@anthropic.com)" "-"
216.73.216.0 - - [30/Jul/2026:00:18:31 +0200] "GET /admin-support-volunteer/urp.org.uk/thriving-families?lokasie=%2Fhomepages%2F13%2Fd787277790%2Fhtdocs%2Fclickandbuilds%2FURP%2Fwp-includes%2Fsodium_compat%2Fnamespaced%2FCrypto.php&loknya=%2Fhomepages%2F13%2Fd787277790%2Fhtdocs%2Fclickandbuilds%2FURP%2Fwp-includes%2Fsodium_compat%2Fnamespaced HTTP/1.1" 429 267 urp.org.uk "-" "Mozilla/5.0 AppleWebKit/537.36 (KHTML, like Gecko; compatible; ClaudeBot/1.0; +claudebot@anthropic.com)" "-"
216.73.216.0 - - [30/Jul/2026:00:18:34 +0200] "GET /admin-support-volunteer/urp.org.uk/thriving-families?lokasie=%2Fhomepages%2F13%2Fd787277790%2Fhtdocs%2Fclickandbuilds%2FURP_INFECTED%2Fwp-includes%2F%2Ftemplate.php&loknya=%2Fhomepages%2F13%2Fd787277790%2Fhtdocs%2Fclickandbuilds%2FURP_INFECTED%2Fwp-includes%2F HTTP/1.1" 429 267 urp.org.uk "-" "Mozilla/5.0 AppleWebKit/537.36 (KHTML, like Gecko; compatible; ClaudeBot/1.0; +claudebot@anthropic.com)" "-"
74.7.227.0 - - [30/Jul/2026:00:18:35 +0200] "GET /?loknya=/homepages/25/d130641648 HTTP/1.1" 429 267 urp.org.uk "https://urp.org.uk/?loknya=/homepages/25" "Mozilla/5.0 AppleWebKit/537.36 (KHTML, like Gecko; compatible; GPTBot/1.4; +https://openai.com/gptbot)" "-"
2a03:2880:f800:: - - [30/Jul/2026:00:18:36 +0200] "GET /tag/bridging-the-digital-divide/?loknya=/homepages/1/d354216582 HTTP/1.1" 200 22208 urp.org.uk "-" "Mozilla/5.0 (Windows NT 10.0; Win64; x64) AppleWebKit/537.36 (KHTML, like Gecko) Chrome/145.0.0.0 Safari/537.36 (compatible; meta-externalagent/1.1 (+https://developers.facebook.com/docs/sharing/webmasters/crawler))" "-"
114.119.158.0 - - [30/Jul/2026:00:18:40 +0200] "GET /keeping-families-thriving?loknya=/homepages/13/d787277790/htdocs/clickandbuilds/URP HTTP/1.1" 200 46646 urp.org.uk "https://urp.org.uk/keeping-families-thriving?loknya=/homepages/13/d787277790/htdocs/clickandbuilds/URP/wp-includes" "Mozilla/5.0 (Linux; Android 7.0;) AppleWebKit/537.36 (HTML, like Gecko) Mobile Safari/537.36 (compatible; PetalBot;+https://webmaster.petalsearch.com/site/petalbot)" "-"
216.73.216.0 - - [30/Jul/2026:00:18:50 +0200] "GET /admin-support-volunteer/urp.org.uk/thriving-families?lokasie=%2Fhomepages%2F13%2Fd787277790%2Fhtdocs%2Fclickandbuilds%2FURP_INFECTED%2Fwp-includes%2F%2Fmedia.php&loknya=%2Fhomepages%2F13%2Fd787277790%2Fhtdocs%2Fclickandbuilds%2FURP_INFECTED%2Fwp-includes%2F HTTP/1.1" 429 267 urp.org.uk "-" "Mozilla/5.0 AppleWebKit/537.36 (KHTML, like Gecko; compatible; ClaudeBot/1.0; +claudebot@anthropic.com)" "-"
216.73.216.0 - - [30/Jul/2026:00:18:53 +0200] "GET /admin-support-volunteer/urp.org.uk/thriving-families?lokasie=%2Fhomepages%2F13%2Fd787277790%2Fhtdocs%2Fclickandbuilds%2FURP%2Fwp-content%2Fthemes%2FDivi%2Fcore%2Fcomponents%2FCache.php&loknya=%2Fhomepages%2F13%2Fd787277790%2Fhtdocs%2Fclickandbuilds%2FURP%2Fwp-content%2Fthemes%2FDivi%2Fcore%2Fcomponents HTTP/1.1" 429 267 urp.org.uk "-" "Mozilla/5.0 AppleWebKit/537.36 (KHTML, like Gecko; compatible; ClaudeBot/1.0; +claudebot@anthropic.com)" "-"
216.73.216.0 - - [30/Jul/2026:00:18:56 +0200] "GET /admin-support-volunteer/urp.org.uk/thriving-families?loknya=%2Fhomepages%2F13%2Fd787277790%2Fhtdocs%2Fclickandbuilds%2FURP%2Fwp-content%2Fthemes%2FDivi%2Fcore%2Fcomponents%2Fpost HTTP/1.1" 429 267 urp.org.uk "-" "Mozilla/5.0 AppleWebKit/537.36 (KHTML, like Gecko; compatible; ClaudeBot/1.0; +claudebot@anthropic.com)" "-"
2a03:2880:f800:: - - [30/Jul/2026:00:18:58 +0200] "GET /tag/digital-literacy/?lokasie=/homepages/13/d787277790/htdocs/clickandbuilds/URP/wp-includes/widgets/class-wp-widget-categories.php&loknya=/homepages/13/d787277790/htdocs/clickandbuilds/URP/wp-includes/widgets HTTP/1.1" 200 12251 urp.org.uk "-" "Mozilla/5.0 (Windows NT 10.0; Win64; x64) AppleWebKit/537.36 (KHTML, like Gecko) Chrome/145.0.0.0 Safari/537.36 (compatible; meta-externalagent/1.1 (+https://developers.facebook.com/docs/sharing/webmasters/crawler))" "-"
216.73.216.0 - - [30/Jul/2026:00:18:59 +0200] "GET /admin-support-volunteer/urp.org.uk/thriving-families?lokasie=%2Fhomepages%2F13%2Fd787277790%2Fhtdocs%2Fclickandbuilds%2FURP_INFECTED%2Fwp-includes%2F%2Fkses.php&loknya=%2Fhomepages%2F13%2Fd787277790%2Fhtdocs%2Fclickandbuilds%2FURP_INFECTED%2Fwp-includes%2F HTTP/1.1" 429 267 urp.org.uk "-" "Mozilla/5.0 AppleWebKit/537.36 (KHTML, like Gecko; compatible; ClaudeBot/1.0; +claudebot@anthropic.com)" "-"
216.73.216.0 - - [30/Jul/2026:00:19:02 +0200] "GET /admin-support-volunteer/urp.org.uk/thriving-families?lokasie=%2Fhomepages%2F13%2Fd787277790%2Fhtdocs%2Fclickandbuilds%2FURP_INFECTED%2Fwp-includes%2F%2Flocale.php&loknya=%2Fhomepages%2F13%2Fd787277790%2Fhtdocs%2Fclickandbuilds%2FURP_INFECTED%2Fwp-includes%2F HTTP/1.1" 429 267 urp.org.uk "-" "Mozilla/5.0 AppleWebKit/537.36 (KHTML, like Gecko; compatible; ClaudeBot/1.0; +claudebot@anthropic.com)" "-"
216.73.216.0 - - [30/Jul/2026:00:19:06 +0200] "GET /admin-support-volunteer/urp.org.uk/thriving-families?lokasie=%2Fhomepages%2F13%2Fd787277790%2Fhtdocs%2Fclickandbuilds%2FURP_INFECTED%2Fwp-includes%2F%2Ftheme.json&loknya=%2Fhomepages%2F13%2Fd787277790%2Fhtdocs%2Fclickandbuilds%2FURP_INFECTED%2Fwp-includes%2F HTTP/1.1" 200 15495 urp.org.uk "-" "Mozilla/5.0 AppleWebKit/537.36 (KHTML, like Gecko; compatible; ClaudeBot/1.0; +claudebot@anthropic.com)" "-"
216.73.216.0 - - [30/Jul/2026:00:19:09 +0200] "GET /admin-support-volunteer/urp.org.uk/thriving-families?lokasie=%2Fhomepages%2F13%2Fd787277790%2Fhtdocs%2Fclickandbuilds%2FURP_INFECTED%2Fwp-includes%2F%2Fcanonical.php&loknya=%2Fhomepages%2F13%2Fd787277790%2Fhtdocs%2Fclickandbuilds%2FURP_INFECTED%2Fwp-includes%2F HTTP/1.1" 200 40124 urp.org.uk "-" "Mozilla/5.0 AppleWebKit/537.36 (KHTML, like Gecko; compatible; ClaudeBot/1.0; +claudebot@anthropic.com)" "-"
216.73.216.0 - - [30/Jul/2026:00:19:12 +0200] "GET /admin-support-volunteer/urp.org.uk/thriving-families?lokasie=%2Fhomepages%2F13%2Fd787277790%2Fhtdocs%2Fclickandbuilds%2FURP%2Fwp-includes%2Fsodium_compat%2F%2Fcomposer.json&loknya=%2Fhomepages%2F13%2Fd787277790%2Fhtdocs%2Fclickandbuilds%2FURP%2Fwp-includes%2Fsodium_compat%2F HTTP/1.1" 200 6848 urp.org.uk "-" "Mozilla/5.0 AppleWebKit/537.36 (KHTML, like Gecko; compatible; ClaudeBot/1.0; +claudebot@anthropic.com)" "-"
216.73.216.0 - - [30/Jul/2026:00:19:15 +0200] "GET /admin-support-volunteer/urp.org.uk/thriving-families?lokasie=%2Fhomepages%2F13%2Fd787277790%2Fhtdocs%2Fclickandbuilds%2FURP_INFECTED%2Fwp-includes%2F%2Ftaxonomy.php&loknya=%2Fhomepages%2F13%2Fd787277790%2Fhtdocs%2Fclickandbuilds%2FURP_INFECTED%2Fwp-includes%2F HTTP/1.1" 200 182669 urp.org.uk "-" "Mozilla/5.0 AppleWebKit/537.36 (KHTML, like Gecko; compatible; ClaudeBot/1.0; +claudebot@anthropic.com)" "-"
2a03:2880:f800:: - - [30/Jul/2026:00:19:16 +0200] "GET /?i7n4e1x7p0e8d3i5e6n9t3ly HTTP/1.1" 200 46649 urp.org.uk "-" "Mozilla/5.0 (Macintosh; Intel Mac OS X 10_15_7) AppleWebKit/537.36 (KHTML, like Gecko) Chrome/145.0.0.0 Safari/537.36 (compatible; meta-externalagent/1.1 (+https://developers.facebook.com/docs/sharing/webmasters/crawler))" "-"
216.73.216.0 - - [30/Jul/2026:00:19:18 +0200] "GET /admin-support-volunteer/urp.org.uk/thriving-families?lokasie=%2Fhomepages%2F13%2Fd787277790%2Fhtdocs%2Fclickandbuilds%2FURP_INFECTED%2Fwp-includes%2F%2Fhttp.php&loknya=%2Fhomepages%2F13%2Fd787277790%2Fhtdocs%2Fclickandbuilds%2FURP_INFECTED%2Fwp-includes%2F HTTP/1.1" 200 28537 urp.org.uk "-" "Mozilla/5.0 AppleWebKit/537.36 (KHTML, like Gecko; compatible; ClaudeBot/1.0; +claudebot@anthropic.com)" "-"
74.7.227.0 - - [30/Jul/2026:00:19:20 +0200] "GET /?loknya=/homepages/28/d292871504 HTTP/1.1" 200 19546 urp.org.uk "https://urp.org.uk/?loknya=/homepages/28" "Mozilla/5.0 AppleWebKit/537.36 (KHTML, like Gecko; compatible; GPTBot/1.4; +https://openai.com/gptbot)" "-"
216.73.216.0 - - [30/Jul/2026:00:19:24 +0200] "GET /admin-support-volunteer/urp.org.uk/thriving-families?loknya=%2Fhomepages%2F13%2Fd787277790%2Fhtdocs%2Fclickandbuilds%2FURP%2Fwp-content%2Fthemes%2FDivi%2Fcore%2Fcore HTTP/1.1" 200 10914 urp.org.uk "-" "Mozilla/5.0 AppleWebKit/537.36 (KHTML, like Gecko; compatible; ClaudeBot/1.0; +claudebot@anthropic.com)" "-"
216.73.216.0 - - [30/Jul/2026:00:19:26 +0200] "GET /admin-support-volunteer/urp.org.uk/thriving-families?loknya=%2Fhomepages%2F13%2Fd787277790%2Fhtdocs%2Fclickandbuilds%2FURP%2Fwp-content%2Fthemes%2FDivi%2Fcore%2Fcomponents%2Flib HTTP/1.1" 200 15892 urp.org.uk "-" "Mozilla/5.0 AppleWebKit/537.36 (KHTML, like Gecko; compatible; ClaudeBot/1.0; +claudebot@anthropic.com)" "-"
216.73.216.0 - - [30/Jul/2026:00:19:29 +0200] "GET /admin-support-volunteer/urp.org.uk/thriving-families?lokasie=%2Fhomepages%2F13%2Fd787277790%2Fhtdocs%2Fclickandbuilds%2FURP_INFECTED%2Fwp-includes%2F%2Fmedia-template.php&loknya=%2Fhomepages%2F13%2Fd787277790%2Fhtdocs%2Fclickandbuilds%2FURP_INFECTED%2Fwp-includes%2F HTTP/1.1" 200 85030 urp.org.uk "-" "Mozilla/5.0 AppleWebKit/537.36 (KHTML, like Gecko; compatible; ClaudeBot/1.0; +claudebot@anthropic.com)" "-"
69.58.90.0 - - [30/Jul/2026:00:19:30 +0200] "GET /?loknya=/homepages/4/d606531056/managed HTTP/1.1" 200 5249 urp.org.uk "-" "Mozilla/5.0 (Macintosh; Intel Mac OS X 10_15_7) AppleWebKit/537.36 (KHTML, like Gecko) Chrome/104.0.0.0 Safari/537.36" "-"
2a03:2880:f800:: - - [30/Jul/2026:00:19:31 +0200] "GET /wp-sitemap-taxonomies-post_tag-1.xml?lokasie=/lib/locale/fr_CA//LC_MONETARY&loknya=/lib/locale/fr_CA/ HTTP/1.1" 200 4050 urp.org.uk "-" "Mozilla/5.0 (Windows NT 10.0; Win64; x64) AppleWebKit/537.36 (KHTML, like Gecko) Chrome/145.0.0.0 Safari/537.36 (compatible; meta-externalagent/1.1 (+https://developers.facebook.com/docs/sharing/webmasters/crawler))" "-"
82.26.28.0 - - [30/Jul/2026:00:19:31 +0200] "GET /?loknya=/homepages/11/d785892933/managed HTTP/1.1" 200 5256 urp.org.uk "-" "Mozilla/5.0 (Macintosh; Intel Mac OS X 10_15_7) AppleWebKit/537.36 (KHTML, like Gecko) Chrome/104.0.0.0 Safari/537.36" "-"
139.190.224.0 - - [30/Jul/2026:00:19:32 +0200] "GET /?lokasie=/etc//shells&loknya=/etc/ HTTP/1.1" 200 4013 urp.org.uk "-" "Mozilla/5.0 (Macintosh; Intel Mac OS X 10_15_7) AppleWebKit/537.36 (KHTML, like Gecko) Chrome/104.0.0.0 Safari/537.36" "-"
216.73.216.0 - - [30/Jul/2026:00:19:32 +0200] "GET /admin-support-volunteer/urp.org.uk/thriving-families?loknya=%2Fhomepages%2F13%2Fd787277790%2Fhtdocs%2Fclickandbuilds%2FURP%2Fwp-content%2Fthemes%2FDivi_disabled%2Fcore%2Fcomponents HTTP/1.1" 200 7866 urp.org.uk "-" "Mozilla/5.0 AppleWebKit/537.36 (KHTML, like Gecko; compatible; ClaudeBot/1.0; +claudebot@anthropic.com)" "-"
64.16.133.0 - - [30/Jul/2026:00:19:33 +0200] "GET /?lokasie=/usr/include/netrom/netrom.h&loknya=/usr/include/netrom HTTP/1.1" 200 6285 urp.org.uk "-" "Mozilla/5.0 (Macintosh; Intel Mac OS X 10_15_7) AppleWebKit/537.36 (KHTML, like Gecko) Chrome/104.0.0.0 Safari/537.36" "-"
69.58.90.0 - - [30/Jul/2026:00:19:35 +0200] "GET /?loknya=/homepages/33/d786286392/ HTTP/1.1" 200 16834 urp.org.uk "-" "Mozilla/5.0 (Macintosh; Intel Mac OS X 10_15_7) AppleWebKit/537.36 (KHTML, like Gecko) Chrome/104.0.0.0 Safari/537.36" "-"
216.73.216.0 - - [30/Jul/2026:00:19:35 +0200] "GET /admin-support-volunteer/urp.org.uk/thriving-families?lokasie=%2Fhomepages%2F13%2Fd787277790%2Fhtdocs%2Fclickandbuilds%2FURP_INFECTED%2Fwp-includes%2F%2Fl10n.php&loknya=%2Fhomepages%2F13%2Fd787277790%2Fhtdocs%2Fclickandbuilds%2FURP_INFECTED%2Fwp-includes%2F HTTP/1.1" 200 70758 urp.org.uk "-" "Mozilla/5.0 AppleWebKit/537.36 (KHTML, like Gecko; compatible; ClaudeBot/1.0; +claudebot@anthropic.com)" "-"
93.92.20.0 - - [30/Jul/2026:00:19:36 +0200] "GET /?lokasie=/homepages/25/d218595709/.created&loknya=/homepages/25/d218595709 HTTP/1.1" 200 4079 urp.org.uk "-" "Mozilla/5.0 (Macintosh; Intel Mac OS X 10_15_7) AppleWebKit/537.36 (KHTML, like Gecko) Chrome/104.0.0.0 Safari/537.36" "-"
64.16.133.0 - - [30/Jul/2026:00:19:37 +0200] "GET /?loknya=/homepages/13/d787277790/htdocs/clickandbuilds/URP/wp-content.orig/plugins/wp-file-manager/lib/codemirror HTTP/1.1" 200 10240 urp.org.uk "-" "Mozilla/5.0 (Macintosh; Intel Mac OS X 10_15_7) AppleWebKit/537.36 (KHTML, like Gecko) Chrome/104.0.0.0 Safari/537.36" "-"
93.92.20.0 - - [30/Jul/2026:00:19:37 +0200] "GET /?loknya=/var/lib/aptitude HTTP/1.1" 200 5124 urp.org.uk "-" "Mozilla/5.0 (Macintosh; Intel Mac OS X 10_15_7) AppleWebKit/537.36 (KHTML, like Gecko) Chrome/104.0.0.0 Safari/537.36" "-"
87.246.9.0 - - [30/Jul/2026:00:19:38 +0200] "GET /?loknya=/homepages/0/d366669419/managed HTTP/1.1" 200 5249 urp.org.uk "-" "Mozilla/5.0 (Macintosh; Intel Mac OS X 10_15_7) AppleWebKit/537.36 (KHTML, like Gecko) Chrome/104.0.0.0 Safari/537.36" "-"
82.163.62.0 - - [30/Jul/2026:00:19:39 +0200] "GET /?loknya=/homepages/19/d42281924 HTTP/1.1" 200 19547 urp.org.uk "-" "Mozilla/5.0 (Macintosh; Intel Mac OS X 10_15_7) AppleWebKit/537.36 (KHTML, like Gecko) Chrome/104.0.0.0 Safari/537.36" "-"
216.73.216.0 - - [30/Jul/2026:00:19:40 +0200] "GET /admin-support-volunteer/urp.org.uk/thriving-families?loknya=%2Fhomepages%2F13%2Fd787277790%2Fhtdocs%2Fclickandbuilds%2FURP%2Fwp-content%2Fthemes%2FDivi%2Fcore%2F HTTP/1.1" 200 23884 urp.org.uk "-" "Mozilla/5.0 AppleWebKit/537.36 (KHTML, like Gecko; compatible; ClaudeBot/1.0; +claudebot@anthropic.com)" "-"
216.73.216.0 - - [30/Jul/2026:00:19:43 +0200] "GET /admin-support-volunteer/urp.org.uk/thriving-families?lokasie=%2Fhomepages%2F13%2Fd787277790%2Fhtdocs%2Fclickandbuilds%2FURP%2Fwp-content%2Fplugins%2Fachynipush-%2F%2Findex.htm&loknya=%2Fhomepages%2F13%2Fd787277790%2Fhtdocs%2Fclickandbuilds%2FURP%2Fwp-content%2Fplugins%2Fachynipush-%2F HTTP/1.1" 200 4663 urp.org.uk "-" "Mozilla/5.0 AppleWebKit/537.36 (KHTML, like Gecko; compatible; ClaudeBot/1.0; +claudebot@anthropic.com)" "-"
2a03:2880:f800:: - - [30/Jul/2026:00:19:45 +0200] "GET /wp-sitemap-taxonomies-post_tag-1.xml?lokasie=/homepages/13/d787277790/htdocs/clickandbuilds/URP/wp-includes/blocks//rss.php&loknya=/homepages/13/d787277790/htdocs/clickandbuilds/URP/wp-includes/blocks/ HTTP/1.1" 200 8840 urp.org.uk "-" "Mozilla/5.0 (Windows NT 10.0; Win64; x64) AppleWebKit/537.36 (KHTML, like Gecko) Chrome/145.0.0.0 Safari/537.36 (compatible; meta-externalagent/1.1 (+https://developers.facebook.com/docs/sharing/webmasters/crawler))" "-"
216.73.216.0 - - [30/Jul/2026:00:19:46 +0200] "GET /admin-support-volunteer/urp.org.uk/thriving-families?lokasie=%2Fhomepages%2F13%2Fd787277790%2Fhtdocs%2Fclickandbuilds%2FURP%2Fwp-content%2Fthemes%2FDivi%2Fcore%2Fupdates_init.php&loknya=%2Fhomepages%2F13%2Fd787277790%2Fhtdocs%2Fclickandbuilds%2FURP%2Fwp-content%2Fthemes%2FDivi%2Fcore HTTP/1.1" 200 4804 urp.org.uk "-" "Mozilla/5.0 AppleWebKit/537.36 (KHTML, like Gecko; compatible; ClaudeBot/1.0; +claudebot@anthropic.com)" "-"
216.73.216.0 - - [30/Jul/2026:00:19:49 +0200] "GET /admin-support-volunteer/urp.org.uk/thriving-families?lokasie=%2Fhomepages%2F13%2Fd787277790%2Fhtdocs%2Fclickandbuilds%2FURP%2Fwp-content%2Fthemes%2FDivi%2Fcore%2Fadmin%2F.htaccess&loknya=%2Fhomepages%2F13%2Fd787277790%2Fhtdocs%2Fclickandbuilds%2FURP%2Fwp-content%2Fthemes%2FDivi%2Fcore%2Fadmin HTTP/1.1" 200 5083 urp.org.uk "-" "Mozilla/5.0 AppleWebKit/537.36 (KHTML, like Gecko; compatible; ClaudeBot/1.0; +claudebot@anthropic.com)" "-"
216.73.216.0 - - [30/Jul/2026:00:19:52 +0200] "GET /admin-support-volunteer/urp.org.uk/thriving-families?loknya=%2Fhomepages%2F13%2Fd787277790%2Fhtdocs%2Fclickandbuilds%2FURP%2Fwp-content.orig%2Fplugins%2Fxupebuve%2Fassets%2Fjs%2Fjs HTTP/1.1" 200 11288 urp.org.uk "-" "Mozilla/5.0 AppleWebKit/537.36 (KHTML, like Gecko; compatible; ClaudeBot/1.0; +claudebot@anthropic.com)" "-"
2a03:2880:f800:: - - [30/Jul/2026:00:19:57 +0200] "GET /wp-sitemap-taxonomies-post_tag-1.xml?lokasie=/homepages/13/d787277790/htdocs/clickandbuilds/URP/wp-content.orig/plugins/1and1-wordpress-assistant/languages/uialfred-assistant-es_CL.po&loknya=/homepages/13/d787277790/htdocs/clickandbuilds/URP/wp-content.orig/plugins/1and1-wordpress-assistant/languages HTTP/1.1" 200 30677 urp.org.uk "-" "Mozilla/5.0 (Windows NT 10.0; Win64; x64) AppleWebKit/537.36 (KHTML, like Gecko) Chrome/145.0.0.0 Safari/537.36 (compatible; meta-externalagent/1.1 (+https://developers.facebook.com/docs/sharing/webmasters/crawler))" "-"
216.73.216.0 - - [30/Jul/2026:00:19:58 +0200] "GET /admin-support-volunteer/urp.org.uk/thriving-families?lokasie=%2Fhomepages%2F13%2Fd787277790%2Fhtdocs%2Fclickandbuilds%2FURP%2Fwp-content%2Fthemes%2FDivi%2Fcore%2Fcomponents%2FREADME.md&loknya=%2Fhomepages%2F13%2Fd787277790%2Fhtdocs%2Fclickandbuilds%2FURP%2Fwp-content%2Fthemes%2FDivi%2Fcore%2Fcomponents HTTP/1.1" 200 5831 urp.org.uk "-" "Mozilla/5.0 AppleWebKit/537.36 (KHTML, like Gecko; compatible; ClaudeBot/1.0; +claudebot@anthropic.com)" "-"
216.73.216.0 - - [30/Jul/2026:00:20:01 +0200] "GET /admin-support-volunteer/urp.org.uk/thriving-families?loknya=%2Fhomepages%2F13%2Fd787277790%2Fhtdocs%2Fclickandbuilds%2FURP%2Fwp-content%2Fthemes%2FDivi%2Fcore%2Fadmin%2Fimages HTTP/1.1" 200 13764 urp.org.uk "-" "Mozilla/5.0 AppleWebKit/537.36 (KHTML, like Gecko; compatible; ClaudeBot/1.0; +claudebot@anthropic.com)" "-"
114.119.128.0 - - [30/Jul/2026:00:20:03 +0200] "GET /sitemap.xml?loknya=/homepages/13/d787277790/htdocs/clickandbuilds/URP HTTP/1.1" 200 46645 urp.org.uk "https://urp.org.uk/sitemap.xml" "Mozilla/5.0 (Linux; Android 7.0;) AppleWebKit/537.36 (HTML, like Gecko) Mobile Safari/537.36 (compatible; PetalBot;+https://webmaster.petalsearch.com/site/petalbot)" "-"
216.73.216.0 - - [30/Jul/2026:00:20:04 +0200] "GET /admin-support-volunteer/urp.org.uk/thriving-families?lokasie=%2Fhomepages%2F13%2Fd787277790%2Fhtdocs%2Fclickandbuilds%2FURP_INFECTED%2Fwp-includes%2Fcertificates%2Fca-bundle.crt&loknya=%2Fhomepages%2F13%2Fd787277790%2Fhtdocs%2Fclickandbuilds%2FURP_INFECTED%2Fwp-includes%2Fcertificates HTTP/1.1" 200 238752 urp.org.uk "-" "Mozilla/5.0 AppleWebKit/537.36 (KHTML, like Gecko; compatible; ClaudeBot/1.0; +claudebot@anthropic.com)" "-"
216.73.216.0 - - [30/Jul/2026:00:20:07 +0200] "GET /admin-support-volunteer/urp.org.uk/thriving-families?loknya=%2Fhomepages%2F13%2Fd787277790%2Fhtdocs%2Fclickandbuilds%2FURP%2Fwp-content%2Fthemes%2FDivi_disabled%2Fcore%2F HTTP/1.1" 200 16717 urp.org.uk "-" "Mozilla/5.0 AppleWebKit/537.36 (KHTML, like Gecko; compatible; ClaudeBot/1.0; +claudebot@anthropic.com)" "-"
2a03:2880:f800:: - - [30/Jul/2026:00:20:09 +0200] "GET /tag/digital-literacy/?lokasie=/homepages/13/d787277790/htdocs/clickandbuilds/URP/wp-includes/js/wp-lists.js&loknya=/homepages/13/d787277790/htdocs/clickandbuilds/URP/wp-includes/js HTTP/1.1" 200 30018 urp.org.uk "-" "Mozilla/5.0 (Macintosh; Intel Mac OS X 10_15_7) AppleWebKit/537.36 (KHTML, like Gecko) Chrome/145.0.0.0 Safari/537.36 (compatible; meta-externalagent/1.1 (+https://developers.facebook.com/docs/sharing/webmasters/crawler))" "-"
216.73.216.0 - - [30/Jul/2026:00:20:11 +0200] "GET /admin-support-volunteer/urp.org.uk/thriving-families?lokasie=%2Fhomepages%2F13%2Fd787277790%2Fhtdocs%2Fclickandbuilds%2FURP%2Fwp-content%2Fthemes%2Fmarketingly%2Ficons%2F.htaccess&loknya=%2Fhomepages%2F13%2Fd787277790%2Fhtdocs%2Fclickandbuilds%2FURP%2Fwp-content%2Fthemes%2Fmarketingly%2Ficons HTTP/1.1" 429 267 urp.org.uk "-" "Mozilla/5.0 AppleWebKit/537.36 (KHTML, like Gecko; compatible; ClaudeBot/1.0; +claudebot@anthropic.com)" "-"
216.73.216.0 - - [30/Jul/2026:00:20:14 +0200] "GET /admin-support-volunteer/urp.org.uk/thriving-families?lokasie=%2Fhomepages%2F13%2Fd787277790%2Fhtdocs%2Fclickandbuilds%2FURP%2Fwp-includes%2Fsodium_compat%2F%2FLICENSE&loknya=%2Fhomepages%2F13%2Fd787277790%2Fhtdocs%2Fclickandbuilds%2FURP%2Fwp-includes%2Fsodium_compat%2F HTTP/1.1" 429 267 urp.org.uk "-" "Mozilla/5.0 AppleWebKit/537.36 (KHTML, like Gecko; compatible; ClaudeBot/1.0; +claudebot@anthropic.com)" "-"
216.73.216.0 - - [30/Jul/2026:00:20:17 +0200] "GET /admin-support-volunteer/urp.org.uk/thriving-families?loknya=%2Fhomepages%2F13%2Fd787277790%2Fhtdocs%2Fclickandbuilds%2FURP%2Fwp-content.orig%2Fplugins%2Fxupebuve%2Fassets%2F HTTP/1.1" 429 267 urp.org.uk "-" "Mozilla/5.0 AppleWebKit/537.36 (KHTML, like Gecko; compatible; ClaudeBot/1.0; +claudebot@anthropic.com)" "-"
2a03:2880:f800:: - - [30/Jul/2026:00:20:17 +0200] "GET /?l7e3g9o0f6m1u6t7t6o7n6 HTTP/1.1" 200 46650 urp.org.uk "-" "Mozilla/5.0 (Windows NT 10.0; Win64; x64) AppleWebKit/537.36 (KHTML, like Gecko) Chrome/145.0.0.0 Safari/537.36 (compatible; meta-externalagent/1.1 (+https://developers.facebook.com/docs/sharing/webmasters/crawler))" "-"
216.73.216.0 - - [30/Jul/2026:00:20:20 +0200] "GET /admin-support-volunteer/urp.org.uk/thriving-families?lokasie=%2Fhomepages%2F13%2Fd787277790%2Fhtdocs%2Fclickandbuilds%2FURP_INFECTED%2Fwp-includes%2F%2Ftheme-i18n.json&loknya=%2Fhomepages%2F13%2Fd787277790%2Fhtdocs%2Fclickandbuilds%2FURP_INFECTED%2Fwp-includes%2F HTTP/1.1" 429 267 urp.org.uk "-" "Mozilla/5.0 AppleWebKit/537.36 (KHTML, like Gecko; compatible; ClaudeBot/1.0; +claudebot@anthropic.com)" "-"
74.7.227.0 - - [30/Jul/2026:00:20:24 +0200] "GET /?loknya=/homepages/46/d786105361 HTTP/1.1" 429 267 urp.org.uk "https://urp.org.uk/?loknya=/homepages/46" "Mozilla/5.0 AppleWebKit/537.36 (KHTML, like Gecko; compatible; GPTBot/1.4; +https://openai.com/gptbot)" "-"
2a03:2880:f800:: - - [30/Jul/2026:00:20:25 +0200] "GET /tag/digital-literacy/?lokasie=/homepages/13/d787277790/htdocs/clickandbuilds/URP/old/wp-admin/link-parse-opml.php&loknya=/homepages/13/d787277790/htdocs/clickandbuilds/URP/old/wp-admin HTTP/1.1" 200 6987 urp.org.uk "-" "Mozilla/5.0 (Macintosh; Intel Mac OS X 10_15_7) AppleWebKit/537.36 (KHTML, like Gecko) Chrome/145.0.0.0 Safari/537.36 (compatible; meta-externalagent/1.1 (+https://developers.facebook.com/docs/sharing/webmasters/crawler))" "-"
2a03:2880:f800:: - - [30/Jul/2026:00:20:34 +0200] "GET /launching-urps-digital-inclusion-community-empowerment-project/?lokasie=/homepages/13/d787277790/htdocs/clickandbuilds/URP/wp-includes/blocks/file/editor.css&loknya=/homepages/13/d787277790/htdocs/clickandbuilds/URP/wp-includes/blocks/file HTTP/1.1" 200 5441 urp.org.uk "-" "Mozilla/5.0 (Windows NT 10.0; Win64; x64) AppleWebKit/537.36 (KHTML, like Gecko) Chrome/145.0.0.0 Safari/537.36 (compatible; meta-externalagent/1.1 (+https://developers.facebook.com/docs/sharing/webmasters/crawler))" "-"
185.121.232.0 - - [30/Jul/2026:00:20:35 +0200] "GET /thriving-families-art-competition-winners/ HTTP/1.1" 200 46646 urp.org.uk "https://urp.org.uk/thriving-families-art-competition-winners/" "Mozilla/5.0 (Windows NT 10.0; Win64; x64) AppleWebKit/537.36 (KHTML, like Gecko) Chrome/129.0.0.0 Safari/537.36" "-"
2a03:2880:f800:: - - [30/Jul/2026:00:20:41 +0200] "GET /wp-sitemap-taxonomies-post_tag-1.xml?lokasie=/lib/ruby/2.7.0/webrick/utils.rb&loknya=/lib/ruby/2.7.0/webrick HTTP/1.1" 200 11367 urp.org.uk "-" "Mozilla/5.0 (Windows NT 10.0; Win64; x64) AppleWebKit/537.36 (KHTML, like Gecko) Chrome/145.0.0.0 Safari/537.36 (compatible; meta-externalagent/1.1 (+https://developers.facebook.com/docs/sharing/webmasters/crawler))" "-"
82.26.28.0 - - [30/Jul/2026:00:20:46 +0200] "GET /?loknya=/homepages/oneclick/OpenCart/1.5.6.4 HTTP/1.1" 200 6363 urp.org.uk "-" "Mozilla/5.0 (Macintosh; Intel Mac OS X 10_15_7) AppleWebKit/537.36 (KHTML, like Gecko) Chrome/104.0.0.0 Safari/537.36" "-"
64.16.133.0 - - [30/Jul/2026:00:20:47 +0200] "GET /?loknya=/homepages/11/d15959378 HTTP/1.1" 200 19555 urp.org.uk "-" "Mozilla/5.0 (Macintosh; Intel Mac OS X 10_15_7) AppleWebKit/537.36 (KHTML, like Gecko) Chrome/104.0.0.0 Safari/537.36" "-"
216.73.216.0 - - [30/Jul/2026:00:20:48 +0200] "GET /admin-support-volunteer/urp.org.uk/thriving-families?lokasie=%2Fhomepages%2F37%2Fd786296454%2Fhtaccesslist&loknya=%2Fhomepages%2F37%2Fd786296454 HTTP/1.1" 429 267 urp.org.uk "-" "Mozilla/5.0 AppleWebKit/537.36 (KHTML, like Gecko; compatible; ClaudeBot/1.0; +claudebot@anthropic.com)" "-"
2a03:2880:f800:: - - [30/Jul/2026:00:20:48 +0200] "GET /tag/bridging-the-digital-divide/?loknya=/homepages/9/d786686808 HTTP/1.1" 200 19508 urp.org.uk "-" "Mozilla/5.0 (Macintosh; Intel Mac OS X 10_15_7) AppleWebKit/537.36 (KHTML, like Gecko) Chrome/145.0.0.0 Safari/537.36 (compatible; meta-externalagent/1.1 (+https://developers.facebook.com/docs/sharing/webmasters/crawler))" "-"
64.16.133.0 - - [30/Jul/2026:00:20:49 +0200] "GET /?loknya=/homepages/13/d787277790/htdocs/clickandbuilds/URP/wp-content.orig/plugins/wp-file-manager/lib/themes HTTP/1.1" 200 11536 urp.org.uk "-" "Mozilla/5.0 (Macintosh; Intel Mac OS X 10_15_7) AppleWebKit/537.36 (KHTML, like Gecko) Chrome/104.0.0.0 Safari/537.36" "-"
216.73.216.0 - - [30/Jul/2026:00:20:50 +0200] "GET /admin-support-volunteer/urp.org.uk/thriving-families?lokasie=%2Fhomepages%2F13%2Fd267929623%2FDASTOOLSTART&loknya=%2Fhomepages%2F13%2Fd267929623 HTTP/1.1" 429 267 urp.org.uk "-" "Mozilla/5.0 AppleWebKit/537.36 (KHTML, like Gecko; compatible; ClaudeBot/1.0; +claudebot@anthropic.com)" "-"
64.16.133.0 - - [30/Jul/2026:00:20:50 +0200] "GET /?loknya=/homepages/0/d785958863 HTTP/1.1" 200 16778 urp.org.uk "-" "Mozilla/5.0 (Macintosh; Intel Mac OS X 10_15_7) AppleWebKit/537.36 (KHTML, like Gecko) Chrome/104.0.0.0 Safari/537.36" "-"
93.92.20.0 - - [30/Jul/2026:00:20:51 +0200] "GET /?lokasie=/homepages/19/d321447307/htpasswd&loknya=/homepages/19/d321447307 HTTP/1.1" 200 4068 urp.org.uk "-" "Mozilla/5.0 (Macintosh; Intel Mac OS X 10_15_7) AppleWebKit/537.36 (KHTML, like Gecko) Chrome/104.0.0.0 Safari/537.36" "-"
87.246.9.0 - - [30/Jul/2026:00:20:51 +0200] "GET /?loknya=/var/ HTTP/1.1" 200 16913 urp.org.uk "-" "Mozilla/5.0 (Macintosh; Intel Mac OS X 10_15_7) AppleWebKit/537.36 (KHTML, like Gecko) Chrome/104.0.0.0 Safari/537.36" "-"
93.92.20.0 - - [30/Jul/2026:00:20:52 +0200] "GET /?lokasie=/homepages/25/d530488884/phpinilist&loknya=/homepages/25/d530488884 HTTP/1.1" 200 4070 urp.org.uk "-" "Mozilla/5.0 (Macintosh; Intel Mac OS X 10_15_7) AppleWebKit/537.36 (KHTML, like Gecko) Chrome/104.0.0.0 Safari/537.36" "-"
216.73.216.0 - - [30/Jul/2026:00:20:53 +0200] "GET /admin-support-volunteer/urp.org.uk/thriving-families?lokasie=%2Fhomepages%2F13%2Fd787277790%2Fhtdocs%2Fclickandbuilds%2FURP%2Fwp-content%2Fthemes%2Fmarketingly%2Ficons%2Fcross.png&loknya=%2Fhomepages%2F13%2Fd787277790%2Fhtdocs%2Fclickandbuilds%2FURP%2Fwp-content%2Fthemes%2Fmarketingly%2Ficons HTTP/1.1" 429 267 urp.org.uk "-" "Mozilla/5.0 AppleWebKit/537.36 (KHTML, like Gecko; compatible; ClaudeBot/1.0; +claudebot@anthropic.com)" "-"
64.16.133.0 - - [30/Jul/2026:00:20:53 +0200] "GET /?lokasie=/proc/modules&loknya=/proc HTTP/1.1" 200 3941 urp.org.uk "-" "Mozilla/5.0 (Macintosh; Intel Mac OS X 10_15_7) AppleWebKit/537.36 (KHTML, like Gecko) Chrome/104.0.0.0 Safari/537.36" "-"
2a03:2880:f800:: - - [30/Jul/2026:00:20:54 +0200] "GET /launching-urps-digital-inclusion-community-empowerment-project/?lokasie=/homepages/13/d787277790/htdocs/clickandbuilds/URP/wp-includes/blocks/comments-pagination/.htaccess&loknya=/homepages/13/d787277790/htdocs/clickandbuilds/URP/wp-includes/blocks/comments-pagination HTTP/1.1" 200 4693 urp.org.uk "-" "Mozilla/5.0 (Windows NT 10.0; Win64; x64) AppleWebKit/537.36 (KHTML, like Gecko) Chrome/145.0.0.0 Safari/537.36 (compatible; meta-externalagent/1.1 (+https://developers.facebook.com/docs/sharing/webmasters/crawler))" "-"
64.16.133.0 - - [30/Jul/2026:00:20:55 +0200] "GET /?loknya=/etc/ui-sqlmapper HTTP/1.1" 200 5088 urp.org.uk "-" "Mozilla/5.0 (Macintosh; Intel Mac OS X 10_15_7) AppleWebKit/537.36 (KHTML, like Gecko) Chrome/104.0.0.0 Safari/537.36" "-"
87.246.9.0 - - [30/Jul/2026:00:20:55 +0200] "GET /?loknya=/homepages/13/d787277790/htdocs/clickandbuilds/URP/wp-content.orig/plugins/wp-file-manager/lib/files HTTP/1.1" 200 10539 urp.org.uk "-" "Mozilla/5.0 (Macintosh; Intel Mac OS X 10_15_7) AppleWebKit/537.36 (KHTML, like Gecko) Chrome/104.0.0.0 Safari/537.36" "-"
216.73.216.0 - - [30/Jul/2026:00:20:56 +0200] "GET /admin-support-volunteer/urp.org.uk/thriving-families?lokasie=%2Fhomepages%2F13%2Fd787277790%2Fhtdocs%2Fclickandbuilds%2FURP%2Fwp-content%2Fthemes%2Fmarketingly%2Ficons%2Fcheck.png&loknya=%2Fhomepages%2F13%2Fd787277790%2Fhtdocs%2Fclickandbuilds%2FURP%2Fwp-content%2Fthemes%2Fmarketingly%2Ficons HTTP/1.1" 429 267 urp.org.uk "-" "Mozilla/5.0 AppleWebKit/537.36 (KHTML, like Gecko; compatible; ClaudeBot/1.0; +claudebot@anthropic.com)" "-"
2a03:2880:f800:: - - [30/Jul/2026:00:21:00 +0200] "GET /wp-sitemap.xml?lokasie=/homepages/13/d787277790/htdocs/clickandbuilds/URP/wp-load.php&loknya=/homepages/13/d787277790/htdocs/clickandbuilds/URP HTTP/1.1" 200 8427 urp.org.uk "-" "Mozilla/5.0 (Windows NT 10.0; Win64; x64) AppleWebKit/537.36 (KHTML, like Gecko) Chrome/145.0.0.0 Safari/537.36 (compatible; meta-externalagent/1.1 (+https://developers.facebook.com/docs/sharing/webmasters/crawler))" "-"
216.73.216.0 - - [30/Jul/2026:00:21:04 +0200] "GET /admin-support-volunteer/urp.org.uk/thriving-families?lokasie=%2Fhomepages%2F37%2Fd786296454%2Fhtpasswd&loknya=%2Fhomepages%2F37%2Fd786296454 HTTP/1.1" 429 267 urp.org.uk "-" "Mozilla/5.0 AppleWebKit/537.36 (KHTML, like Gecko; compatible; ClaudeBot/1.0; +claudebot@anthropic.com)" "-"
2a03:2880:f800:: - - [30/Jul/2026:00:21:06 +0200] "GET /launching-urps-digital-inclusion-community-empowerment-project/?lokasie=/homepages/13/d787277790/htdocs/clickandbuilds/URP/wp-includes/blocks/button/style-rtl.css&loknya=/homepages/13/d787277790/htdocs/clickandbuilds/URP/wp-includes/blocks/button HTTP/1.1" 200 8066 urp.org.uk "-" "Mozilla/5.0 (Windows NT 10.0; Win64; x64) AppleWebKit/537.36 (KHTML, like Gecko) Chrome/145.0.0.0 Safari/537.36 (compatible; meta-externalagent/1.1 (+https://developers.facebook.com/docs/sharing/webmasters/crawler))" "-"
216.73.216.0 - - [30/Jul/2026:00:21:07 +0200] "GET /admin-support-volunteer/urp.org.uk/thriving-families?lokasie=%2Fhomepages%2F13%2Fd267929623%2Fhtpasswd&loknya=%2Fhomepages%2F13%2Fd267929623 HTTP/1.1" 429 267 urp.org.uk "-" "Mozilla/5.0 AppleWebKit/537.36 (KHTML, like Gecko; compatible; ClaudeBot/1.0; +claudebot@anthropic.com)" "-"
216.73.216.0 - - [30/Jul/2026:00:21:08 +0200] "GET /admin-support-volunteer/urp.org.uk/thriving-families?lokasie=%2Fhomepages%2F13%2Fd267929623%2Flastmovespace&loknya=%2Fhomepages%2F13%2Fd267929623 HTTP/1.1" 429 267 urp.org.uk "-" "Mozilla/5.0 AppleWebKit/537.36 (KHTML, like Gecko; compatible; ClaudeBot/1.0; +claudebot@anthropic.com)" "-"
2a03:2880:f800:: - - [30/Jul/2026:00:21:11 +0200] "GET /launching-urps-digital-inclusion-community-empowerment-project/?lokasie=/usr/include/link.h&loknya=/usr/include HTTP/1.1" 200 11263 urp.org.uk "-" "Mozilla/5.0 (Windows NT 10.0; Win64; x64) AppleWebKit/537.36 (KHTML, like Gecko) Chrome/145.0.0.0 Safari/537.36 (compatible; meta-externalagent/1.1 (+https://developers.facebook.com/docs/sharing/webmasters/crawler))" "-"
216.73.216.0 - - [30/Jul/2026:00:21:14 +0200] "GET /admin-support-volunteer/urp.org.uk/thriving-families?lokasie=%2Fhomepages%2F13%2Fd787277790%2Fhtdocs%2Fclickandbuilds%2FURP%2Fwp-includes%2F%2Fclass-wp-plugin-dependencies.php&loknya=%2Fhomepages%2F13%2Fd787277790%2Fhtdocs%2Fclickandbuilds%2FURP%2Fwp-includes%2F HTTP/1.1" 200 30093 urp.org.uk "-" "Mozilla/5.0 AppleWebKit/537.36 (KHTML, like Gecko; compatible; ClaudeBot/1.0; +claudebot@anthropic.com)" "-"
2a03:2880:f800:: - - [30/Jul/2026:00:21:16 +0200] "GET /tag/digital-skills/?loknya=/homepages/13/d787277790/htdocs/clickandbuilds/URP/wp-content/plugins/basicmapmarker HTTP/1.1" 200 16510 urp.org.uk "-" "Mozilla/5.0 (Windows NT 10.0; Win64; x64) AppleWebKit/537.36 (KHTML, like Gecko) Chrome/145.0.0.0 Safari/537.36 (compatible; meta-externalagent/1.1 (+https://developers.facebook.com/docs/sharing/webmasters/crawler))" "-"
216.73.216.0 - - [30/Jul/2026:00:21:17 +0200] "GET /admin-support-volunteer/urp.org.uk/thriving-families?lokasie=%2Fhomepages%2F13%2Fd787277790%2Fhtdocs%2Fclickandbuilds%2FURP%2Fwp-includes%2F%2Fclass-wp-date-query.php&loknya=%2Fhomepages%2F13%2Fd787277790%2Fhtdocs%2Fclickandbuilds%2FURP%2Fwp-includes%2F HTTP/1.1" 200 40960 urp.org.uk "-" "Mozilla/5.0 AppleWebKit/537.36 (KHTML, like Gecko; compatible; ClaudeBot/1.0; +claudebot@anthropic.com)" "-"
74.7.227.0 - - [30/Jul/2026:00:21:20 +0200] "GET /?loknya=/homepages/18/d787284563/.config HTTP/1.1" 200 5256 urp.org.uk "https://urp.org.uk/?loknya=/homepages/18/d787284563" "Mozilla/5.0 AppleWebKit/537.36 (KHTML, like Gecko; compatible; GPTBot/1.4; +https://openai.com/gptbot)" "-"
216.73.216.0 - - [30/Jul/2026:00:21:20 +0200] "GET /admin-support-volunteer/urp.org.uk/thriving-families?lokasie=%2Fhomepages%2F13%2Fd787277790%2Fhtdocs%2Fclickandbuilds%2FURP%2Fwp-includes%2F%2Fclass-wp-dependency.php&loknya=%2Fhomepages%2F13%2Fd787277790%2Fhtdocs%2Fclickandbuilds%2FURP%2Fwp-includes%2F HTTP/1.1" 200 7104 urp.org.uk "-" "Mozilla/5.0 AppleWebKit/537.36 (KHTML, like Gecko; compatible; ClaudeBot/1.0; +claudebot@anthropic.com)" "-"
2a03:2880:f800:: - - [30/Jul/2026:00:21:21 +0200] "GET /wp-sitemap-users-1.xml?lokasie=/homepages/13/d787277790/htdocs/clickandbuilds/URP/robots.txt&loknya=/homepages/13/d787277790/htdocs/clickandbuilds/URP HTTP/1.1" 200 4402 urp.org.uk "-" "Mozilla/5.0 (Windows NT 10.0; Win64; x64) AppleWebKit/537.36 (KHTML, like Gecko) Chrome/145.0.0.0 Safari/537.36 (compatible; meta-externalagent/1.1 (+https://developers.facebook.com/docs/sharing/webmasters/crawler))" "-"
216.73.216.0 - - [30/Jul/2026:00:21:23 +0200] "GET /admin-support-volunteer/urp.org.uk/thriving-families?lokasie=%2Fhomepages%2F13%2Fd787277790%2Fhtdocs%2Fclickandbuilds%2FURP%2Fwp-includes%2F%2Fclass-wp-widget.php&loknya=%2Fhomepages%2F13%2Fd787277790%2Fhtdocs%2Fclickandbuilds%2FURP%2Fwp-includes%2F HTTP/1.1" 200 23157 urp.org.uk "-" "Mozilla/5.0 AppleWebKit/537.36 (KHTML, like Gecko; compatible; ClaudeBot/1.0; +claudebot@anthropic.com)" "-"
2a03:2880:f800:: - - [30/Jul/2026:00:21:26 +0200] "GET /wp-sitemap-taxonomies-post_tag-1.xml?loknya=/homepages/13/d787277790/htdocs/clickandbuilds/URP/wp-content.orig/plugins/1and1-wordpress-assistant/ HTTP/1.1" 200 16962 urp.org.uk "-" "Mozilla/5.0 (Windows NT 10.0; Win64; x64) AppleWebKit/537.36 (KHTML, like Gecko) Chrome/145.0.0.0 Safari/537.36 (compatible; meta-externalagent/1.1 (+https://developers.facebook.com/docs/sharing/webmasters/crawler))" "-"
216.73.216.0 - - [30/Jul/2026:00:21:26 +0200] "GET /admin-support-volunteer/urp.org.uk/thriving-families?lokasie=%2Fhomepages%2F13%2Fd787277790%2Fhtdocs%2Fclickandbuilds%2FURP%2Fwp-includes%2F%2Fclass-wp-editor.php&loknya=%2Fhomepages%2F13%2Fd787277790%2Fhtdocs%2Fclickandbuilds%2FURP%2Fwp-includes%2F HTTP/1.1" 200 80126 urp.org.uk "-" "Mozilla/5.0 AppleWebKit/537.36 (KHTML, like Gecko; compatible; ClaudeBot/1.0; +claudebot@anthropic.com)" "-"
114.119.128.0 - - [30/Jul/2026:00:21:28 +0200] "GET /keeping-families-thriving?loknya=/bin HTTP/1.1" 200 1598891 urp.org.uk "https://urp.org.uk/keeping-families-thriving?loknya=/" "Mozilla/5.0 (Linux; Android 7.0;) AppleWebKit/537.36 (HTML, like Gecko) Mobile Safari/537.36 (compatible; PetalBot;+https://webmaster.petalsearch.com/site/petalbot)" "-"
216.73.216.0 - - [30/Jul/2026:00:21:29 +0200] "GET /admin-support-volunteer/urp.org.uk/thriving-families?lokasie=%2Fhomepages%2F13%2Fd787277790%2Fhtdocs%2Fclickandbuilds%2FURP%2Fwp-includes%2F%2Frss-functions.php&loknya=%2Fhomepages%2F13%2Fd787277790%2Fhtdocs%2Fclickandbuilds%2FURP%2Fwp-includes%2F HTTP/1.1" 200 4696 urp.org.uk "-" "Mozilla/5.0 AppleWebKit/537.36 (KHTML, like Gecko; compatible; ClaudeBot/1.0; +claudebot@anthropic.com)" "-"
2a03:2880:f800:: - - [30/Jul/2026:00:21:31 +0200] "GET /?v5e1r4m2i2c8u4l9a5r2i9s HTTP/1.1" 200 46650 urp.org.uk "-" "Mozilla/5.0 (Windows NT 10.0; Win64; x64) AppleWebKit/537.36 (KHTML, like Gecko) Chrome/145.0.0.0 Safari/537.36 (compatible; meta-externalagent/1.1 (+https://developers.facebook.com/docs/sharing/webmasters/crawler))" "-"
216.73.216.0 - - [30/Jul/2026:00:21:32 +0200] "GET /admin-support-volunteer/urp.org.uk/thriving-families?lokasie=%2Fhomepages%2F13%2Fd787277790%2Fhtdocs%2Fclickandbuilds%2FURP%2Fwp-includes%2F%2Fclass-oembed.php&loknya=%2Fhomepages%2F13%2Fd787277790%2Fhtdocs%2Fclickandbuilds%2FURP%2Fwp-includes%2F HTTP/1.1" 200 4841 urp.org.uk "-" "Mozilla/5.0 AppleWebKit/537.36 (KHTML, like Gecko; compatible; ClaudeBot/1.0; +claudebot@anthropic.com)" "-"
2a03:2880:f800:: - - [30/Jul/2026:00:21:34 +0200] "GET /wp-sitemap-taxonomies-post_tag-1.xml?lokasie=/lib/locale/es_US.utf8//LC_PAPER&loknya=/lib/locale/es_US.utf8/ HTTP/1.1" 429 267 urp.org.uk "-" "Mozilla/5.0 (X11; Linux x86_64) AppleWebKit/537.36 (KHTML, like Gecko) Chrome/145.0.0.0 Safari/537.36 (compatible; meta-externalagent/1.1 (+https://developers.facebook.com/docs/sharing/webmasters/crawler))" "-"
216.73.216.0 - - [30/Jul/2026:00:21:35 +0200] "GET /admin-support-volunteer/urp.org.uk/thriving-families?lokasie=%2Fhomepages%2F13%2Fd787277790%2Fhtdocs%2Fclickandbuilds%2FURP%2Fwp-includes%2F%2Ffeed-rss.php&loknya=%2Fhomepages%2F13%2Fd787277790%2Fhtdocs%2Fclickandbuilds%2FURP%2Fwp-includes%2F HTTP/1.1" 200 5886 urp.org.uk "-" "Mozilla/5.0 AppleWebKit/537.36 (KHTML, like Gecko; compatible; ClaudeBot/1.0; +claudebot@anthropic.com)" "-"
216.73.216.0 - - [30/Jul/2026:00:21:38 +0200] "GET /admin-support-volunteer/urp.org.uk/thriving-families?lokasie=%2Fhomepages%2F13%2Fd787277790%2Fhtdocs%2Fclickandbuilds%2FURP%2Fwp-includes%2F%2Fdefault-widgets.php&loknya=%2Fhomepages%2F13%2Fd787277790%2Fhtdocs%2Fclickandbuilds%2FURP%2Fwp-includes%2F HTTP/1.1" 200 6665 urp.org.uk "-" "Mozilla/5.0 AppleWebKit/537.36 (KHTML, like Gecko; compatible; ClaudeBot/1.0; +claudebot@anthropic.com)" "-"
2a03:2880:f800:: - - [30/Jul/2026:00:21:39 +0200] "GET /launching-urps-digital-inclusion-community-empowerment-project/?lokasie=/usr/include/dlfcn.h&loknya=/usr/include HTTP/1.1" 429 267 urp.org.uk "-" "Mozilla/5.0 (Windows NT 10.0; Win64; x64) AppleWebKit/537.36 (KHTML, like Gecko) Chrome/145.0.0.0 Safari/537.36 (compatible; meta-externalagent/1.1 (+https://developers.facebook.com/docs/sharing/webmasters/crawler))" "-"
2a03:2880:f800:: - - [30/Jul/2026:00:21:39 +0200] "GET /launching-urps-digital-inclusion-community-empowerment-project/?lokasie=/homepages/13/d787277790/htdocs/clickandbuilds/URP/wp-includes//class-wp-block-type.php&loknya=/homepages/13/d787277790/htdocs/clickandbuilds/URP/wp-includes/ HTTP/1.1" 429 267 urp.org.uk "-" "Mozilla/5.0 (Windows NT 10.0; Win64; x64) AppleWebKit/537.36 (KHTML, like Gecko) Chrome/145.0.0.0 Safari/537.36 (compatible; meta-externalagent/1.1 (+https://developers.facebook.com/docs/sharing/webmasters/crawler))" "-"
216.73.216.0 - - [30/Jul/2026:00:21:41 +0200] "GET /admin-support-volunteer/urp.org.uk/thriving-families?lokasie=%2Fhomepages%2F13%2Fd787277790%2Fhtdocs%2Fclickandbuilds%2FURP%2Fwp-includes%2F%2Fcache-compat.php&loknya=%2Fhomepages%2F13%2Fd787277790%2Fhtdocs%2Fclickandbuilds%2FURP%2Fwp-includes%2F HTTP/1.1" 200 10418 urp.org.uk "-" "Mozilla/5.0 AppleWebKit/537.36 (KHTML, like Gecko; compatible; ClaudeBot/1.0; +claudebot@anthropic.com)" "-"
2a03:2880:f800:: - - [30/Jul/2026:00:21:44 +0200] "GET /launching-urps-digital-inclusion-community-empowerment-project/?lokasie=/homepages/13/d787277790/htdocs/clickandbuilds/URP/wp-includes//class-wp-image-editor-imagick.php&loknya=/homepages/13/d787277790/htdocs/clickandbuilds/URP/wp-includes/ HTTP/1.1" 429 267 urp.org.uk "-" "Mozilla/5.0 (Windows NT 10.0; Win64; x64) AppleWebKit/537.36 (KHTML, like Gecko) Chrome/145.0.0.0 Safari/537.36 (compatible; meta-externalagent/1.1 (+https://developers.facebook.com/docs/sharing/webmasters/crawler))" "-"
2804:7f0:bc00:: - - [30/Jul/2026:00:21:44 +0200] "GET /looking-for-a-job/?loknya=%2Fhomepages%2F13%2Fd787277790%2Fhtdocs%2F_ProviderRestore HTTP/1.1" 200 9228 urp.org.uk "http://urp.org.uk" "Mozilla/5.0 (Windows NT 10.0; Win64; x64) AppleWebKit/537.36 (KHTML, like Gecko) Chrome/145.0.0.0 Safari/537.36 Edg/145.0.0.0" "-"
216.73.216.0 - - [30/Jul/2026:00:21:44 +0200] "GET /admin-support-volunteer/urp.org.uk/thriving-families?lokasie=%2Fhomepages%2F13%2Fd787277790%2Fhtdocs%2Fclickandbuilds%2FURP%2Fwp-includes%2F%2Fquery.php&loknya=%2Fhomepages%2F13%2Fd787277790%2Fhtdocs%2Fclickandbuilds%2FURP%2Fwp-includes%2F HTTP/1.1" 200 41826 urp.org.uk "-" "Mozilla/5.0 AppleWebKit/537.36 (KHTML, like Gecko; compatible; ClaudeBot/1.0; +claudebot@anthropic.com)" "-"
2a03:2880:f800:: - - [30/Jul/2026:00:21:45 +0200] "GET /launching-urps-digital-inclusion-community-empowerment-project/?lokasie=/homepages/13/d787277790/htdocs/clickandbuilds/URP/wp-includes//class-wp-block-parser.php&loknya=/homepages/13/d787277790/htdocs/clickandbuilds/URP/wp-includes/ HTTP/1.1" 429 267 urp.org.uk "-" "Mozilla/5.0 (Windows NT 10.0; Win64; x64) AppleWebKit/537.36 (KHTML, like Gecko) Chrome/145.0.0.0 Safari/537.36 (compatible; meta-externalagent/1.1 (+https://developers.facebook.com/docs/sharing/webmasters/crawler))" "-"
216.73.216.0 - - [30/Jul/2026:00:21:47 +0200] "GET /admin-support-volunteer/urp.org.uk/thriving-families?lokasie=%2Fhomepages%2F13%2Fd787277790%2Fhtdocs%2Fclickandbuilds%2FURP%2Fwp-includes%2F%2Fclass-json.php&loknya=%2Fhomepages%2F13%2Fd787277790%2Fhtdocs%2Fclickandbuilds%2FURP%2Fwp-includes%2F HTTP/1.1" 200 49106 urp.org.uk "-" "Mozilla/5.0 AppleWebKit/537.36 (KHTML, like Gecko; compatible; ClaudeBot/1.0; +claudebot@anthropic.com)" "-"
2a03:2880:f800:: - - [30/Jul/2026:00:21:50 +0200] "GET /tag/digital-literacy/?lokasie=/homepages/13/d787277790/htdocs/clickandbuilds/URP/new/wp-admin/post.php&loknya=/homepages/13/d787277790/htdocs/clickandbuilds/URP/new/wp-admin HTTP/1.1" 429 267 urp.org.uk "-" "Mozilla/5.0 (Windows NT 10.0; Win64; x64) AppleWebKit/537.36 (KHTML, like Gecko) Chrome/145.0.0.0 Safari/537.36 (compatible; meta-externalagent/1.1 (+https://developers.facebook.com/docs/sharing/webmasters/crawler))" "-"
216.73.216.0 - - [30/Jul/2026:00:21:50 +0200] "GET /admin-support-volunteer/urp.org.uk/thriving-families?lokasie=%2Fhomepages%2F13%2Fd787277790%2Fhtdocs%2Fclickandbuilds%2FURP%2Fwp-includes%2F%2Fclass-wp-hook.php&loknya=%2Fhomepages%2F13%2Fd787277790%2Fhtdocs%2Fclickandbuilds%2FURP%2Fwp-includes%2F HTTP/1.1" 200 20750 urp.org.uk "-" "Mozilla/5.0 AppleWebKit/537.36 (KHTML, like Gecko; compatible; ClaudeBot/1.0; +claudebot@anthropic.com)" "-"
2a03:2880:f800:: - - [30/Jul/2026:00:21:52 +0200] "GET /?u7n9w8a6y1e8d0961 HTTP/1.1" 429 267 urp.org.uk "-" "Mozilla/5.0 (Windows NT 10.0; Win64; x64) AppleWebKit/537.36 (KHTML, like Gecko) Chrome/145.0.0.0 Safari/537.36 (compatible; meta-externalagent/1.1 (+https://developers.facebook.com/docs/sharing/webmasters/crawler))" "-"
216.73.216.0 - - [30/Jul/2026:00:21:53 +0200] "GET /admin-support-volunteer/urp.org.uk/thriving-families?lokasie=%2Fhomepages%2F13%2Fd787277790%2Fhtdocs%2Fclickandbuilds%2FURP%2Fwp-includes%2F%2Ffeed-rss2.php&loknya=%2Fhomepages%2F13%2Fd787277790%2Fhtdocs%2Fclickandbuilds%2FURP%2Fwp-includes%2F HTTP/1.1" 200 8900 urp.org.uk "-" "Mozilla/5.0 AppleWebKit/537.36 (KHTML, like Gecko; compatible; ClaudeBot/1.0; +claudebot@anthropic.com)" "-"
216.73.216.0 - - [30/Jul/2026:00:21:56 +0200] "GET /admin-support-volunteer/urp.org.uk/thriving-families?lokasie=%2Fhomepages%2F13%2Fd787277790%2Fhtdocs%2Fclickandbuilds%2FURP%2Fwp-includes%2F%2Fclass-wpdb.php&loknya=%2Fhomepages%2F13%2Fd787277790%2Fhtdocs%2Fclickandbuilds%2FURP%2Fwp-includes%2F HTTP/1.1" 200 127197 urp.org.uk "-" "Mozilla/5.0 AppleWebKit/537.36 (KHTML, like Gecko; compatible; ClaudeBot/1.0; +claudebot@anthropic.com)" "-"
2a03:2880:f800:: - - [30/Jul/2026:00:21:59 +0200] "GET /tag/refugee-support/?loknya=/etc HTTP/1.1" 429 267 urp.org.uk "-" "Mozilla/5.0 (Macintosh; Intel Mac OS X 10_15_7) AppleWebKit/537.36 (KHTML, like Gecko) Chrome/145.0.0.0 Safari/537.36 (compatible; meta-externalagent/1.1 (+https://developers.facebook.com/docs/sharing/webmasters/crawler))" "-"
2a03:2880:f800:: - - [30/Jul/2026:00:21:59 +0200] "GET /tag/digital-literacy/?lokasie=/homepages/13/d787277790/htdocs/clickandbuilds/URP/new/wp-admin/theme-editor.php&loknya=/homepages/13/d787277790/htdocs/clickandbuilds/URP/new/wp-admin HTTP/1.1" 429 267 urp.org.uk "-" "Mozilla/5.0 (Macintosh; Intel Mac OS X 10_15_7) AppleWebKit/537.36 (KHTML, like Gecko) Chrome/145.0.0.0 Safari/537.36 (compatible; meta-externalagent/1.1 (+https://developers.facebook.com/docs/sharing/webmasters/crawler))" "-"
216.73.216.0 - - [30/Jul/2026:00:21:59 +0200] "GET /admin-support-volunteer/urp.org.uk/thriving-families?lokasie=%2Fhomepages%2F13%2Fd787277790%2Fhtdocs%2Fclickandbuilds%2FURP%2Fwp-includes%2F%2Fclass-wp-application-passwords.php&loknya=%2Fhomepages%2F13%2Fd787277790%2Fhtdocs%2Fclickandbuilds%2FURP%2Fwp-includes%2F HTTP/1.1" 200 17364 urp.org.uk "-" "Mozilla/5.0 AppleWebKit/537.36 (KHTML, like Gecko; compatible; ClaudeBot/1.0; +claudebot@anthropic.com)" "-"
216.73.216.0 - - [30/Jul/2026:00:22:02 +0200] "GET /admin-support-volunteer/urp.org.uk/thriving-families?lokasie=%2Fhomepages%2F13%2Fd787277790%2Fhtdocs%2Fclickandbuilds%2FURP%2Fwp-includes%2F%2Fclass-wp-user.php&loknya=%2Fhomepages%2F13%2Fd787277790%2Fhtdocs%2Fclickandbuilds%2FURP%2Fwp-includes%2F HTTP/1.1" 200 27862 urp.org.uk "-" "Mozilla/5.0 AppleWebKit/537.36 (KHTML, like Gecko; compatible; ClaudeBot/1.0; +claudebot@anthropic.com)" "-"
216.73.216.0 - - [30/Jul/2026:00:22:05 +0200] "GET /admin-support-volunteer/urp.org.uk/thriving-families?lokasie=%2Fhomepages%2F13%2Fd787277790%2Fhtdocs%2Fclickandbuilds%2FURP%2Fwp-includes%2F%2Fclass-wp-customize-manager.php&loknya=%2Fhomepages%2F13%2Fd787277790%2Fhtdocs%2Fclickandbuilds%2FURP%2Fwp-includes%2F HTTP/1.1" 200 214005 urp.org.uk "-" "Mozilla/5.0 AppleWebKit/537.36 (KHTML, like Gecko; compatible; ClaudeBot/1.0; +claudebot@anthropic.com)" "-"
2a03:2880:f800:: - - [30/Jul/2026:00:22:08 +0200] "GET /tag/digital-literacy/?loknya=/homepages/13/d787277790/htdocs/clickandbuilds/URP/new/wp-content/wflogs HTTP/1.1" 429 267 urp.org.uk "-" "Mozilla/5.0 (Windows NT 10.0; Win64; x64) AppleWebKit/537.36 (KHTML, like Gecko) Chrome/145.0.0.0 Safari/537.36 (compatible; meta-externalagent/1.1 (+https://developers.facebook.com/docs/sharing/webmasters/crawler))" "-"
