2a03:2880:f800:: - - [30/Jul/2026:02:02:33 +0200] "GET /?m7y6r0i1s0t5i9c3a65 HTTP/1.1" 429 267 urp.org.uk "-" "Mozilla/5.0 (Windows NT 10.0; Win64; x64) AppleWebKit/537.36 (KHTML, like Gecko) Chrome/145.0.0.0 Safari/537.36 (compatible; meta-externalagent/1.1 (+https://developers.facebook.com/docs/sharing/webmasters/crawler))" "-"
216.73.216.0 - - [30/Jul/2026:02:02:35 +0200] "GET /admin-support-volunteer/urp.org.uk/thriving-families?lokasie=%2Fhomepages%2F13%2Fd787277790%2Fhtdocs%2Fclickandbuilds%2FURP%2Fwp-content%2Fthemes%2Ftwentynineteen%2F%2F%2Findex.php&loknya=%2Fhomepages%2F13%2Fd787277790%2Fhtdocs%2Fclickandbuilds%2FURP%2Fwp-content%2Fthemes%2Ftwentynineteen%2F%2F HTTP/1.1" 200 5877 urp.org.uk "-" "Mozilla/5.0 AppleWebKit/537.36 (KHTML, like Gecko; compatible; ClaudeBot/1.0; +claudebot@anthropic.com)" "-"
2a03:2880:f800:: - - [30/Jul/2026:02:02:38 +0200] "GET /tag/community-empowerment/?lokasie=/homepages/13/d787277790/htdocs/clickandbuilds/URP/wp-admin/themes.php&loknya=/homepages/13/d787277790/htdocs/clickandbuilds/URP/wp-admin HTTP/1.1" 429 267 urp.org.uk "-" "Mozilla/5.0 (Windows NT 10.0; Win64; x64) AppleWebKit/537.36 (KHTML, like Gecko) Chrome/145.0.0.0 Safari/537.36 (compatible; meta-externalagent/1.1 (+https://developers.facebook.com/docs/sharing/webmasters/crawler))" "-"
216.73.216.0 - - [30/Jul/2026:02:02:38 +0200] "GET /admin-support-volunteer/urp.org.uk/thriving-families?lokasie=%2Fhomepages%2F13%2Fd787277790%2Fhtdocs%2Fclickandbuilds%2FURP%2Fwp-content%2Fthemes%2Ftwentynineteen%2F%2F%2Fsingle.php&loknya=%2Fhomepages%2F13%2Fd787277790%2Fhtdocs%2Fclickandbuilds%2FURP%2Fwp-content%2Fthemes%2Ftwentynineteen%2F%2F HTTP/1.1" 200 6823 urp.org.uk "-" "Mozilla/5.0 AppleWebKit/537.36 (KHTML, like Gecko; compatible; ClaudeBot/1.0; +claudebot@anthropic.com)" "-"
2a03:2880:f800:: - - [30/Jul/2026:02:02:38 +0200] "GET /?d7e3e3p6r4e0a8d9999 HTTP/1.1" 429 267 urp.org.uk "-" "Mozilla/5.0 (Windows NT 10.0; Win64; x64) AppleWebKit/537.36 (KHTML, like Gecko) Chrome/145.0.0.0 Safari/537.36 (compatible; meta-externalagent/1.1 (+https://developers.facebook.com/docs/sharing/webmasters/crawler))" "-"
176.119.105.0 - - [30/Jul/2026:02:02:41 +0200] "GET /our-team/?lokasie=%2Fbin%2Fgcov&loknya=%2Fbin HTTP/1.1" 200 3938 urp.org.uk "https://urp.org.uk" "Mozilla/5.0 (Windows NT 10.0; Win64; x64) AppleWebKit/537.36 (KHTML, like Gecko) Chrome/142.0.0.0 Safari/537.36" "-"
216.73.216.0 - - [30/Jul/2026:02:02:41 +0200] "GET /admin-support-volunteer/urp.org.uk/thriving-families?lokasie=%2Fhomepages%2F13%2Fd787277790%2Fhtdocs%2Fclickandbuilds%2FURP%2Fwp-content%2Fthemes%2Ftwentynineteen%2F%2F%2Fcomments.php&loknya=%2Fhomepages%2F13%2Fd787277790%2Fhtdocs%2Fclickandbuilds%2FURP%2Fwp-content%2Fthemes%2Ftwentynineteen%2F%2F HTTP/1.1" 200 9297 urp.org.uk "-" "Mozilla/5.0 AppleWebKit/537.36 (KHTML, like Gecko; compatible; ClaudeBot/1.0; +claudebot@anthropic.com)" "-"
2a03:2880:f800:: - - [30/Jul/2026:02:02:43 +0200] "GET /?p5l1a0s8m2a5t0i2o2n37 HTTP/1.1" 429 267 urp.org.uk "-" "Mozilla/5.0 (Windows NT 10.0; Win64; x64) AppleWebKit/537.36 (KHTML, like Gecko) Chrome/145.0.0.0 Safari/537.36 (compatible; meta-externalagent/1.1 (+https://developers.facebook.com/docs/sharing/webmasters/crawler))" "-"
2a03:2880:f800:: - - [30/Jul/2026:02:02:44 +0200] "GET /category/new-project/?lokasie=/homepages/6/d787253437/htaccesslist&loknya=/homepages/6/d787253437 HTTP/1.1" 429 267 urp.org.uk "-" "Mozilla/5.0 (Windows NT 10.0; Win64; x64) AppleWebKit/537.36 (KHTML, like Gecko) Chrome/145.0.0.0 Safari/537.36 (compatible; meta-externalagent/1.1 (+https://developers.facebook.com/docs/sharing/webmasters/crawler))" "-"
216.73.216.0 - - [30/Jul/2026:02:02:46 +0200] "GET /admin-support-volunteer/urp.org.uk/thriving-families?lokasie=%2Fhomepages%2F13%2Fd787277790%2Fhtdocs%2Fclickandbuilds%2FURP%2Fwp-content%2Fthemes%2Ftwentynineteen%2F%2F%2Farchive.php&loknya=%2Fhomepages%2F13%2Fd787277790%2Fhtdocs%2Fclickandbuilds%2FURP%2Fwp-content%2Fthemes%2Ftwentynineteen%2F%2F HTTP/1.1" 200 6117 urp.org.uk "-" "Mozilla/5.0 AppleWebKit/537.36 (KHTML, like Gecko; compatible; ClaudeBot/1.0; +claudebot@anthropic.com)" "-"
2a03:2880:f800:: - - [30/Jul/2026:02:02:49 +0200] "GET /tag/digital-literacy/?lokasie=/homepages/13/d787277790/htdocs/clickandbuilds/URP/wp-admin/css/common-rtl.min.css&loknya=/homepages/13/d787277790/htdocs/clickandbuilds/URP/wp-admin/css HTTP/1.1" 429 267 urp.org.uk "-" "Mozilla/5.0 (Macintosh; Intel Mac OS X 10_15_7) AppleWebKit/537.36 (KHTML, like Gecko) Chrome/145.0.0.0 Safari/537.36 (compatible; meta-externalagent/1.1 (+https://developers.facebook.com/docs/sharing/webmasters/crawler))" "-"
216.73.216.0 - - [30/Jul/2026:02:02:49 +0200] "GET /admin-support-volunteer/urp.org.uk/thriving-families?loknya=%2Fhomepages%2F13%2Fd787277790%2Fhtdocs%2Fclickandbuilds%2FURP%2Fwp-content%2Fthemes%2Ftwentynineteen%2F%2Ffonts HTTP/1.1" 200 11116 urp.org.uk "-" "Mozilla/5.0 AppleWebKit/537.36 (KHTML, like Gecko; compatible; ClaudeBot/1.0; +claudebot@anthropic.com)" "-"
2a03:2880:f800:: - - [30/Jul/2026:02:02:50 +0200] "GET /tag/digital-skills/?lokasie=/bin/mysql_waitpid&loknya=/bin HTTP/1.1" 429 267 urp.org.uk "-" "Mozilla/5.0 (X11; Linux x86_64) AppleWebKit/537.36 (KHTML, like Gecko) Chrome/145.0.0.0 Safari/537.36 (compatible; meta-externalagent/1.1 (+https://developers.facebook.com/docs/sharing/webmasters/crawler))" "-"
216.73.216.0 - - [30/Jul/2026:02:02:52 +0200] "GET /admin-support-volunteer/urp.org.uk/thriving-families?loknya=%2Fhomepages%2F13%2Fd787277790%2Fhtdocs%2Fclickandbuilds%2FURP%2Fwp-content%2Fthemes%2Ftwentynineteen%2F%2Finc HTTP/1.1" 200 18886 urp.org.uk "-" "Mozilla/5.0 AppleWebKit/537.36 (KHTML, like Gecko; compatible; ClaudeBot/1.0; +claudebot@anthropic.com)" "-"
216.73.216.0 - - [30/Jul/2026:02:02:55 +0200] "GET /admin-support-volunteer/urp.org.uk/thriving-families?lokasie=%2Fhomepages%2F13%2Fd787277790%2Fhtdocs%2Fclickandbuilds%2FURP%2Fwp-content%2Fthemes%2Ftwentynineteen%2F%2F%2F404.php&loknya=%2Fhomepages%2F13%2Fd787277790%2Fhtdocs%2Fclickandbuilds%2FURP%2Fwp-content%2Fthemes%2Ftwentynineteen%2F%2F HTTP/1.1" 200 5765 urp.org.uk "-" "Mozilla/5.0 AppleWebKit/537.36 (KHTML, like Gecko; compatible; ClaudeBot/1.0; +claudebot@anthropic.com)" "-"
2a03:2880:f800:: - - [30/Jul/2026:02:02:57 +0200] "GET /?s5h3e7e9l1i5n1g4984 HTTP/1.1" 429 267 urp.org.uk "-" "Mozilla/5.0 (Windows NT 10.0; Win64; x64) AppleWebKit/537.36 (KHTML, like Gecko) Chrome/145.0.0.0 Safari/537.36 (compatible; meta-externalagent/1.1 (+https://developers.facebook.com/docs/sharing/webmasters/crawler))" "-"
2a03:2880:f800:: - - [30/Jul/2026:02:02:57 +0200] "GET /tag/digital-skills/?lokasie=/bin/ischroot&loknya=/bin HTTP/1.1" 429 267 urp.org.uk "-" "Mozilla/5.0 (Macintosh; Intel Mac OS X 10_15_7) AppleWebKit/537.36 (KHTML, like Gecko) Chrome/145.0.0.0 Safari/537.36 (compatible; meta-externalagent/1.1 (+https://developers.facebook.com/docs/sharing/webmasters/crawler))" "-"
216.73.216.0 - - [30/Jul/2026:02:03:01 +0200] "GET /admin-support-volunteer/urp.org.uk/thriving-families?lokasie=%2Fhomepages%2F13%2Fd787277790%2Fhtdocs%2Fclickandbuilds%2FURP%2Fwp-content%2Fthemes%2Ftwentynineteen%2F%2F%2Fpackage.json&loknya=%2Fhomepages%2F13%2Fd787277790%2Fhtdocs%2Fclickandbuilds%2FURP%2Fwp-content%2Fthemes%2Ftwentynineteen%2F%2F HTTP/1.1" 200 6825 urp.org.uk "-" "Mozilla/5.0 AppleWebKit/537.36 (KHTML, like Gecko; compatible; ClaudeBot/1.0; +claudebot@anthropic.com)" "-"
216.73.216.0 - - [30/Jul/2026:02:03:04 +0200] "GET /admin-support-volunteer/urp.org.uk/thriving-families?lokasie=%2Fhomepages%2F13%2Fd787277790%2Fhtdocs%2Fclickandbuilds%2FURP%2Fwp-content%2Fthemes%2Ftwentynineteen%2F%2F%2Fstyle-rtl.css&loknya=%2Fhomepages%2F13%2Fd787277790%2Fhtdocs%2Fclickandbuilds%2FURP%2Fwp-content%2Fthemes%2Ftwentynineteen%2F%2F HTTP/1.1" 200 228898 urp.org.uk "-" "Mozilla/5.0 AppleWebKit/537.36 (KHTML, like Gecko; compatible; ClaudeBot/1.0; +claudebot@anthropic.com)" "-"
2a03:2880:f800:: - - [30/Jul/2026:02:03:06 +0200] "GET /tag/digital-skills/?lokasie=/bin/basename&loknya=/bin HTTP/1.1" 429 267 urp.org.uk "-" "Mozilla/5.0 (Macintosh; Intel Mac OS X 10_15_7) AppleWebKit/537.36 (KHTML, like Gecko) Chrome/145.0.0.0 Safari/537.36 (compatible; meta-externalagent/1.1 (+https://developers.facebook.com/docs/sharing/webmasters/crawler))" "-"
216.73.216.0 - - [30/Jul/2026:02:03:07 +0200] "GET /admin-support-volunteer/urp.org.uk/thriving-families?lokasie=%2Fhomepages%2F13%2Fd787277790%2Fhtdocs%2Fclickandbuilds%2FURP%2Fwp-content%2Fthemes%2Ftwentynineteen%2F%2F%2Fstyle.css&loknya=%2Fhomepages%2F13%2Fd787277790%2Fhtdocs%2Fclickandbuilds%2FURP%2Fwp-content%2Fthemes%2Ftwentynineteen%2F%2F HTTP/1.1" 200 229104 urp.org.uk "-" "Mozilla/5.0 AppleWebKit/537.36 (KHTML, like Gecko; compatible; ClaudeBot/1.0; +claudebot@anthropic.com)" "-"
2a03:2880:f800:: - - [30/Jul/2026:02:03:08 +0200] "GET /category/new-project/?lokasie=/homepages/38/d787286416/distributor.lock&loknya=/homepages/38/d787286416 HTTP/1.1" 429 267 urp.org.uk "-" "Mozilla/5.0 (Windows NT 10.0; Win64; x64) AppleWebKit/537.36 (KHTML, like Gecko) Chrome/145.0.0.0 Safari/537.36 (compatible; meta-externalagent/1.1 (+https://developers.facebook.com/docs/sharing/webmasters/crawler))" "-"
216.73.216.0 - - [30/Jul/2026:02:03:08 +0200] "GET /robots.txt HTTP/1.1" 200 75 urp.org.uk "-" "Mozilla/5.0 AppleWebKit/537.36 (KHTML, like Gecko; compatible; ClaudeBot/1.0; +claudebot@anthropic.com)" "-"
216.73.216.0 - - [30/Jul/2026:02:03:10 +0200] "GET /admin-support-volunteer/urp.org.uk/thriving-families?lokasie=%2Fhomepages%2F13%2Fd787277790%2Fhtdocs%2Fclickandbuilds%2FURP%2Fwp-content%2Fthemes%2Ftwentynineteen%2F%2F%2Fsearch.php&loknya=%2Fhomepages%2F13%2Fd787277790%2Fhtdocs%2Fclickandbuilds%2FURP%2Fwp-content%2Fthemes%2Ftwentynineteen%2F%2F HTTP/1.1" 429 267 urp.org.uk "-" "Mozilla/5.0 AppleWebKit/537.36 (KHTML, like Gecko; compatible; ClaudeBot/1.0; +claudebot@anthropic.com)" "-"
74.7.227.0 - - [30/Jul/2026:02:03:14 +0200] "GET /?loknya=/usr/lib/ruby/2.7.0/bundler/plugin/ HTTP/1.1" 429 267 urp.org.uk "https://urp.org.uk/?loknya=/usr/lib/ruby/2.7.0/bundler/plugin/installer" "Mozilla/5.0 AppleWebKit/537.36 (KHTML, like Gecko; compatible; GPTBot/1.4; +https://openai.com/gptbot)" "-"
216.73.216.0 - - [30/Jul/2026:02:03:16 +0200] "GET /admin-support-volunteer/urp.org.uk/thriving-families?lokasie=%2Fhomepages%2F13%2Fd787277790%2Fhtdocs%2Fclickandbuilds%2FURP%2Fwp-content%2Fthemes%2Ftwentynineteen%2F%2F%2Fprint.css&loknya=%2Fhomepages%2F13%2Fd787277790%2Fhtdocs%2Fclickandbuilds%2FURP%2Fwp-content%2Fthemes%2Ftwentynineteen%2F%2F HTTP/1.1" 429 267 urp.org.uk "-" "Mozilla/5.0 AppleWebKit/537.36 (KHTML, like Gecko; compatible; ClaudeBot/1.0; +claudebot@anthropic.com)" "-"
2a03:2880:f800:: - - [30/Jul/2026:02:03:18 +0200] "GET /?p5h4o0t2o9v0i4s5u4a3l7 HTTP/1.1" 429 267 urp.org.uk "-" "Mozilla/5.0 (Windows NT 10.0; Win64; x64) AppleWebKit/537.36 (KHTML, like Gecko) Chrome/145.0.0.0 Safari/537.36 Edg/145.0.0.0 (compatible; meta-externalagent/1.1 (+https://developers.facebook.com/docs/sharing/webmasters/crawler))" "-"
216.73.216.0 - - [30/Jul/2026:02:03:19 +0200] "GET /admin-support-volunteer/urp.org.uk/thriving-families?lokasie=%2Fhomepages%2F13%2Fd787277790%2Fhtdocs%2Fclickandbuilds%2FURP%2Fwp-content%2Fthemes%2Ftwentynineteen%2F%2F%2F.htaccess&loknya=%2Fhomepages%2F13%2Fd787277790%2Fhtdocs%2Fclickandbuilds%2FURP%2Fwp-content%2Fthemes%2Ftwentynineteen%2F%2F HTTP/1.1" 429 267 urp.org.uk "-" "Mozilla/5.0 AppleWebKit/537.36 (KHTML, like Gecko; compatible; ClaudeBot/1.0; +claudebot@anthropic.com)" "-"
2a03:2880:f800:: - - [30/Jul/2026:02:03:20 +0200] "GET /launching-urps-digital-inclusion-community-empowerment-project/?lokasie=/homepages/13/d787277790/htdocs/clickandbuilds/URP/wp-includes/rest-api/endpoints/class-wp-rest-autosaves-controller.php&loknya=/homepages/13/d787277790/htdocs/clickandbuilds/URP/wp-includes/rest-api/endpoints HTTP/1.1" 429 267 urp.org.uk "-" "Mozilla/5.0 (Windows NT 10.0; Win64; x64) AppleWebKit/537.36 (KHTML, like Gecko) Chrome/145.0.0.0 Safari/537.36 (compatible; meta-externalagent/1.1 (+https://developers.facebook.com/docs/sharing/webmasters/crawler))" "-"
216.73.216.0 - - [30/Jul/2026:02:03:22 +0200] "GET /admin-support-volunteer/urp.org.uk/thriving-families?loknya=%2Fhomepages%2F13%2Fd787277790%2Fhtdocs%2Fclickandbuilds%2FURP%2Fwp-content%2Fthemes%2Ftwentynineteen%2F%2Ftwentynineteen HTTP/1.1" 429 267 urp.org.uk "-" "Mozilla/5.0 AppleWebKit/537.36 (KHTML, like Gecko; compatible; ClaudeBot/1.0; +claudebot@anthropic.com)" "-"
216.73.216.0 - - [30/Jul/2026:02:03:25 +0200] "GET /admin-support-volunteer/urp.org.uk/thriving-families?lokasie=%2Fhomepages%2F13%2Fd787277790%2Fhtdocs%2Fclickandbuilds%2FURP%2Fwp-content%2Fthemes%2Ftwentynineteen%2F%2F%2Ffooter.php&loknya=%2Fhomepages%2F13%2Fd787277790%2Fhtdocs%2Fclickandbuilds%2FURP%2Fwp-content%2Fthemes%2Ftwentynineteen%2F%2F HTTP/1.1" 429 267 urp.org.uk "-" "Mozilla/5.0 AppleWebKit/537.36 (KHTML, like Gecko; compatible; ClaudeBot/1.0; +claudebot@anthropic.com)" "-"
2a03:2880:f800:: - - [30/Jul/2026:02:03:32 +0200] "GET /?c7e2l9a6s4t3r4u1s521 HTTP/1.1" 429 267 urp.org.uk "-" "Mozilla/5.0 (Macintosh; Intel Mac OS X 10_15_7) AppleWebKit/537.36 (KHTML, like Gecko) Chrome/145.0.0.0 Safari/537.36 (compatible; meta-externalagent/1.1 (+https://developers.facebook.com/docs/sharing/webmasters/crawler))" "-"
2a03:2880:f800:: - - [30/Jul/2026:02:03:35 +0200] "GET /launching-urps-digital-inclusion-community-empowerment-project/?lokasie=/homepages/13/d787277790/htdocs/clickandbuilds/URP/wp-includes//class-IXR.php&loknya=/homepages/13/d787277790/htdocs/clickandbuilds/URP/wp-includes/ HTTP/1.1" 200 6995 urp.org.uk "-" "Mozilla/5.0 (Macintosh; Intel Mac OS X 10_15_7) AppleWebKit/537.36 (KHTML, like Gecko) Chrome/145.0.0.0 Safari/537.36 (compatible; meta-externalagent/1.1 (+https://developers.facebook.com/docs/sharing/webmasters/crawler))" "-"
2a03:2880:f800:: - - [30/Jul/2026:02:03:37 +0200] "GET /tag/community-empowerment/?lokasie=/homepages/13/d787277790/htdocs/clickandbuilds/URP/wp-admin/admin-functions.php&loknya=/homepages/13/d787277790/htdocs/clickandbuilds/URP/wp-admin HTTP/1.1" 200 4845 urp.org.uk "-" "Mozilla/5.0 (Macintosh; Intel Mac OS X 10_15_7) AppleWebKit/537.36 (KHTML, like Gecko) Chrome/145.0.0.0 Safari/537.36 (compatible; meta-externalagent/1.1 (+https://developers.facebook.com/docs/sharing/webmasters/crawler))" "-"
2a03:2880:f800:: - - [30/Jul/2026:02:03:54 +0200] "GET /tag/digital-literacy/?loknya=/homepages/13/d787277790/htdocs/clickandbuilds/URP/old/wp-admin/network HTTP/1.1" 200 55603 urp.org.uk "-" "Mozilla/5.0 (Windows NT 10.0; Win64; x64) AppleWebKit/537.36 (KHTML, like Gecko) Chrome/145.0.0.0 Safari/537.36 (compatible; meta-externalagent/1.1 (+https://developers.facebook.com/docs/sharing/webmasters/crawler))" "-"
216.73.216.0 - - [30/Jul/2026:02:04:02 +0200] "GET /admin-support-volunteer/urp.org.uk/thriving-families?lokasie=%2Fhomepages%2F13%2Fd787277790%2Fhtdocs%2Fclickandbuilds%2FURP%2Fwp-content%2Fthemes%2Ftwentynineteen%2F%2F%2Freadme.txt&loknya=%2Fhomepages%2F13%2Fd787277790%2Fhtdocs%2Fclickandbuilds%2FURP%2Fwp-content%2Fthemes%2Ftwentynineteen%2F%2F HTTP/1.1" 429 267 urp.org.uk "-" "Mozilla/5.0 AppleWebKit/537.36 (KHTML, like Gecko; compatible; ClaudeBot/1.0; +claudebot@anthropic.com)" "-"
216.73.216.0 - - [30/Jul/2026:02:04:05 +0200] "GET /admin-support-volunteer/urp.org.uk/thriving-families?lokasie=%2Fhomepages%2F13%2Fd787277790%2Fhtdocs%2Fclickandbuilds%2FURP%2Fwp-content%2Fthemes%2Ftwentynineteen%2F%2F%2Fprint.scss&loknya=%2Fhomepages%2F13%2Fd787277790%2Fhtdocs%2Fclickandbuilds%2FURP%2Fwp-content%2Fthemes%2Ftwentynineteen%2F%2F HTTP/1.1" 429 267 urp.org.uk "-" "Mozilla/5.0 AppleWebKit/537.36 (KHTML, like Gecko; compatible; ClaudeBot/1.0; +claudebot@anthropic.com)" "-"
2a03:2880:f800:: - - [30/Jul/2026:02:04:07 +0200] "GET /launching-urps-digital-inclusion-community-empowerment-project/?lokasie=/homepages/13/d787277790/htdocs/clickandbuilds/URP/wp-includes//class-wp-recovery-mode-key-service.php&loknya=/homepages/13/d787277790/htdocs/clickandbuilds/URP/wp-includes/ HTTP/1.1" 200 9126 urp.org.uk "-" "Mozilla/5.0 (Macintosh; Intel Mac OS X 10_15_7) AppleWebKit/537.36 (KHTML, like Gecko) Chrome/145.0.0.0 Safari/537.36 (compatible; meta-externalagent/1.1 (+https://developers.facebook.com/docs/sharing/webmasters/crawler))" "-"
216.73.216.0 - - [30/Jul/2026:02:04:08 +0200] "GET /admin-support-volunteer/urp.org.uk/thriving-families?loknya=%2Fhomepages%2F13%2Fd787277790%2Fhtdocs%2Fclickandbuilds%2FURP%2Fwp-content%2Fthemes%2Ftwentynineteen%2F%2Ftemplate-parts HTTP/1.1" 429 267 urp.org.uk "-" "Mozilla/5.0 AppleWebKit/537.36 (KHTML, like Gecko; compatible; ClaudeBot/1.0; +claudebot@anthropic.com)" "-"
216.73.216.0 - - [30/Jul/2026:02:04:11 +0200] "GET /admin-support-volunteer/urp.org.uk/thriving-families?lokasie=%2Fhomepages%2F13%2Fd787277790%2Fhtdocs%2Fclickandbuilds%2FURP%2Fwp-content%2Fthemes%2Ftwentynineteen%2F%2F%2Fstyle.scss&loknya=%2Fhomepages%2F13%2Fd787277790%2Fhtdocs%2Fclickandbuilds%2FURP%2Fwp-content%2Fthemes%2Ftwentynineteen%2F%2F HTTP/1.1" 200 7631 urp.org.uk "-" "Mozilla/5.0 AppleWebKit/537.36 (KHTML, like Gecko; compatible; ClaudeBot/1.0; +claudebot@anthropic.com)" "-"
74.7.227.0 - - [30/Jul/2026:02:04:14 +0200] "GET /?lokasie=/kunden/etc//complete.tcsh&loknya=/kunden/etc/ HTTP/1.1" 200 62859 urp.org.uk "https://urp.org.uk/?loknya=/kunden/etc/" "Mozilla/5.0 AppleWebKit/537.36 (KHTML, like Gecko; compatible; GPTBot/1.4; +https://openai.com/gptbot)" "-"
2a03:2880:f800:: - - [30/Jul/2026:02:04:18 +0200] "GET /tag/digital-literacy/?lokasie=/homepages/13/d787277790/htdocs/clickandbuilds/URP/old/wp-includes/class-wp-rewrite.php&loknya=/homepages/13/d787277790/htdocs/clickandbuilds/URP/old/wp-includes HTTP/1.1" 200 65928 urp.org.uk "-" "Mozilla/5.0 (Windows NT 10.0; Win64; x64) AppleWebKit/537.36 (KHTML, like Gecko) Chrome/145.0.0.0 Safari/537.36 (compatible; meta-externalagent/1.1 (+https://developers.facebook.com/docs/sharing/webmasters/crawler))" "-"
2803:c600:5100:: - - [30/Jul/2026:02:04:21 +0200] "GET /our-team/?lokasie=%2Fbin%2Fcat&loknya=%2Fbin HTTP/1.1" 200 3960 urp.org.uk "https://urp.org.uk" "Mozilla/5.0 (Windows NT 10.0; Win64; x64) AppleWebKit/537.36 (KHTML, like Gecko) Chrome/145.0.0.0 Safari/537.36" "-"
2a03:2880:f800:: - - [30/Jul/2026:02:04:28 +0200] "GET /tag/digital-skills/?lokasie=/usr/bin/ps2pdf13&loknya=/usr/bin HTTP/1.1" 200 4260 urp.org.uk "-" "Mozilla/5.0 (Windows NT 10.0; Win64; x64) AppleWebKit/537.36 (KHTML, like Gecko) Chrome/145.0.0.0 Safari/537.36 (compatible; meta-externalagent/1.1 (+https://developers.facebook.com/docs/sharing/webmasters/crawler))" "-"
2a03:2880:f800:: - - [30/Jul/2026:02:04:37 +0200] "GET /tag/refugee-support/?loknya=/homepages/30 HTTP/1.1" 200 16478 urp.org.uk "-" "Mozilla/5.0 (Windows NT 10.0; Win64; x64) AppleWebKit/537.36 (KHTML, like Gecko) Chrome/145.0.0.0 Safari/537.36 (compatible; meta-externalagent/1.1 (+https://developers.facebook.com/docs/sharing/webmasters/crawler))" "-"
2a03:2880:f800:: - - [30/Jul/2026:02:04:45 +0200] "GET /wp-sitemap-taxonomies-post_tag-1.xml?lokasie=/homepages/13/d787277790/htdocs/clickandbuilds/URP/wp-content.orig/et-cache/572/572/index.php&loknya=/homepages/13/d787277790/htdocs/clickandbuilds/URP/wp-content.orig/et-cache/572/572 HTTP/1.1" 200 4787 urp.org.uk "-" "Mozilla/5.0 (Windows NT 10.0; Win64; x64) AppleWebKit/537.36 (KHTML, like Gecko) Chrome/145.0.0.0 Safari/537.36 (compatible; meta-externalagent/1.1 (+https://developers.facebook.com/docs/sharing/webmasters/crawler))" "-"
2a03:2880:f800:: - - [30/Jul/2026:02:04:53 +0200] "GET /launching-urps-digital-inclusion-community-empowerment-project/?loknya=/usr/include/x86_64-linux-gnu HTTP/1.1" 200 19371 urp.org.uk "-" "Mozilla/5.0 (Macintosh; Intel Mac OS X 10_15_7) AppleWebKit/537.36 (KHTML, like Gecko) Chrome/145.0.0.0 Safari/537.36 (compatible; meta-externalagent/1.1 (+https://developers.facebook.com/docs/sharing/webmasters/crawler))" "-"
2a03:2880:f800:: - - [30/Jul/2026:02:05:01 +0200] "GET /tag/refugee-support/?lokasie=/homepages/13/d787277790/htdocs/clickandbuilds/URP/wp-includes/class-wp-block-pattern-categories-registry.php&loknya=/homepages/13/d787277790/htdocs/clickandbuilds/URP/wp-includes HTTP/1.1" 200 9903 urp.org.uk "-" "Mozilla/5.0 (Windows NT 10.0; Win64; x64) AppleWebKit/537.36 (KHTML, like Gecko) Chrome/144.0.0.0 Safari/537.36 Edg/144.0.0.0 (compatible; meta-externalagent/1.1 (+https://developers.facebook.com/docs/sharing/webmasters/crawler))" "-"
2a03:2880:f800:: - - [30/Jul/2026:02:05:07 +0200] "GET /tag/digital-literacy/?loknya=/homepages/13/d787277790/htdocs/clickandbuilds/URP/new/wp-content/themes/ HTTP/1.1" 200 20364 urp.org.uk "-" "Mozilla/5.0 (Windows NT 10.0; Win64; x64) AppleWebKit/537.36 (KHTML, like Gecko) Chrome/145.0.0.0 Safari/537.36 (compatible; meta-externalagent/1.1 (+https://developers.facebook.com/docs/sharing/webmasters/crawler))" "-"
2a03:2880:f800:: - - [30/Jul/2026:02:05:13 +0200] "GET /tag/digital-literacy/?lokasie=/homepages/13/d787277790/htdocs/clickandbuilds/URP_INFECTED/wp-links-opml.php&loknya=/homepages/13/d787277790/htdocs/clickandbuilds/URP_INFECTED HTTP/1.1" 200 7164 urp.org.uk "-" "Mozilla/5.0 (Macintosh; Intel Mac OS X 10_15_7) AppleWebKit/537.36 (KHTML, like Gecko) Chrome/145.0.0.0 Safari/537.36 (compatible; meta-externalagent/1.1 (+https://developers.facebook.com/docs/sharing/webmasters/crawler))" "-"
74.7.227.0 - - [30/Jul/2026:02:05:14 +0200] "GET /?loknya=/usr/local/etc HTTP/1.1" 200 5114 urp.org.uk "https://urp.org.uk/?loknya=/usr/local" "Mozilla/5.0 AppleWebKit/537.36 (KHTML, like Gecko; compatible; GPTBot/1.4; +https://openai.com/gptbot)" "-"
2a03:2880:f800:: - - [30/Jul/2026:02:05:20 +0200] "GET /tag/digital-skills/?lokasie=/bin/pnmtopalm&loknya=/bin HTTP/1.1" 200 3946 urp.org.uk "-" "Mozilla/5.0 (Macintosh; Intel Mac OS X 10_15_7) AppleWebKit/537.36 (KHTML, like Gecko) Chrome/145.0.0.0 Safari/537.36 (compatible; meta-externalagent/1.1 (+https://developers.facebook.com/docs/sharing/webmasters/crawler))" "-"
2a03:2880:f800:: - - [30/Jul/2026:02:05:24 +0200] "GET /tag/digital-literacy/?lokasie=/homepages/13/d787277790/htdocs/clickandbuilds/URP_INFECTED/wp-config.phpOLD&loknya=/homepages/13/d787277790/htdocs/clickandbuilds/URP_INFECTED HTTP/1.1" 503 339 urp.org.uk "-" "Mozilla/5.0 (Windows NT 10.0; Win64; x64) AppleWebKit/537.36 (KHTML, like Gecko) Chrome/145.0.0.0 Safari/537.36 (compatible; meta-externalagent/1.1 (+https://developers.facebook.com/docs/sharing/webmasters/crawler))" "-"
2a03:2880:f800:: - - [30/Jul/2026:02:05:30 +0200] "GET /launching-urps-digital-inclusion-community-empowerment-project/?lokasie=/usr/include/mntent.h&loknya=/usr/include HTTP/1.1" 200 7473 urp.org.uk "-" "Mozilla/5.0 (Windows NT 10.0; Win64; x64) AppleWebKit/537.36 (KHTML, like Gecko) Chrome/145.0.0.0 Safari/537.36 (compatible; meta-externalagent/1.1 (+https://developers.facebook.com/docs/sharing/webmasters/crawler))" "-"
2a03:2880:f800:: - - [30/Jul/2026:02:05:31 +0200] "GET /launching-urps-digital-inclusion-community-empowerment-project/?lokasie=/homepages/13/d787277790/htdocs/clickandbuilds/URP/wp-includes//feed-atom-comments.php&loknya=/homepages/13/d787277790/htdocs/clickandbuilds/URP/wp-includes/ HTTP/1.1" 200 10921 urp.org.uk "-" "Mozilla/5.0 (Macintosh; Intel Mac OS X 10_15_7) AppleWebKit/537.36 (KHTML, like Gecko) Chrome/145.0.0.0 Safari/537.36 (compatible; meta-externalagent/1.1 (+https://developers.facebook.com/docs/sharing/webmasters/crawler))" "-"
2a03:2880:f800:: - - [30/Jul/2026:02:05:36 +0200] "GET /launching-urps-digital-inclusion-community-empowerment-project/?lokasie=/homepages/13/d787277790/htdocs/clickandbuilds/URP/wp-includes/rest-api/endpoints/class-wp-rest-widget-types-controller.php&loknya=/homepages/13/d787277790/htdocs/clickandbuilds/URP/wp-includes/rest-api/endpoints HTTP/1.1" 200 24190 urp.org.uk "-" "Mozilla/5.0 (Macintosh; Intel Mac OS X 10_15_7) AppleWebKit/537.36 (KHTML, like Gecko) Chrome/145.0.0.0 Safari/537.36 (compatible; meta-externalagent/1.1 (+https://developers.facebook.com/docs/sharing/webmasters/crawler))" "-"
2a03:2880:f800:: - - [30/Jul/2026:02:05:41 +0200] "GET /tag/digital-literacy/?lokasie=/homepages/13/d787277790/htdocs/clickandbuilds/URP/old/wp-admin/plugin-editor.php&loknya=/homepages/13/d787277790/htdocs/clickandbuilds/URP/old/wp-admin HTTP/1.1" 200 20024 urp.org.uk "-" "Mozilla/5.0 (X11; Linux x86_64) AppleWebKit/537.36 (KHTML, like Gecko) Chrome/145.0.0.0 Safari/537.36 (compatible; meta-externalagent/1.1 (+https://developers.facebook.com/docs/sharing/webmasters/crawler))" "-"
2a03:2880:f800:: - - [30/Jul/2026:02:05:46 +0200] "GET /tag/bridging-the-digital-divide/?loknya=/homepages/39/d786312154 HTTP/1.1" 200 12726 urp.org.uk "-" "Mozilla/5.0 (Macintosh; Intel Mac OS X 10_15_7) AppleWebKit/537.36 (KHTML, like Gecko) Chrome/145.0.0.0 Safari/537.36 (compatible; meta-externalagent/1.1 (+https://developers.facebook.com/docs/sharing/webmasters/crawler))" "-"
2a03:2880:f800:: - - [30/Jul/2026:02:05:51 +0200] "GET /launching-urps-digital-inclusion-community-empowerment-project/?lokasie=/homepages/13/d787277790/htdocs/clickandbuilds/URP/wp-includes//class-wp-query.php&loknya=/homepages/13/d787277790/htdocs/clickandbuilds/URP/wp-includes/ HTTP/1.1" 200 161408 urp.org.uk "-" "Mozilla/5.0 (Macintosh; Intel Mac OS X 10_15_7) AppleWebKit/537.36 (KHTML, like Gecko) Chrome/145.0.0.0 Safari/537.36 (compatible; meta-externalagent/1.1 (+https://developers.facebook.com/docs/sharing/webmasters/crawler))" "-"
176.36.146.0 - - [30/Jul/2026:02:05:53 +0200] "GET /thriving-families-art-competition-winners/ HTTP/1.1" 200 46644 urp.org.uk "https://urp.org.uk/thriving-families-art-competition-winners/#comment-51638" "Mozilla/5.0 (Windows NT 10.0; Win64; x64) AppleWebKit/537.36 (KHTML, like Gecko) Chrome/131.0.0.0 Safari/537.36" "-"
2a03:2880:f800:: - - [30/Jul/2026:02:05:56 +0200] "GET /tag/digital-skills/?lokasie=/bin/x86_64-linux-gnu-objdump&loknya=/bin HTTP/1.1" 200 3961 urp.org.uk "-" "Mozilla/5.0 (Windows NT 10.0; Win64; x64) AppleWebKit/537.36 (KHTML, like Gecko) Chrome/145.0.0.0 Safari/537.36 (compatible; meta-externalagent/1.1 (+https://developers.facebook.com/docs/sharing/webmasters/crawler))" "-"
2a03:2880:f800:: - - [30/Jul/2026:02:06:00 +0200] "GET /wp-sitemap-taxonomies-post_tag-1.xml?lokasie=/lib/locale/sq_AL.utf8//LC_MEASUREMENT&loknya=/lib/locale/sq_AL.utf8/ HTTP/1.1" 429 267 urp.org.uk "-" "Mozilla/5.0 (Windows NT 10.0; Win64; x64) AppleWebKit/537.36 (KHTML, like Gecko) Chrome/145.0.0.0 Safari/537.36 (compatible; meta-externalagent/1.1 (+https://developers.facebook.com/docs/sharing/webmasters/crawler))" "-"
2a03:2880:f800:: - - [30/Jul/2026:02:06:05 +0200] "GET /launching-urps-digital-inclusion-community-empowerment-project/?lokasie=/homepages/13/d787277790/htdocs/clickandbuilds/URP/wp-includes/js/zxcvbn-async.min.js&loknya=/homepages/13/d787277790/htdocs/clickandbuilds/URP/wp-includes/js HTTP/1.1" 429 267 urp.org.uk "-" "Mozilla/5.0 (Macintosh; Intel Mac OS X 10_15_7) AppleWebKit/537.36 (KHTML, like Gecko) Chrome/145.0.0.0 Safari/537.36 (compatible; meta-externalagent/1.1 (+https://developers.facebook.com/docs/sharing/webmasters/crawler))" "-"
2a03:2880:f800:: - - [30/Jul/2026:02:06:05 +0200] "GET /tag/community-empowerment/?lokasie=/homepages/13/d787277790/htdocs/clickandbuilds/URP/wp-admin/link-manager.php&loknya=/homepages/13/d787277790/htdocs/clickandbuilds/URP/wp-admin HTTP/1.1" 429 267 urp.org.uk "-" "Mozilla/5.0 (Windows NT 10.0; Win64; x64) AppleWebKit/537.36 (KHTML, like Gecko) Chrome/145.0.0.0 Safari/537.36 (compatible; meta-externalagent/1.1 (+https://developers.facebook.com/docs/sharing/webmasters/crawler))" "-"
141.94.78.0 - - [30/Jul/2026:02:06:09 +0200] "GET /index.php?loknya=/homepages/13/d787277790/htdocs/clickandbuilds/URP/new HTTP/1.1" 200 10667 urp.org.uk "-" "Mozilla/5.0 (Windows NT 10.0; Win64; x64) AppleWebKit/537.36 (KHTML, like Gecko) Chrome/148.0.0.0 Safari/537.36" "-"
141.94.94.0 - - [30/Jul/2026:02:06:10 +0200] "GET /keeping-families-thriving/?lokasie=/homepages/13/d787277790/htdocs/clickandbuilds/URP/wp-includes/option.php&loknya=/homepages/13/d787277790/htdocs/clickandbuilds/URP/wp-includes HTTP/1.1" 200 97494 urp.org.uk "-" "Mozilla/5.0 (Windows NT 10.0; Win64; x64) AppleWebKit/537.36 (KHTML, like Gecko) Chrome/148.0.0.0 Safari/537.36" "-"
2a03:2880:f800:: - - [30/Jul/2026:02:06:10 +0200] "GET /launching-urps-digital-inclusion-community-empowerment-project/?lokasie=/homepages/13/d787277790/htdocs/clickandbuilds/URP/wp-includes/js/wp-embed-template.js&loknya=/homepages/13/d787277790/htdocs/clickandbuilds/URP/wp-includes/js HTTP/1.1" 429 267 urp.org.uk "-" "Mozilla/5.0 (Windows NT 10.0; Win64; x64) AppleWebKit/537.36 (KHTML, like Gecko) Chrome/145.0.0.0 Safari/537.36 (compatible; meta-externalagent/1.1 (+https://developers.facebook.com/docs/sharing/webmasters/crawler))" "-"
74.7.227.0 - - [30/Jul/2026:02:06:10 +0200] "GET /?loknya=/kunden/etc/mc HTTP/1.1" 200 16819 urp.org.uk "https://urp.org.uk/?loknya=/kunden/etc" "Mozilla/5.0 AppleWebKit/537.36 (KHTML, like Gecko; compatible; GPTBot/1.4; +https://openai.com/gptbot)" "-"
2a03:2880:f800:: - - [30/Jul/2026:02:06:11 +0200] "GET /launching-urps-digital-inclusion-community-empowerment-project/?lokasie=/homepages/13/d787277790/htdocs/clickandbuilds/URP/wp-includes/block-patterns/query-shared-posts.php&loknya=/homepages/13/d787277790/htdocs/clickandbuilds/URP/wp-includes/block-patterns HTTP/1.1" 429 267 urp.org.uk "-" "Mozilla/5.0 (Windows NT 10.0; Win64; x64) AppleWebKit/537.36 (KHTML, like Gecko) Chrome/145.0.0.0 Safari/537.36 (compatible; meta-externalagent/1.1 (+https://developers.facebook.com/docs/sharing/webmasters/crawler))" "-"
141.94.94.0 - - [30/Jul/2026:02:06:12 +0200] "GET /keeping-families-thriving/?lokasie=/homepages/13/d787277790/htdocs/clickandbuilds/URP/wp-includes/class-wp.php&loknya=/homepages/13/d787277790/htdocs/clickandbuilds/URP/wp-includes HTTP/1.1" 200 31271 urp.org.uk "-" "Mozilla/5.0 (Windows NT 10.0; Win64; x64) AppleWebKit/537.36 (KHTML, like Gecko) Chrome/148.0.0.0 Safari/537.36" "-"
2a03:2880:f800:: - - [30/Jul/2026:02:06:15 +0200] "GET /launching-urps-digital-inclusion-community-empowerment-project/?lokasie=/proc/config.gz&loknya=/proc HTTP/1.1" 429 267 urp.org.uk "-" "Mozilla/5.0 (Windows NT 10.0; Win64; x64) AppleWebKit/537.36 (KHTML, like Gecko) Chrome/145.0.0.0 Safari/537.36 (compatible; meta-externalagent/1.1 (+https://developers.facebook.com/docs/sharing/webmasters/crawler))" "-"
2a03:2880:f800:: - - [30/Jul/2026:02:06:18 +0200] "GET /tag/digital-literacy/?lokasie=/homepages/13/d787277790/htdocs/clickandbuilds/URP/wp-includes/interactivity-api/class-wp-interactivity-api.php&loknya=/homepages/13/d787277790/htdocs/clickandbuilds/URP/wp-includes/interactivity-api HTTP/1.1" 429 267 urp.org.uk "-" "Mozilla/5.0 (Windows NT 10.0; Win64; x64) AppleWebKit/537.36 (KHTML, like Gecko) Chrome/145.0.0.0 Safari/537.36 (compatible; meta-externalagent/1.1 (+https://developers.facebook.com/docs/sharing/webmasters/crawler))" "-"
2a03:2880:f800:: - - [30/Jul/2026:02:06:19 +0200] "GET /tag/refugee-support/?lokasie=/homepages/13/d787277790/htdocs/clickandbuilds/URP/wp-includes/registration-functions.php&loknya=/homepages/13/d787277790/htdocs/clickandbuilds/URP/wp-includes HTTP/1.1" 429 267 urp.org.uk "-" "Mozilla/5.0 (Macintosh; Intel Mac OS X 10_15_7) AppleWebKit/537.36 (KHTML, like Gecko) Chrome/145.0.0.0 Safari/537.36 (compatible; meta-externalagent/1.1 (+https://developers.facebook.com/docs/sharing/webmasters/crawler))" "-"
2a03:2880:f800:: - - [30/Jul/2026:02:06:26 +0200] "GET /tag/community-empowerment/?lokasie=/homepages/13/d787277790/htdocs/clickandbuilds/URP/wp-includes/class-wp-customize-section.php&loknya=/homepages/13/d787277790/htdocs/clickandbuilds/URP/wp-includes HTTP/1.1" 429 267 urp.org.uk "-" "Mozilla/5.0 (Windows NT 10.0; Win64; x64) AppleWebKit/537.36 (KHTML, like Gecko) Chrome/145.0.0.0 Safari/537.36 (compatible; meta-externalagent/1.1 (+https://developers.facebook.com/docs/sharing/webmasters/crawler))" "-"
2a03:2880:f800:: - - [30/Jul/2026:02:06:29 +0200] "GET /launching-urps-digital-inclusion-community-empowerment-project/?lokasie=/homepages/13/d787277790/htdocs/clickandbuilds/URP/wp-includes/js/autosave.min.js&loknya=/homepages/13/d787277790/htdocs/clickandbuilds/URP/wp-includes/js HTTP/1.1" 429 267 urp.org.uk "-" "Mozilla/5.0 (Windows NT 10.0; Win64; x64) AppleWebKit/537.36 (KHTML, like Gecko) Chrome/144.0.0.0 Safari/537.36 Edg/144.0.0.0 (compatible; meta-externalagent/1.1 (+https://developers.facebook.com/docs/sharing/webmasters/crawler))" "-"
2a03:2880:f800:: - - [30/Jul/2026:02:06:29 +0200] "GET /launching-urps-digital-inclusion-community-empowerment-project/?lokasie=/homepages/13/d787277790/htdocs/clickandbuilds/URP/wp-includes/rest-api/endpoints/class-wp-rest-global-styles-revisions-controller.php&loknya=/homepages/13/d787277790/htdocs/clickandbuilds/URP/wp-includes/rest-api/endpoints HTTP/1.1" 429 267 urp.org.uk "-" "Mozilla/5.0 (Windows NT 10.0; Win64; x64) AppleWebKit/537.36 (KHTML, like Gecko) Chrome/145.0.0.0 Safari/537.36 (compatible; meta-externalagent/1.1 (+https://developers.facebook.com/docs/sharing/webmasters/crawler))" "-"
2a03:2880:f800:: - - [30/Jul/2026:02:06:40 +0200] "GET /launching-urps-digital-inclusion-community-empowerment-project/?lokasie=/homepages/13/d787277790/htdocs/clickandbuilds/URP/old//wp-comments-post.php&loknya=/homepages/13/d787277790/htdocs/clickandbuilds/URP/old/ HTTP/1.1" 429 267 urp.org.uk "-" "Mozilla/5.0 (Windows NT 10.0; Win64; x64) AppleWebKit/537.36 (KHTML, like Gecko) Chrome/145.0.0.0 Safari/537.36 (compatible; meta-externalagent/1.1 (+https://developers.facebook.com/docs/sharing/webmasters/crawler))" "-"
2a03:2880:f800:: - - [30/Jul/2026:02:06:42 +0200] "GET /tag/digital-skills/?lokasie=/homepages/13/d787277790/htdocs/clickandbuilds/URP/wp-content/et-cache/image_srcset_sizes.data&loknya=/homepages/13/d787277790/htdocs/clickandbuilds/URP/wp-content/et-cache HTTP/1.1" 429 267 urp.org.uk "-" "Mozilla/5.0 (Windows NT 10.0; Win64; x64) AppleWebKit/537.36 (KHTML, like Gecko) Chrome/145.0.0.0 Safari/537.36 (compatible; meta-externalagent/1.1 (+https://developers.facebook.com/docs/sharing/webmasters/crawler))" "-"
2a03:2880:f800:: - - [30/Jul/2026:02:06:44 +0200] "GET /tag/digital-skills/?loknya=/homepages/13/d787277790/htdocs/clickandbuilds/URP/wp-content/et-cache/293 HTTP/1.1" 429 267 urp.org.uk "-" "Mozilla/5.0 (Windows NT 10.0; Win64; x64) AppleWebKit/537.36 (KHTML, like Gecko) Chrome/145.0.0.0 Safari/537.36 (compatible; meta-externalagent/1.1 (+https://developers.facebook.com/docs/sharing/webmasters/crawler))" "-"
2a03:2880:f800:: - - [30/Jul/2026:02:06:59 +0200] "GET /tag/digital-literacy/?lokasie=/homepages/13/d787277790/htdocs/clickandbuilds/URP/wp-includes/images/rss.png&loknya=/homepages/13/d787277790/htdocs/clickandbuilds/URP/wp-includes/images HTTP/1.1" 429 267 urp.org.uk "-" "Mozilla/5.0 (Windows NT 10.0; Win64; x64) AppleWebKit/537.36 (KHTML, like Gecko) Chrome/145.0.0.0 Safari/537.36 (compatible; meta-externalagent/1.1 (+https://developers.facebook.com/docs/sharing/webmasters/crawler))" "-"
74.7.227.0 - - [30/Jul/2026:02:07:00 +0200] "GET /?loknya=/usr/local/bin HTTP/1.1" 200 7679 urp.org.uk "https://urp.org.uk/?loknya=/usr/local" "Mozilla/5.0 AppleWebKit/537.36 (KHTML, like Gecko; compatible; GPTBot/1.4; +https://openai.com/gptbot)" "-"
2a03:2880:f800:: - - [30/Jul/2026:02:07:02 +0200] "GET /tag/refugee-support/?loknya=/homepages/9 HTTP/1.1" 200 16445 urp.org.uk "-" "Mozilla/5.0 (Windows NT 10.0; Win64; x64) AppleWebKit/537.36 (KHTML, like Gecko) Chrome/145.0.0.0 Safari/537.36 (compatible; meta-externalagent/1.1 (+https://developers.facebook.com/docs/sharing/webmasters/crawler))" "-"
2a03:2880:f800:: - - [30/Jul/2026:02:07:04 +0200] "GET /tag/digital-skills/?lokasie=/bin/nano&loknya=/bin HTTP/1.1" 200 3942 urp.org.uk "-" "Mozilla/5.0 (Macintosh; Intel Mac OS X 10_15_7) AppleWebKit/537.36 (KHTML, like Gecko) Chrome/145.0.0.0 Safari/537.36 (compatible; meta-externalagent/1.1 (+https://developers.facebook.com/docs/sharing/webmasters/crawler))" "-"
216.73.216.0 - - [30/Jul/2026:02:07:04 +0200] "GET /admin-support-volunteer/urp.org.uk/thriving-families?loknya=%2Fhomepages%2F13%2Fd787277790%2Fhtdocs%2Fclickandbuilds%2FURP%2Fwp-content%2Fthemes%2FDivi%2Fcore%2Fcomponents%2Fapi%2F HTTP/1.1" 200 21397 urp.org.uk "-" "Mozilla/5.0 AppleWebKit/537.36 (KHTML, like Gecko; compatible; ClaudeBot/1.0; +claudebot@anthropic.com)" "-"
2a03:2880:f800:: - - [30/Jul/2026:02:07:25 +0200] "GET /tag/digital-skills/?lokasie=/bin/zipgrep&loknya=/bin HTTP/1.1" 200 7499 urp.org.uk "-" "Mozilla/5.0 (Windows NT 10.0; Win64; x64) AppleWebKit/537.36 (KHTML, like Gecko) Chrome/145.0.0.0 Safari/537.36 (compatible; meta-externalagent/1.1 (+https://developers.facebook.com/docs/sharing/webmasters/crawler))" "-"
2a03:2880:f800:: - - [30/Jul/2026:02:07:39 +0200] "GET /launching-urps-digital-inclusion-community-empowerment-project/?lokasie=/homepages/13/d787277790/htdocs/clickandbuilds/URP/wp-includes//ms-default-filters.php&loknya=/homepages/13/d787277790/htdocs/clickandbuilds/URP/wp-includes/ HTTP/1.1" 200 11088 urp.org.uk "-" "Mozilla/5.0 (Windows NT 10.0; Win64; x64) AppleWebKit/537.36 (KHTML, like Gecko) Chrome/143.0.0.0 Safari/537.36 Edg/143.0.0.0 (compatible; meta-externalagent/1.1 (+https://developers.facebook.com/docs/sharing/webmasters/crawler))" "-"
74.7.227.0 - - [30/Jul/2026:02:07:44 +0200] "GET /?lokasie=/bin/svndumpfilter&loknya=/bin HTTP/1.1" 200 3944 urp.org.uk "https://urp.org.uk/?loknya=/bin" "Mozilla/5.0 AppleWebKit/537.36 (KHTML, like Gecko; compatible; GPTBot/1.4; +https://openai.com/gptbot)" "-"
2a03:2880:f800:: - - [30/Jul/2026:02:07:51 +0200] "GET /tag/urp-unleashing-refugee-potential/?lokasie=/homepages/13/d787277790/htdocs/clickandbuilds/URP/wp-signup.php&loknya=/homepages/13/d787277790/htdocs/clickandbuilds/URP HTTP/1.1" 200 42217 urp.org.uk "-" "Mozilla/5.0 (Windows NT 10.0; Win64; x64) AppleWebKit/537.36 (KHTML, like Gecko) Chrome/145.0.0.0 Safari/537.36 (compatible; meta-externalagent/1.1 (+https://developers.facebook.com/docs/sharing/webmasters/crawler))" "-"
45.167.147.0 - - [30/Jul/2026:02:07:56 +0200] "GET /thriving-families/?loknya=%2Fhomepages%2F16%2Fd786784810 HTTP/1.1" 200 12724 urp.org.uk "https://urp.org.uk" "Mozilla/5.0 (Windows NT 10.0; Win64; x64) AppleWebKit/537.36 (KHTML, like Gecko) Chrome/143.0.0.0 Safari/537.36" "-"
2a03:2880:f800:: - - [30/Jul/2026:02:08:02 +0200] "GET /wp-sitemap-taxonomies-post_tag-1.xml?lokasie=/lib/locale/miq_NI//LC_PAPER&loknya=/lib/locale/miq_NI/ HTTP/1.1" 200 4050 urp.org.uk "-" "Mozilla/5.0 (X11; Linux x86_64) AppleWebKit/537.36 (KHTML, like Gecko) Chrome/145.0.0.0 Safari/537.36 (compatible; meta-externalagent/1.1 (+https://developers.facebook.com/docs/sharing/webmasters/crawler))" "-"
2a03:2880:f800:: - - [30/Jul/2026:02:08:12 +0200] "GET /tag/digital-skills/?lokasie=/usr/bin/st4topgm&loknya=/usr/bin HTTP/1.1" 200 3985 urp.org.uk "-" "Mozilla/5.0 (Windows NT 10.0; Win64; x64) AppleWebKit/537.36 (KHTML, like Gecko) Chrome/145.0.0.0 Safari/537.36 (compatible; meta-externalagent/1.1 (+https://developers.facebook.com/docs/sharing/webmasters/crawler))" "-"
2a03:2880:2200:: - - [30/Jul/2026:02:08:21 +0200] "GET /robots.txt HTTP/1.1" 206 75 urp.org.uk "-" "facebookexternalhit/1.1 (+http://www.facebook.com/externalhit_uatext.php)" "-"
2a03:2880:2200:: - - [30/Jul/2026:02:08:21 +0200] "GET /robots.txt HTTP/1.1" 206 75 urp.org.uk "-" "facebookexternalhit/1.1 (+http://www.facebook.com/externalhit_uatext.php)" "-"
2a03:2880:f800:: - - [30/Jul/2026:02:08:22 +0200] "GET /wp-sitemap-posts-page-1.xml?lokasie=/homepages/13/d787277790/htdocs/clickandbuilds/URP/wp-includes/class-wp-recovery-mode-email-service.php&loknya=/homepages/13/d787277790/htdocs/clickandbuilds/URP/wp-includes HTTP/1.1" 200 15826 urp.org.uk "-" "Mozilla/5.0 (Windows NT 10.0; Win64; x64) AppleWebKit/537.36 (KHTML, like Gecko) Chrome/145.0.0.0 Safari/537.36 (compatible; meta-externalagent/1.1 (+https://developers.facebook.com/docs/sharing/webmasters/crawler))" "-"
74.7.227.0 - - [30/Jul/2026:02:08:25 +0200] "GET /?loknya=/homepages/13/d787277790/htdocs/clickandbuilds/URP/cgi-bin HTTP/1.1" 200 8313 urp.org.uk "https://urp.org.uk/?sitemap682.xml" "Mozilla/5.0 AppleWebKit/537.36 (KHTML, like Gecko; compatible; GPTBot/1.4; +https://openai.com/gptbot)" "-"
2a03:2880:f800:: - - [30/Jul/2026:02:08:31 +0200] "GET /?k5i2l0l7i6c8k10342 HTTP/1.1" 200 46650 urp.org.uk "-" "Mozilla/5.0 (Windows NT 10.0; Win64; x64) AppleWebKit/537.36 (KHTML, like Gecko) Chrome/145.0.0.0 Safari/537.36 (compatible; meta-externalagent/1.1 (+https://developers.facebook.com/docs/sharing/webmasters/crawler))" "-"
2a03:2880:f800:: - - [30/Jul/2026:02:08:38 +0200] "GET /wp-sitemap-posts-page-1.xml?loknya=/homepages/13/d787277790/htdocs/clickandbuilds/URP/wp-admin/css HTTP/1.1" 200 165229 urp.org.uk "-" "Mozilla/5.0 (Macintosh; Intel Mac OS X 10_15_7) AppleWebKit/537.36 (KHTML, like Gecko) Chrome/145.0.0.0 Safari/537.36 (compatible; meta-externalagent/1.1 (+https://developers.facebook.com/docs/sharing/webmasters/crawler))" "-"
2a03:2880:f800:: - - [30/Jul/2026:02:08:45 +0200] "GET /wp-sitemap-posts-page-1.xml?lokasie=/homepages/13/d787277790/htdocs/clickandbuilds/URP/wp-includes/block-template.php&loknya=/homepages/13/d787277790/htdocs/clickandbuilds/URP/wp-includes HTTP/1.1" 200 17009 urp.org.uk "-" "Mozilla/5.0 (Macintosh; Intel Mac OS X 10_15_7) AppleWebKit/537.36 (KHTML, like Gecko) Chrome/145.0.0.0 Safari/537.36 (compatible; meta-externalagent/1.1 (+https://developers.facebook.com/docs/sharing/webmasters/crawler))" "-"
217.182.73.0 - - [30/Jul/2026:02:08:51 +0200] "GET /keeping-families-thriving/?lokasie=/homepages/13/d787277790/htdocs/clickandbuilds/URP/wp-includes/class-wp-http-requests-response.php&loknya=/homepages/13/d787277790/htdocs/clickandbuilds/URP/wp-includes HTTP/1.1" 200 9015 urp.org.uk "-" "Mozilla/5.0 (Windows NT 10.0; Win64; x64) AppleWebKit/537.36 (KHTML, like Gecko) Chrome/148.0.0.0 Safari/537.36" "-"
151.80.133.0 - - [30/Jul/2026:02:08:53 +0200] "GET /keeping-families-thriving/?lokasie=/homepages/13/d787277790/htdocs/clickandbuilds/URP/wp-includes/default-constants.php&loknya=/homepages/13/d787277790/htdocs/clickandbuilds/URP/wp-includes HTTP/1.1" 200 15638 urp.org.uk "-" "Mozilla/5.0 (Windows NT 10.0; Win64; x64) AppleWebKit/537.36 (KHTML, like Gecko) Chrome/148.0.0.0 Safari/537.36" "-"
2a03:2880:f800:: - - [30/Jul/2026:02:08:53 +0200] "GET /?m5o1n7t1u6r4e02160 HTTP/1.1" 200 46650 urp.org.uk "-" "Mozilla/5.0 (Windows NT 10.0; Win64; x64) AppleWebKit/537.36 (KHTML, like Gecko) Chrome/145.0.0.0 Safari/537.36 (compatible; meta-externalagent/1.1 (+https://developers.facebook.com/docs/sharing/webmasters/crawler))" "-"
2001:41d0:300:: - - [30/Jul/2026:02:08:58 +0200] "GET /keeping-families-thriving/?lokasie=/homepages/13/d787277790/htdocs/clickandbuilds/URP/wp-includes/fonts.php&loknya=/homepages/13/d787277790/htdocs/clickandbuilds/URP/wp-includes HTTP/1.1" 200 13921 urp.org.uk "-" "Mozilla/5.0 (Windows NT 10.0; Win64; x64) AppleWebKit/537.36 (KHTML, like Gecko) Chrome/148.0.0.0 Safari/537.36" "-"
2a03:2880:f800:: - - [30/Jul/2026:02:08:58 +0200] "GET /wp-sitemap-posts-page-1.xml?lokasie=/homepages/13/d787277790/htdocs/clickandbuilds/URP/wp-includes/class-wp-comment-query.php&loknya=/homepages/13/d787277790/htdocs/clickandbuilds/URP/wp-includes HTTP/1.1" 200 53714 urp.org.uk "-" "Mozilla/5.0 (Windows NT 10.0; Win64; x64) AppleWebKit/537.36 (KHTML, like Gecko) Chrome/145.0.0.0 Safari/537.36 (compatible; meta-externalagent/1.1 (+https://developers.facebook.com/docs/sharing/webmasters/crawler))" "-"
216.73.216.0 - - [30/Jul/2026:02:09:03 +0200] "GET /admin-support-volunteer/urp.org.uk/thriving-families?loknya=%2Fhomepages%2F13%2Fd787277790%2Fhtdocs%2Fclickandbuilds%2FURP%2Fwp-content%2Fthemes%2FDivi%2Fcore%2Fadmin%2Fimages%2F HTTP/1.1" 200 13782 urp.org.uk "-" "Mozilla/5.0 AppleWebKit/537.36 (KHTML, like Gecko; compatible; ClaudeBot/1.0; +claudebot@anthropic.com)" "-"
74.7.227.0 - - [30/Jul/2026:02:09:03 +0200] "GET /?loknya=/homepages/9/ HTTP/1.1" 200 16462 urp.org.uk "https://urp.org.uk/?loknya=/homepages/9/d786545902" "Mozilla/5.0 AppleWebKit/537.36 (KHTML, like Gecko; compatible; GPTBot/1.4; +https://openai.com/gptbot)" "-"
2a03:2880:f800:: - - [30/Jul/2026:02:09:04 +0200] "GET /tag/digital-literacy/?lokasie=/homepages/13/d787277790/htdocs/clickandbuilds/URP/new/wp-includes/category.php&loknya=/homepages/13/d787277790/htdocs/clickandbuilds/URP/new/wp-includes HTTP/1.1" 200 17433 urp.org.uk "-" "Mozilla/5.0 (X11; Linux x86_64) AppleWebKit/537.36 (KHTML, like Gecko) Chrome/145.0.0.0 Safari/537.36 (compatible; meta-externalagent/1.1 (+https://developers.facebook.com/docs/sharing/webmasters/crawler))" "-"
2a03:2880:f800:: - - [30/Jul/2026:02:09:10 +0200] "GET /tag/education-support/?loknya=/homepages/13/d787277790/htdocs/clickandbuilds/URP/wp-content/ai1wm-backups HTTP/1.1" 200 17131 urp.org.uk "-" "Mozilla/5.0 (Windows NT 10.0; Win64; x64) AppleWebKit/537.36 (KHTML, like Gecko) Chrome/145.0.0.0 Safari/537.36 (compatible; meta-externalagent/1.1 (+https://developers.facebook.com/docs/sharing/webmasters/crawler))" "-"
2a03:2880:f800:: - - [30/Jul/2026:02:09:14 +0200] "GET /launching-urps-digital-inclusion-community-empowerment-project/?lokasie=/homepages/13/d787277790/htdocs/clickandbuilds/URP/wp-includes//comment-template.php&loknya=/homepages/13/d787277790/htdocs/clickandbuilds/URP/wp-includes/ HTTP/1.1" 200 108847 urp.org.uk "-" "Mozilla/5.0 (Macintosh; Intel Mac OS X 10_15_7) AppleWebKit/537.36 (KHTML, like Gecko) Chrome/145.0.0.0 Safari/537.36 (compatible; meta-externalagent/1.1 (+https://developers.facebook.com/docs/sharing/webmasters/crawler))" "-"
2a03:2880:f800:: - - [30/Jul/2026:02:09:20 +0200] "GET /tag/bridging-the-digital-divide/?loknya=/homepages/30/d786262607 HTTP/1.1" 200 14083 urp.org.uk "-" "Mozilla/5.0 (Macintosh; Intel Mac OS X 10_15_7) AppleWebKit/537.36 (KHTML, like Gecko) Chrome/145.0.0.0 Safari/537.36 (compatible; meta-externalagent/1.1 (+https://developers.facebook.com/docs/sharing/webmasters/crawler))" "-"
2a03:2880:f800:: - - [30/Jul/2026:02:09:25 +0200] "GET /tag/digital-skills/?lokasie=/bin/cmp&loknya=/bin HTTP/1.1" 200 3941 urp.org.uk "-" "Mozilla/5.0 (Macintosh; Intel Mac OS X 10_15_7) AppleWebKit/537.36 (KHTML, like Gecko) Chrome/145.0.0.0 Safari/537.36 (compatible; meta-externalagent/1.1 (+https://developers.facebook.com/docs/sharing/webmasters/crawler))" "-"
2a03:2880:f800:: - - [30/Jul/2026:02:09:29 +0200] "GET /tag/digital-skills/?lokasie=/bin/fc-list&loknya=/bin HTTP/1.1" 429 267 urp.org.uk "-" "Mozilla/5.0 (Macintosh; Intel Mac OS X 10_15_7) AppleWebKit/537.36 (KHTML, like Gecko) Chrome/145.0.0.0 Safari/537.36 (compatible; meta-externalagent/1.1 (+https://developers.facebook.com/docs/sharing/webmasters/crawler))" "-"
2a03:2880:f800:: - - [30/Jul/2026:02:09:33 +0200] "GET /launching-urps-digital-inclusion-community-empowerment-project/?loknya=/homepages/13/d787277790/htdocs/clickandbuilds/URP/wp-content/plugins/asezezud HTTP/1.1" 429 267 urp.org.uk "-" "Mozilla/5.0 (Windows NT 10.0; Win64; x64) AppleWebKit/537.36 (KHTML, like Gecko) Chrome/145.0.0.0 Safari/537.36 (compatible; meta-externalagent/1.1 (+https://developers.facebook.com/docs/sharing/webmasters/crawler))" "-"
2a03:2880:f800:: - - [30/Jul/2026:02:09:35 +0200] "GET /wp-sitemap-taxonomies-post_tag-1.xml?loknya=/homepages/3/d354541119/ HTTP/1.1" 429 267 urp.org.uk "-" "Mozilla/5.0 (Windows NT 10.0; Win64; x64) AppleWebKit/537.36 (KHTML, like Gecko) Chrome/145.0.0.0 Safari/537.36 (compatible; meta-externalagent/1.1 (+https://developers.facebook.com/docs/sharing/webmasters/crawler))" "-"
74.7.227.0 - - [30/Jul/2026:02:09:37 +0200] "GET /?loknya=/usr/lib/ruby/2.7.0/bundler/vendor/thor HTTP/1.1" 200 6510 urp.org.uk "https://urp.org.uk/?loknya=/usr/lib/ruby/2.7.0/bundler/vendor" "Mozilla/5.0 AppleWebKit/537.36 (KHTML, like Gecko; compatible; GPTBot/1.4; +https://openai.com/gptbot)" "-"
2a03:2880:f800:: - - [30/Jul/2026:02:09:39 +0200] "GET /wp-sitemap-taxonomies-post_tag-1.xml?lokasie=/homepages/1/d21946933//.htaccess&loknya=/homepages/1/d21946933/ HTTP/1.1" 429 267 urp.org.uk "-" "Mozilla/5.0 (Windows NT 10.0; Win64; x64) AppleWebKit/537.36 (KHTML, like Gecko) Chrome/145.0.0.0 Safari/537.36 (compatible; meta-externalagent/1.1 (+https://developers.facebook.com/docs/sharing/webmasters/crawler))" "-"
2a03:2880:f800:: - - [30/Jul/2026:02:09:40 +0200] "GET /launching-urps-digital-inclusion-community-empowerment-project/?lokasie=/homepages/13/d787277790/htdocs/clickandbuilds/URP/old/wp-content/uploads/.htaccess&loknya=/homepages/13/d787277790/htdocs/clickandbuilds/URP/old/wp-content/uploads HTTP/1.1" 429 267 urp.org.uk "-" "Mozilla/5.0 (Windows NT 10.0; Win64; x64) AppleWebKit/537.36 (KHTML, like Gecko) Chrome/145.0.0.0 Safari/537.36 (compatible; meta-externalagent/1.1 (+https://developers.facebook.com/docs/sharing/webmasters/crawler))" "-"
2a03:2880:f800:: - - [30/Jul/2026:02:09:46 +0200] "GET /tag/bridging-the-digital-divide/?loknya=/homepages/33/d786286392 HTTP/1.1" 429 267 urp.org.uk "-" "Mozilla/5.0 (Windows NT 10.0; Win64; x64) AppleWebKit/537.36 (KHTML, like Gecko) Chrome/145.0.0.0 Safari/537.36 (compatible; meta-externalagent/1.1 (+https://developers.facebook.com/docs/sharing/webmasters/crawler))" "-"
2a03:2880:f800:: - - [30/Jul/2026:02:09:47 +0200] "GET /launching-urps-digital-inclusion-community-empowerment-project/?lokasie=/homepages/13/d787277790/htdocs/clickandbuilds/URP/wp-includes/js/wp-emoji.min.js&loknya=/homepages/13/d787277790/htdocs/clickandbuilds/URP/wp-includes/js HTTP/1.1" 429 267 urp.org.uk "-" "Mozilla/5.0 (Macintosh; Intel Mac OS X 10_15_7) AppleWebKit/537.36 (KHTML, like Gecko) Chrome/145.0.0.0 Safari/537.36 (compatible; meta-externalagent/1.1 (+https://developers.facebook.com/docs/sharing/webmasters/crawler))" "-"
